{"id":3324,"date":"2016-06-16T09:54:04","date_gmt":"2016-06-16T09:54:04","guid":{"rendered":"https:\/\/www.lopezgil.com\/dermatologie-esthetique-barcelona\/relleno-aumento-labios\/"},"modified":"2019-12-05T23:00:19","modified_gmt":"2019-12-05T23:00:19","slug":"volume-des-levres","status":"publish","type":"page","link":"https:\/\/www.lopezgil.com\/fr\/dermatologie-esthetique-barcelona\/volume-des-levres\/","title":{"rendered":"Volume des levres"},"content":{"rendered":"<div id=\"fb-root\"><\/div>\n<p style=\"text-align: justify;\">[vc_row][vc_column][vc_row_inner][vc_column_inner]<script type=\"text\/javascript\">jQuery(function() { _initLayerSlider( '#layerslider_61_1pe1r7ef7l431', {sliderVersion: '', responsiveUnder: 0, layersContainer: 0, hideUnder: 0, hideOver: 100000, pauseOnHover: 1, skin: 'v5', sliderFadeInDuration: 350, useSrcset: true, skinsPath: 'https:\/\/www.lopezgil.com\/wp-content\/plugins\/LayerSlider\/assets\/static\/layerslider\/skins\/', type: 'responsive', showCircleTimer: false, performanceMode: true}); });<\/script><div id=\"layerslider_61_1pe1r7ef7l431\" class=\"ls-wp-container fitvidsignore\" style=\"width:600px;height:200px;margin:0 auto;margin-bottom: 0px;\"><div class=\"ls-slide\" data-ls=\"duration:4000;\"><img loading=\"lazy\" decoding=\"async\" width=\"600\" height=\"200\" src=\"https:\/\/www.lopezgil.com\/wp-content\/uploads\/drlopezgil_dermatologia_barcelona_600x200_labios_augmento-1.jpg\" class=\"ls-bg\" alt=\"tratamiento-aumento-labios-dermatologo-cirujano-barcelona-doctor-lopez-gil\" srcset=\"https:\/\/www.lopezgil.com\/wp-content\/uploads\/drlopezgil_dermatologia_barcelona_600x200_labios_augmento-1.jpg 600w, https:\/\/www.lopezgil.com\/wp-content\/uploads\/drlopezgil_dermatologia_barcelona_600x200_labios_augmento-1-300x100.jpg 300w\" sizes=\"auto, (max-width: 600px) 100vw, 600px\" \/><\/div><\/div>[\/vc_column_inner][\/vc_row_inner][\/vc_column][\/vc_row][vc_row][vc_column width=&#8221;3\/4&#8243; css=&#8221;.vc_custom_1473066092346{margin-top: 0px !important;}&#8221;][vc_column_text css=&#8221;.vc_custom_1473066053815{margin-top: 0px !important;}&#8221;]\n<h2 style=\"text-align: justify;\"><span style=\"color: #75c9d3;\"><strong>\u00c0 qui?<\/strong><\/span><\/h2>\n<p style=\"text-align: justify;\">L&#8217;un des traitements les plus populaires de la dermatologie esth\u00e9tique est l&#8217;augmentation des l\u00e8vres \u00e0 l&#8217;aide des infiltrations d&#8217;acide hyaluronique. En cons\u00e9quence du passage du temps, de la perte de l&#8217;acide hyaluronique naturel que nous avons dans notre corps et d&#8217;une plus faible fabrication des fibres (\u00e9lastiques et de collag\u00e8ne), les l\u00e8vres ont tendance \u00e0 devenir plus minces ou \u00e0 avoir des d\u00e9fauts\/asym\u00e9tries labiales. Il est \u00e0 ce moment o\u00f9 certaines personnes se tournent vers la dermatologie esth\u00e9tique pour r\u00e9cup\u00e9rer le volume des l\u00e8vres et \u00e9liminer les imperfections.<\/p>\n<h2 style=\"text-align: justify;\"><span style=\"color: #75c9d3;\"><strong>A quoi consiste volume des levres?<\/strong><\/span><\/h2>\n<p style=\"text-align: justify;\">Le processus d&#8217;infiltration de l&#8217;acide hyaluronique ne n\u00e9cessite pas des pr\u00e9c\u00e9dents tests d&#8217;allergie. On applique de la anesth\u00e9sie topique (30 minutes avant le traitement) ou l&#8217;anesth\u00e9sie poin\u00e7onner afin de minimiser tout inconfort pour le\/la patient.<\/p>\n<p style=\"text-align: justify;\">Ensuite, on applique des micro-injections d&#8217;acide hyaluronique pour revenir ou donner du volume et de l&#8217;\u00e9lasticit\u00e9 naturellement aux l\u00e8vres; en respectant la naturalit\u00e9 et en \u00e9vitant les exc\u00e8s ou les l\u00e8vres encombrantes.<\/p>\n<p style=\"text-align: justify;\">La dur\u00e9e du traitement est habituellement de 15 minutes.<\/p>\n<p style=\"text-align: justify;\">Les r\u00e9sultats sont visibles au bout de 3-4 semaines de votre premi\u00e8re application, m\u00eame si la l\u00e8vre est naturellement tr\u00e8s mince, apr\u00e8s la premi\u00e8re session, le changement est d\u00e9j\u00e0 \u00e9vident.<\/p>\n<h2 style=\"text-align: justify;\"><span style=\"color: #75c9d3;\"><strong>C&#8217;es douloureux?<\/strong><\/span><\/h2>\n<p style=\"text-align: justify;\">Lors de l&#8217;application anesth\u00e9sie, le\/la patient ne ressent aucune g\u00eane ou de douleur. Les l\u00e8vres, au cours des 2-3 jours suivants apr\u00e8s la premi\u00e8re injection d&#8217;acide hyaluronique, gonflent, il est donc recommand\u00e9 effectuer le traitement avant des vacances ou du week-end.<\/p>\n<h2 style=\"text-align: justify;\"><span style=\"color: #75c9d3;\"><strong>Combien de s\u00e9ances sont n\u00e9cessaires volume des levres?<\/strong><\/span><\/h2>\n<p style=\"text-align: justify;\">En g\u00e9n\u00e9ral, il faut deux s\u00e9ances espac\u00e9es dans le temps, pendant au moins deux semaines. Ainsi, le\/la patient voit l&#8217;\u00e9volution progressive et \u00e0 la deuxi\u00e8me session, on fait des petits r\u00e9glages.<\/p>\n<p style=\"text-align: justify;\">La dur\u00e9e de l&#8217;effet est compris entre 6 et 9 mois, mais d\u00e9pend du mode de vie du\/de la patient (exposition au soleil, le tabac, le type de peau, &#8230;).Sa disparition ne laisse aucun signe ou cons\u00e9quences dans la zone trait\u00e9e.<\/p>\n<h2 style=\"text-align: justify;\"><span style=\"color: #75c9d3;\"><strong>Conseils precedents au traitement<\/strong><\/span><\/h2>\n<ul style=\"text-align: justify;\">\n<li>Il est conseill\u00e9 de prendre des m\u00e9dicaments anti-herp\u00e8s chez les personnes pr\u00e9dispos\u00e9es \u00e0 les avoir.<\/li>\n<\/ul>\n<h2 style=\"text-align: justify;\"><span style=\"color: #75c9d3;\"><strong>Conseils post-traitement<\/strong><\/span><\/h2>\n<ul>\n<li style=\"text-align: justify;\">Appliquer des compresses froides 2-3 fois par jour pendant les premiers jours.<\/li>\n<li style=\"text-align: justify;\">Hydratez bien vos l\u00e8vres.<\/li>\n<\/ul>\n","protected":false},"excerpt":{"rendered":"<p>[vc_row][vc_column][vc_row_inner][vc_column_inner][\/vc_column_inner][\/vc_row_inner][\/vc_column][\/vc_row][vc_row][vc_column width=&#8221;3\/4&#8243; css=&#8221;.vc_custom_1473066092346{margin-top: 0px !important;}&#8221;][vc_column_text css=&#8221;.vc_custom_1473066053815{margin-top: 0px !important;}&#8221;] \u00c0 qui? L&#8217;un des traitements les plus populaires de la dermatologie esth\u00e9tique est l&#8217;augmentation des l\u00e8vres \u00e0 l&#8217;aide des infiltrations d&#8217;acide hyaluronique. En cons\u00e9quence du passage du temps, de la perte de l&#8217;acide hyaluronique naturel que nous avons dans notre corps et d&#8217;une plus faible fabrication des [&hellip;]<\/p>\n","protected":false},"author":5,"featured_media":0,"parent":3258,"menu_order":0,"comment_status":"closed","ping_status":"closed","template":"soulmedic\/tpl-feature.php","meta":{"footnotes":""},"class_list":["post-3324","page","type-page","status-publish","hentry"],"yoast_head":"<!-- This site is optimized with the Yoast SEO plugin v19.12 - https:\/\/yoast.com\/wordpress\/plugins\/seo\/ -->\n<title>Volume des levres | Dr. Lopez Gil<\/title>\n<meta name=\"description\" content=\"Sentez-vous mieux avec une augmentation du volume des l\u00e8vres dans notre clinique d&#039;esth\u00e9tique dermatologique \u00e0 Barcelone. Dr. L\u00f3pez Gil, Teknon, Barcelone.\" \/>\n<meta name=\"robots\" content=\"index, follow, max-snippet:-1, max-image-preview:large, max-video-preview:-1\" \/>\n<link rel=\"canonical\" href=\"https:\/\/www.lopezgil.com\/fr\/dermatologie-esthetique-barcelona\/volume-des-levres\/\" \/>\n<meta property=\"og:locale\" content=\"fr_FR\" \/>\n<meta property=\"og:type\" content=\"article\" \/>\n<meta property=\"og:title\" content=\"Volume des levres | Dr. Lopez Gil\" \/>\n<meta property=\"og:description\" content=\"Sentez-vous mieux avec une augmentation du volume des l\u00e8vres dans notre clinique d&#039;esth\u00e9tique dermatologique \u00e0 Barcelone. Dr. L\u00f3pez Gil, Teknon, Barcelone.\" \/>\n<meta property=\"og:url\" content=\"https:\/\/www.lopezgil.com\/fr\/dermatologie-esthetique-barcelona\/volume-des-levres\/\" \/>\n<meta property=\"og:site_name\" content=\"Dr. Lopez Gil\" \/>\n<meta property=\"article:modified_time\" content=\"2019-12-05T23:00:19+00:00\" \/>\n<meta name=\"twitter:card\" content=\"summary_large_image\" \/>\n<meta name=\"twitter:label1\" content=\"Est. reading time\" \/>\n\t<meta name=\"twitter:data1\" content=\"2 minutes\" \/>\n<script type=\"application\/ld+json\" class=\"yoast-schema-graph\">{\"@context\":\"https:\/\/schema.org\",\"@graph\":[{\"@type\":\"WebPage\",\"@id\":\"https:\/\/www.lopezgil.com\/fr\/dermatologie-esthetique-barcelona\/volume-des-levres\/\",\"url\":\"https:\/\/www.lopezgil.com\/fr\/dermatologie-esthetique-barcelona\/volume-des-levres\/\",\"name\":\"Volume des levres | Dr. Lopez Gil\",\"isPartOf\":{\"@id\":\"https:\/\/www.lopezgil.com\/ca\/#website\"},\"datePublished\":\"2016-06-16T09:54:04+00:00\",\"dateModified\":\"2019-12-05T23:00:19+00:00\",\"description\":\"Sentez-vous mieux avec une augmentation du volume des l\u00e8vres dans notre clinique d'esth\u00e9tique dermatologique \u00e0 Barcelone. Dr. L\u00f3pez Gil, Teknon, Barcelone.\",\"breadcrumb\":{\"@id\":\"https:\/\/www.lopezgil.com\/fr\/dermatologie-esthetique-barcelona\/volume-des-levres\/#breadcrumb\"},\"inLanguage\":\"fr-FR\",\"potentialAction\":[{\"@type\":\"ReadAction\",\"target\":[\"https:\/\/www.lopezgil.com\/fr\/dermatologie-esthetique-barcelona\/volume-des-levres\/\"]}]},{\"@type\":\"BreadcrumbList\",\"@id\":\"https:\/\/www.lopezgil.com\/fr\/dermatologie-esthetique-barcelona\/volume-des-levres\/#breadcrumb\",\"itemListElement\":[{\"@type\":\"ListItem\",\"position\":1,\"name\":\"Portada\",\"item\":\"https:\/\/www.lopezgil.com\/fr\/\"},{\"@type\":\"ListItem\",\"position\":2,\"name\":\"Dermatologie esth\u00e9tique\",\"item\":\"https:\/\/www.lopezgil.com\/fr\/dermatologie-esthetique-barcelona\/\"},{\"@type\":\"ListItem\",\"position\":3,\"name\":\"Volume des levres\"}]},{\"@type\":\"WebSite\",\"@id\":\"https:\/\/www.lopezgil.com\/ca\/#website\",\"url\":\"https:\/\/www.lopezgil.com\/ca\/\",\"name\":\"Dr. Lopez Gil\",\"description\":\"Dermat\u00f3logo Barcelona\",\"potentialAction\":[{\"@type\":\"SearchAction\",\"target\":{\"@type\":\"EntryPoint\",\"urlTemplate\":\"https:\/\/www.lopezgil.com\/ca\/?s={search_term_string}\"},\"query-input\":\"required name=search_term_string\"}],\"inLanguage\":\"fr-FR\"}]}<\/script>\n<!-- \/ Yoast SEO plugin. -->","yoast_head_json":{"title":"Volume des levres | Dr. Lopez Gil","description":"Sentez-vous mieux avec une augmentation du volume des l\u00e8vres dans notre clinique d'esth\u00e9tique dermatologique \u00e0 Barcelone. Dr. L\u00f3pez Gil, Teknon, Barcelone.","robots":{"index":"index","follow":"follow","max-snippet":"max-snippet:-1","max-image-preview":"max-image-preview:large","max-video-preview":"max-video-preview:-1"},"canonical":"https:\/\/www.lopezgil.com\/fr\/dermatologie-esthetique-barcelona\/volume-des-levres\/","og_locale":"fr_FR","og_type":"article","og_title":"Volume des levres | Dr. Lopez Gil","og_description":"Sentez-vous mieux avec une augmentation du volume des l\u00e8vres dans notre clinique d'esth\u00e9tique dermatologique \u00e0 Barcelone. Dr. L\u00f3pez Gil, Teknon, Barcelone.","og_url":"https:\/\/www.lopezgil.com\/fr\/dermatologie-esthetique-barcelona\/volume-des-levres\/","og_site_name":"Dr. Lopez Gil","article_modified_time":"2019-12-05T23:00:19+00:00","twitter_card":"summary_large_image","twitter_misc":{"Est. reading time":"2 minutes"},"schema":{"@context":"https:\/\/schema.org","@graph":[{"@type":"WebPage","@id":"https:\/\/www.lopezgil.com\/fr\/dermatologie-esthetique-barcelona\/volume-des-levres\/","url":"https:\/\/www.lopezgil.com\/fr\/dermatologie-esthetique-barcelona\/volume-des-levres\/","name":"Volume des levres | Dr. Lopez Gil","isPartOf":{"@id":"https:\/\/www.lopezgil.com\/ca\/#website"},"datePublished":"2016-06-16T09:54:04+00:00","dateModified":"2019-12-05T23:00:19+00:00","description":"Sentez-vous mieux avec une augmentation du volume des l\u00e8vres dans notre clinique d'esth\u00e9tique dermatologique \u00e0 Barcelone. Dr. L\u00f3pez Gil, Teknon, Barcelone.","breadcrumb":{"@id":"https:\/\/www.lopezgil.com\/fr\/dermatologie-esthetique-barcelona\/volume-des-levres\/#breadcrumb"},"inLanguage":"fr-FR","potentialAction":[{"@type":"ReadAction","target":["https:\/\/www.lopezgil.com\/fr\/dermatologie-esthetique-barcelona\/volume-des-levres\/"]}]},{"@type":"BreadcrumbList","@id":"https:\/\/www.lopezgil.com\/fr\/dermatologie-esthetique-barcelona\/volume-des-levres\/#breadcrumb","itemListElement":[{"@type":"ListItem","position":1,"name":"Portada","item":"https:\/\/www.lopezgil.com\/fr\/"},{"@type":"ListItem","position":2,"name":"Dermatologie esth\u00e9tique","item":"https:\/\/www.lopezgil.com\/fr\/dermatologie-esthetique-barcelona\/"},{"@type":"ListItem","position":3,"name":"Volume des levres"}]},{"@type":"WebSite","@id":"https:\/\/www.lopezgil.com\/ca\/#website","url":"https:\/\/www.lopezgil.com\/ca\/","name":"Dr. Lopez Gil","description":"Dermat\u00f3logo Barcelona","potentialAction":[{"@type":"SearchAction","target":{"@type":"EntryPoint","urlTemplate":"https:\/\/www.lopezgil.com\/ca\/?s={search_term_string}"},"query-input":"required name=search_term_string"}],"inLanguage":"fr-FR"}]}},"_links":{"self":[{"href":"https:\/\/www.lopezgil.com\/fr\/wp-json\/wp\/v2\/pages\/3324","targetHints":{"allow":["GET"]}}],"collection":[{"href":"https:\/\/www.lopezgil.com\/fr\/wp-json\/wp\/v2\/pages"}],"about":[{"href":"https:\/\/www.lopezgil.com\/fr\/wp-json\/wp\/v2\/types\/page"}],"author":[{"embeddable":true,"href":"https:\/\/www.lopezgil.com\/fr\/wp-json\/wp\/v2\/users\/5"}],"replies":[{"embeddable":true,"href":"https:\/\/www.lopezgil.com\/fr\/wp-json\/wp\/v2\/comments?post=3324"}],"version-history":[{"count":3,"href":"https:\/\/www.lopezgil.com\/fr\/wp-json\/wp\/v2\/pages\/3324\/revisions"}],"predecessor-version":[{"id":4805,"href":"https:\/\/www.lopezgil.com\/fr\/wp-json\/wp\/v2\/pages\/3324\/revisions\/4805"}],"up":[{"embeddable":true,"href":"https:\/\/www.lopezgil.com\/fr\/wp-json\/wp\/v2\/pages\/3258"}],"wp:attachment":[{"href":"https:\/\/www.lopezgil.com\/fr\/wp-json\/wp\/v2\/media?parent=3324"}],"curies":[{"name":"wp","href":"https:\/\/api.w.org\/{rel}","templated":true}]}}

<div id="fb-root"></div>
<p style="text-align: justify;">[vc_row][vc_column][vc_row_inner][vc_column_inner]<script type="text/javascript">jQuery(function() { _initLayerSlider( '#layerslider_61_1pe1r7ef7l431', {sliderVersion: '', responsiveUnder: 0, layersContainer: 0, hideUnder: 0, hideOver: 100000, pauseOnHover: 1, skin: 'v5', sliderFadeInDuration: 350, useSrcset: true, skinsPath: 'https://www.lopezgil.com/wp-content/plugins/LayerSlider/assets/static/layerslider/skins/', type: 'responsive', showCircleTimer: false, performanceMode: true}); });</script><div id="layerslider_61_1pe1r7ef7l431" class="ls-wp-container fitvidsignore" style="width:600px;height:200px;margin:0 auto;margin-bottom: 0px;"><div class="ls-slide" data-ls="duration:4000;"><img loading="lazy" decoding="async" width="600" height="200" src="https://www.lopezgil.com/wp-content/uploads/drlopezgil_dermatologia_barcelona_600x200_labios_augmento-1.jpg" class="ls-bg" alt="tratamiento-aumento-labios-dermatologo-cirujano-barcelona-doctor-lopez-gil" srcset="https://www.lopezgil.com/wp-content/uploads/drlopezgil_dermatologia_barcelona_600x200_labios_augmento-1.jpg 600w, https://www.lopezgil.com/wp-content/uploads/drlopezgil_dermatologia_barcelona_600x200_labios_augmento-1-300x100.jpg 300w" sizes="auto, (max-width: 600px) 100vw, 600px" /></div></div>[/vc_column_inner][/vc_row_inner][/vc_column][/vc_row][vc_row][vc_column width=&#8221;3/4&#8243; css=&#8221;.vc_custom_1473066092346{margin-top: 0px !important;}&#8221;][vc_column_text css=&#8221;.vc_custom_1473066053815{margin-top: 0px !important;}&#8221;]
<h2 style="text-align: justify;"><span style="color: #75c9d3;"><strong>À qui?</strong></span></h2>
<p style="text-align: justify;">L&#8217;un des traitements les plus populaires de la dermatologie esthétique est l&#8217;augmentation des lèvres à l&#8217;aide des infiltrations d&#8217;acide hyaluronique. En conséquence du passage du temps, de la perte de l&#8217;acide hyaluronique naturel que nous avons dans notre corps et d&#8217;une plus faible fabrication des fibres (élastiques et de collagène), les lèvres ont tendance à devenir plus minces ou à avoir des défauts/asymétries labiales. Il est à ce moment où certaines personnes se tournent vers la dermatologie esthétique pour récupérer le volume des lèvres et éliminer les imperfections.</p>
<h2 style="text-align: justify;"><span style="color: #75c9d3;"><strong>A quoi consiste volume des levres?</strong></span></h2>
<p style="text-align: justify;">Le processus d&#8217;infiltration de l&#8217;acide hyaluronique ne nécessite pas des précédents tests d&#8217;allergie. On applique de la anesthésie topique (30 minutes avant le traitement) ou l&#8217;anesthésie poinçonner afin de minimiser tout inconfort pour le/la patient.</p>
<p style="text-align: justify;">Ensuite, on applique des micro-injections d&#8217;acide hyaluronique pour revenir ou donner du volume et de l&#8217;élasticité naturellement aux lèvres; en respectant la naturalité et en évitant les excès ou les lèvres encombrantes.</p>
<p style="text-align: justify;">La durée du traitement est habituellement de 15 minutes.</p>
<p style="text-align: justify;">Les résultats sont visibles au bout de 3-4 semaines de votre première application, même si la lèvre est naturellement très mince, après la première session, le changement est déjà évident.</p>
<h2 style="text-align: justify;"><span style="color: #75c9d3;"><strong>C&#8217;es douloureux?</strong></span></h2>
<p style="text-align: justify;">Lors de l&#8217;application anesthésie, le/la patient ne ressent aucune gêne ou de douleur. Les lèvres, au cours des 2-3 jours suivants après la première injection d&#8217;acide hyaluronique, gonflent, il est donc recommandé effectuer le traitement avant des vacances ou du week-end.</p>
<h2 style="text-align: justify;"><span style="color: #75c9d3;"><strong>Combien de séances sont nécessaires volume des levres?</strong></span></h2>
<p style="text-align: justify;">En général, il faut deux séances espacées dans le temps, pendant au moins deux semaines. Ainsi, le/la patient voit l&#8217;évolution progressive et à la deuxième session, on fait des petits réglages.</p>
<p style="text-align: justify;">La durée de l&#8217;effet est compris entre 6 et 9 mois, mais dépend du mode de vie du/de la patient (exposition au soleil, le tabac, le type de peau, &#8230;).Sa disparition ne laisse aucun signe ou conséquences dans la zone traitée.</p>
<h2 style="text-align: justify;"><span style="color: #75c9d3;"><strong>Conseils precedents au traitement</strong></span></h2>
<ul style="text-align: justify;">
<li>Il est conseillé de prendre des médicaments anti-herpès chez les personnes prédisposées à les avoir.</li>
</ul>
<h2 style="text-align: justify;"><span style="color: #75c9d3;"><strong>Conseils post-traitement</strong></span></h2>
<ul>
<li style="text-align: justify;">Appliquer des compresses froides 2-3 fois par jour pendant les premiers jours.</li>
<li style="text-align: justify;">Hydratez bien vos lèvres.</li>
</ul>

<p>[vc_row][vc_column][vc_row_inner][vc_column_inner][/vc_column_inner][/vc_row_inner][/vc_column][/vc_row][vc_row][vc_column width=&#8221;3/4&#8243; css=&#8221;.vc_custom_1473066092346{margin-top: 0px !important;}&#8221;][vc_column_text css=&#8221;.vc_custom_1473066053815{margin-top: 0px !important;}&#8221;] À qui? L&#8217;un des traitements les plus populaires de la dermatologie esthétique est l&#8217;augmentation des lèvres à l&#8217;aide des infiltrations d&#8217;acide hyaluronique. En conséquence du passage du temps, de la perte de l&#8217;acide hyaluronique naturel que nous avons dans notre corps et d&#8217;une plus faible fabrication des [&hellip;]</p>

<!-- This site is optimized with the Yoast SEO plugin v19.12 - https://yoast.com/wordpress/plugins/seo/ -->
<title>Volume des levres | Dr. Lopez Gil</title>
<meta name="description" content="Sentez-vous mieux avec une augmentation du volume des lèvres dans notre clinique d&#039;esthétique dermatologique à Barcelone. Dr. López Gil, Teknon, Barcelone." />
<meta name="robots" content="index, follow, max-snippet:-1, max-image-preview:large, max-video-preview:-1" />
<link rel="canonical" href="https://www.lopezgil.com/fr/dermatologie-esthetique-barcelona/volume-des-levres/" />
<meta property="og:locale" content="fr_FR" />
<meta property="og:type" content="article" />
<meta property="og:title" content="Volume des levres | Dr. Lopez Gil" />
<meta property="og:description" content="Sentez-vous mieux avec une augmentation du volume des lèvres dans notre clinique d&#039;esthétique dermatologique à Barcelone. Dr. López Gil, Teknon, Barcelone." />
<meta property="og:url" content="https://www.lopezgil.com/fr/dermatologie-esthetique-barcelona/volume-des-levres/" />
<meta property="og:site_name" content="Dr. Lopez Gil" />
<meta property="article:modified_time" content="2019-12-05T23:00:19+00:00" />
<meta name="twitter:card" content="summary_large_image" />
<meta name="twitter:label1" content="Est. reading time" />
	<meta name="twitter:data1" content="2 minutes" />
<script type="application/ld+json" class="yoast-schema-graph">{"@context":"https://schema.org","@graph":[{"@type":"WebPage","@id":"https://www.lopezgil.com/fr/dermatologie-esthetique-barcelona/volume-des-levres/","url":"https://www.lopezgil.com/fr/dermatologie-esthetique-barcelona/volume-des-levres/","name":"Volume des levres | Dr. Lopez Gil","isPartOf":{"@id":"https://www.lopezgil.com/ca/#website"},"datePublished":"2016-06-16T09:54:04+00:00","dateModified":"2019-12-05T23:00:19+00:00","description":"Sentez-vous mieux avec une augmentation du volume des lèvres dans notre clinique d'esthétique dermatologique à Barcelone. Dr. López Gil, Teknon, Barcelone.","breadcrumb":{"@id":"https://www.lopezgil.com/fr/dermatologie-esthetique-barcelona/volume-des-levres/#breadcrumb"},"inLanguage":"fr-FR","potentialAction":[{"@type":"ReadAction","target":["https://www.lopezgil.com/fr/dermatologie-esthetique-barcelona/volume-des-levres/"]}]},{"@type":"BreadcrumbList","@id":"https://www.lopezgil.com/fr/dermatologie-esthetique-barcelona/volume-des-levres/#breadcrumb","itemListElement":[{"@type":"ListItem","position":1,"name":"Portada","item":"https://www.lopezgil.com/fr/"},{"@type":"ListItem","position":2,"name":"Dermatologie esthétique","item":"https://www.lopezgil.com/fr/dermatologie-esthetique-barcelona/"},{"@type":"ListItem","position":3,"name":"Volume des levres"}]},{"@type":"WebSite","@id":"https://www.lopezgil.com/ca/#website","url":"https://www.lopezgil.com/ca/","name":"Dr. Lopez Gil","description":"Dermatólogo Barcelona","potentialAction":[{"@type":"SearchAction","target":{"@type":"EntryPoint","urlTemplate":"https://www.lopezgil.com/ca/?s={search_term_string}"},"query-input":"required name=search_term_string"}],"inLanguage":"fr-FR"}]}</script>
<!-- / Yoast SEO plugin. -->

Sentez-vous mieux avec une augmentation du volume des lèvres dans notre clinique d'esthétique dermatologique à Barcelone. Dr. López Gil, Teknon, Barcelone.

Dermatologie esthétique

Dermatólogo Barcelona
