{"id":2685,"date":"2016-06-16T09:57:59","date_gmt":"2016-06-16T09:57:59","guid":{"rendered":"http:\/\/lopezgil.com\/enconstruccion\/tractaments-laser-barcelona\/rejuvenecimiento\/"},"modified":"2019-12-09T14:38:18","modified_gmt":"2019-12-09T14:38:18","slug":"rejoveniment-facial-i-resurfacing","status":"publish","type":"page","link":"https:\/\/www.lopezgil.com\/ca\/tractaments-laser-barcelona\/rejoveniment-facial-i-resurfacing\/","title":{"rendered":"Rejoveniment facial i resurfacing"},"content":{"rendered":"<div id=\"fb-root\"><\/div>\n<p style=\"text-align: justify;\">[vc_row][vc_column][vc_row_inner][vc_column_inner]<script type=\"text\/javascript\">jQuery(function() { _initLayerSlider( '#layerslider_71_250yaukpcwwd', {sliderVersion: '', responsiveUnder: 0, layersContainer: 0, hideUnder: 0, hideOver: 100000, pauseOnHover: 1, skin: 'v5', sliderFadeInDuration: 350, useSrcset: true, skinsPath: 'https:\/\/www.lopezgil.com\/wp-content\/plugins\/LayerSlider\/assets\/static\/layerslider\/skins\/', type: 'responsive', showCircleTimer: false, performanceMode: true}); });<\/script><div id=\"layerslider_71_250yaukpcwwd\" class=\"ls-wp-container fitvidsignore\" style=\"width:600px;height:200px;margin:0 auto;margin-bottom: 0px;\"><div class=\"ls-slide\" data-ls=\"duration:4000;\"><img loading=\"lazy\" decoding=\"async\" width=\"600\" height=\"200\" src=\"https:\/\/www.lopezgil.com\/wp-content\/uploads\/drlopezgil-dermatologia-barcelona-600x200-rejuvenecimiento-laserterapia.jpg\" class=\"ls-bg\" alt=\"dr-lopez-gil-dermatologia-dermatologo-barcelona-600x200-rejuvenecimiento-laserterapia-laser\" srcset=\"https:\/\/www.lopezgil.com\/wp-content\/uploads\/drlopezgil-dermatologia-barcelona-600x200-rejuvenecimiento-laserterapia.jpg 600w, https:\/\/www.lopezgil.com\/wp-content\/uploads\/drlopezgil-dermatologia-barcelona-600x200-rejuvenecimiento-laserterapia-300x100.jpg 300w\" sizes=\"auto, (max-width: 600px) 100vw, 600px\" \/><\/div><\/div>[\/vc_column_inner][\/vc_row_inner][\/vc_column][\/vc_row][vc_row][vc_column width=&#8221;3\/4&#8243; css=&#8221;.vc_custom_1473066092346{margin-top: 0px !important;}&#8221;][vc_column_text css=&#8221;.vc_custom_1473066053815{margin-top: 0px !important;}&#8221;]\n<p style=\"text-align: justify;\">Amb el pas del temps, comencem a notar els efectes de l\u2019envelliment en la nostra pell, sobretot en la cara. Hi ha molts pacients que desitgen millorar el seu aspecte sense necessitat de cirurgia ni infiltracions. En aquests casos aconsellem el rejoveniment facial amb l\u00e0ser.<\/p>\n<h2 style=\"text-align: justify;\"><span style=\"color: #75c9d3;\"><strong>Tractament<\/strong><\/span><\/h2>\n<p style=\"text-align: justify;\"><u>Rejoveniment facial<\/u><\/p>\n<p style=\"text-align: justify;\">A trav\u00e9s de l\u2019aplicaci\u00f3 del l\u00e0ser de neodimi (1064nm) s\u2019impacta selectivament en els vasos sanguinis m\u00e9s profunds de la dermis, aconseguint estimular la formaci\u00f3 de col\u00b7lagen nou.<\/p>\n<p style=\"text-align: justify;\">Es caracteritza per ser un procediment no invasiu, relativament r\u00e0pid, c\u00f2mode, segur i sense efectes visibles que obliguen al pacient a parar la seva activitat di\u00e0ria.<\/p>\n<p style=\"text-align: justify;\">S\u2019aconsegueix millorar la textura, minimitzar les arrugues fines i les pigmentacions de la pell, aix\u00ed com minimitzar els porus i enfortir els teixits amb flacciditat sense formar crostes ni ferides.<\/p>\n<p style=\"text-align: justify;\"><u>Resurfacing<\/u><\/p>\n<p style=\"text-align: justify;\">A trav\u00e9s d\u2019una \u00fanica sessi\u00f3 de l\u00e0ser de CO2 fraccionat ablatiu que consisteix en eliminar els teixits de la pell capa per capa aconseguim:<\/p>\n<ul style=\"text-align: justify;\">\n<li>Millorar la flacciditat i el despenjament.<\/li>\n<li>Eliminar les arrugues, marques d\u2019acne i les taques solars i vermelles.<\/li>\n<\/ul>\n<p style=\"text-align: justify;\">Actualment, \u00e9s el tractament antienvelliment sense infiltracions m\u00e9s complet i amb millors resultats est\u00e8tics. Els efectes est\u00e8tics es comencen a percebre a la setmana d\u2019haver realitzat el tractament (un cop s\u2019han despr\u00e8s les crostes de les erosions), augmentant la majoria durant un per\u00edode de fins sis mesos. Els efectes aconseguits s\u00f3n de llarga duraci\u00f3.<\/p>\n<p style=\"text-align: justify;\">M\u00e9s informaci\u00f3\u00a0<a href=\"https:\/\/www.lopezgil.com\/ca\/dermatologia-estetica-barcelona\/rejoveniment-facial-i-resurfacing\/\">aqu\u00ed\u00a0<\/a><\/p>\n","protected":false},"excerpt":{"rendered":"<p>[vc_row][vc_column][vc_row_inner][vc_column_inner][\/vc_column_inner][\/vc_row_inner][\/vc_column][\/vc_row][vc_row][vc_column width=&#8221;3\/4&#8243; css=&#8221;.vc_custom_1473066092346{margin-top: 0px !important;}&#8221;][vc_column_text css=&#8221;.vc_custom_1473066053815{margin-top: 0px !important;}&#8221;] Amb el pas del temps, comencem a notar els efectes de l\u2019envelliment en la nostra pell, sobretot en la cara. Hi ha molts pacients que desitgen millorar el seu aspecte sense necessitat de cirurgia ni infiltracions. En aquests casos aconsellem el rejoveniment facial amb l\u00e0ser. Tractament Rejoveniment [&hellip;]<\/p>\n","protected":false},"author":5,"featured_media":0,"parent":2644,"menu_order":0,"comment_status":"closed","ping_status":"closed","template":"soulmedic\/tpl-feature.php","meta":{"footnotes":""},"class_list":["post-2685","page","type-page","status-publish","hentry"],"yoast_head":"<!-- This site is optimized with the Yoast SEO plugin v19.12 - https:\/\/yoast.com\/wordpress\/plugins\/seo\/ -->\n<title>Rejoveniment facial i resurfacing| Dr. Lopez Gil | Cl\u00ednica Antienvelliment<\/title>\n<meta name=\"description\" content=\"Resultats des de la primera sessi\u00f3. El teu cl\u00ednica de rejoveniment facial a Barcelona, \u200b\u200bT\u00e8cnica l\u00e0ser CO2 fraccionat ablatiu i l\u00e0ser de neodimi.\" \/>\n<meta name=\"robots\" content=\"index, follow, max-snippet:-1, max-image-preview:large, max-video-preview:-1\" \/>\n<link rel=\"canonical\" href=\"https:\/\/www.lopezgil.com\/ca\/tractaments-laser-barcelona\/rejoveniment-facial-i-resurfacing\/\" \/>\n<meta property=\"og:locale\" content=\"ca_ES\" \/>\n<meta property=\"og:type\" content=\"article\" \/>\n<meta property=\"og:title\" content=\"Rejoveniment facial i resurfacing| Dr. Lopez Gil | Cl\u00ednica Antienvelliment\" \/>\n<meta property=\"og:description\" content=\"Resultats des de la primera sessi\u00f3. El teu cl\u00ednica de rejoveniment facial a Barcelona, \u200b\u200bT\u00e8cnica l\u00e0ser CO2 fraccionat ablatiu i l\u00e0ser de neodimi.\" \/>\n<meta property=\"og:url\" content=\"https:\/\/www.lopezgil.com\/ca\/tractaments-laser-barcelona\/rejoveniment-facial-i-resurfacing\/\" \/>\n<meta property=\"og:site_name\" content=\"Dr. Lopez Gil\" \/>\n<meta property=\"article:modified_time\" content=\"2019-12-09T14:38:18+00:00\" \/>\n<meta name=\"twitter:card\" content=\"summary_large_image\" \/>\n<meta name=\"twitter:label1\" content=\"Est. reading time\" \/>\n\t<meta name=\"twitter:data1\" content=\"1 minute\" \/>\n<script type=\"application\/ld+json\" class=\"yoast-schema-graph\">{\"@context\":\"https:\/\/schema.org\",\"@graph\":[{\"@type\":\"WebPage\",\"@id\":\"https:\/\/www.lopezgil.com\/ca\/tractaments-laser-barcelona\/rejoveniment-facial-i-resurfacing\/\",\"url\":\"https:\/\/www.lopezgil.com\/ca\/tractaments-laser-barcelona\/rejoveniment-facial-i-resurfacing\/\",\"name\":\"Rejoveniment facial i resurfacing| Dr. Lopez Gil | Cl\u00ednica Antienvelliment\",\"isPartOf\":{\"@id\":\"https:\/\/www.lopezgil.com\/ca\/#website\"},\"datePublished\":\"2016-06-16T09:57:59+00:00\",\"dateModified\":\"2019-12-09T14:38:18+00:00\",\"description\":\"Resultats des de la primera sessi\u00f3. El teu cl\u00ednica de rejoveniment facial a Barcelona, \u200b\u200bT\u00e8cnica l\u00e0ser CO2 fraccionat ablatiu i l\u00e0ser de neodimi.\",\"breadcrumb\":{\"@id\":\"https:\/\/www.lopezgil.com\/ca\/tractaments-laser-barcelona\/rejoveniment-facial-i-resurfacing\/#breadcrumb\"},\"inLanguage\":\"ca\",\"potentialAction\":[{\"@type\":\"ReadAction\",\"target\":[\"https:\/\/www.lopezgil.com\/ca\/tractaments-laser-barcelona\/rejoveniment-facial-i-resurfacing\/\"]}]},{\"@type\":\"BreadcrumbList\",\"@id\":\"https:\/\/www.lopezgil.com\/ca\/tractaments-laser-barcelona\/rejoveniment-facial-i-resurfacing\/#breadcrumb\",\"itemListElement\":[{\"@type\":\"ListItem\",\"position\":1,\"name\":\"Portada\",\"item\":\"https:\/\/www.lopezgil.com\/ca\/\"},{\"@type\":\"ListItem\",\"position\":2,\"name\":\"Laserter\u00e0pia\",\"item\":\"https:\/\/www.lopezgil.com\/ca\/tractaments-laser-barcelona\/\"},{\"@type\":\"ListItem\",\"position\":3,\"name\":\"Rejoveniment facial i resurfacing\"}]},{\"@type\":\"WebSite\",\"@id\":\"https:\/\/www.lopezgil.com\/ca\/#website\",\"url\":\"https:\/\/www.lopezgil.com\/ca\/\",\"name\":\"Dr. Lopez Gil\",\"description\":\"Dermat\u00f3logo Barcelona\",\"potentialAction\":[{\"@type\":\"SearchAction\",\"target\":{\"@type\":\"EntryPoint\",\"urlTemplate\":\"https:\/\/www.lopezgil.com\/ca\/?s={search_term_string}\"},\"query-input\":\"required name=search_term_string\"}],\"inLanguage\":\"ca\"}]}<\/script>\n<!-- \/ Yoast SEO plugin. -->","yoast_head_json":{"title":"Rejoveniment facial i resurfacing| Dr. Lopez Gil | Cl\u00ednica Antienvelliment","description":"Resultats des de la primera sessi\u00f3. El teu cl\u00ednica de rejoveniment facial a Barcelona, \u200b\u200bT\u00e8cnica l\u00e0ser CO2 fraccionat ablatiu i l\u00e0ser de neodimi.","robots":{"index":"index","follow":"follow","max-snippet":"max-snippet:-1","max-image-preview":"max-image-preview:large","max-video-preview":"max-video-preview:-1"},"canonical":"https:\/\/www.lopezgil.com\/ca\/tractaments-laser-barcelona\/rejoveniment-facial-i-resurfacing\/","og_locale":"ca_ES","og_type":"article","og_title":"Rejoveniment facial i resurfacing| Dr. Lopez Gil | Cl\u00ednica Antienvelliment","og_description":"Resultats des de la primera sessi\u00f3. El teu cl\u00ednica de rejoveniment facial a Barcelona, \u200b\u200bT\u00e8cnica l\u00e0ser CO2 fraccionat ablatiu i l\u00e0ser de neodimi.","og_url":"https:\/\/www.lopezgil.com\/ca\/tractaments-laser-barcelona\/rejoveniment-facial-i-resurfacing\/","og_site_name":"Dr. Lopez Gil","article_modified_time":"2019-12-09T14:38:18+00:00","twitter_card":"summary_large_image","twitter_misc":{"Est. reading time":"1 minute"},"schema":{"@context":"https:\/\/schema.org","@graph":[{"@type":"WebPage","@id":"https:\/\/www.lopezgil.com\/ca\/tractaments-laser-barcelona\/rejoveniment-facial-i-resurfacing\/","url":"https:\/\/www.lopezgil.com\/ca\/tractaments-laser-barcelona\/rejoveniment-facial-i-resurfacing\/","name":"Rejoveniment facial i resurfacing| Dr. Lopez Gil | Cl\u00ednica Antienvelliment","isPartOf":{"@id":"https:\/\/www.lopezgil.com\/ca\/#website"},"datePublished":"2016-06-16T09:57:59+00:00","dateModified":"2019-12-09T14:38:18+00:00","description":"Resultats des de la primera sessi\u00f3. El teu cl\u00ednica de rejoveniment facial a Barcelona, \u200b\u200bT\u00e8cnica l\u00e0ser CO2 fraccionat ablatiu i l\u00e0ser de neodimi.","breadcrumb":{"@id":"https:\/\/www.lopezgil.com\/ca\/tractaments-laser-barcelona\/rejoveniment-facial-i-resurfacing\/#breadcrumb"},"inLanguage":"ca","potentialAction":[{"@type":"ReadAction","target":["https:\/\/www.lopezgil.com\/ca\/tractaments-laser-barcelona\/rejoveniment-facial-i-resurfacing\/"]}]},{"@type":"BreadcrumbList","@id":"https:\/\/www.lopezgil.com\/ca\/tractaments-laser-barcelona\/rejoveniment-facial-i-resurfacing\/#breadcrumb","itemListElement":[{"@type":"ListItem","position":1,"name":"Portada","item":"https:\/\/www.lopezgil.com\/ca\/"},{"@type":"ListItem","position":2,"name":"Laserter\u00e0pia","item":"https:\/\/www.lopezgil.com\/ca\/tractaments-laser-barcelona\/"},{"@type":"ListItem","position":3,"name":"Rejoveniment facial i resurfacing"}]},{"@type":"WebSite","@id":"https:\/\/www.lopezgil.com\/ca\/#website","url":"https:\/\/www.lopezgil.com\/ca\/","name":"Dr. Lopez Gil","description":"Dermat\u00f3logo Barcelona","potentialAction":[{"@type":"SearchAction","target":{"@type":"EntryPoint","urlTemplate":"https:\/\/www.lopezgil.com\/ca\/?s={search_term_string}"},"query-input":"required name=search_term_string"}],"inLanguage":"ca"}]}},"_links":{"self":[{"href":"https:\/\/www.lopezgil.com\/ca\/wp-json\/wp\/v2\/pages\/2685","targetHints":{"allow":["GET"]}}],"collection":[{"href":"https:\/\/www.lopezgil.com\/ca\/wp-json\/wp\/v2\/pages"}],"about":[{"href":"https:\/\/www.lopezgil.com\/ca\/wp-json\/wp\/v2\/types\/page"}],"author":[{"embeddable":true,"href":"https:\/\/www.lopezgil.com\/ca\/wp-json\/wp\/v2\/users\/5"}],"replies":[{"embeddable":true,"href":"https:\/\/www.lopezgil.com\/ca\/wp-json\/wp\/v2\/comments?post=2685"}],"version-history":[{"count":3,"href":"https:\/\/www.lopezgil.com\/ca\/wp-json\/wp\/v2\/pages\/2685\/revisions"}],"predecessor-version":[{"id":3168,"href":"https:\/\/www.lopezgil.com\/ca\/wp-json\/wp\/v2\/pages\/2685\/revisions\/3168"}],"up":[{"embeddable":true,"href":"https:\/\/www.lopezgil.com\/ca\/wp-json\/wp\/v2\/pages\/2644"}],"wp:attachment":[{"href":"https:\/\/www.lopezgil.com\/ca\/wp-json\/wp\/v2\/media?parent=2685"}],"curies":[{"name":"wp","href":"https:\/\/api.w.org\/{rel}","templated":true}]}}

<div id="fb-root"></div>
<p style="text-align: justify;">[vc_row][vc_column][vc_row_inner][vc_column_inner]<script type="text/javascript">jQuery(function() { _initLayerSlider( '#layerslider_71_250yaukpcwwd', {sliderVersion: '', responsiveUnder: 0, layersContainer: 0, hideUnder: 0, hideOver: 100000, pauseOnHover: 1, skin: 'v5', sliderFadeInDuration: 350, useSrcset: true, skinsPath: 'https://www.lopezgil.com/wp-content/plugins/LayerSlider/assets/static/layerslider/skins/', type: 'responsive', showCircleTimer: false, performanceMode: true}); });</script><div id="layerslider_71_250yaukpcwwd" class="ls-wp-container fitvidsignore" style="width:600px;height:200px;margin:0 auto;margin-bottom: 0px;"><div class="ls-slide" data-ls="duration:4000;"><img loading="lazy" decoding="async" width="600" height="200" src="https://www.lopezgil.com/wp-content/uploads/drlopezgil-dermatologia-barcelona-600x200-rejuvenecimiento-laserterapia.jpg" class="ls-bg" alt="dr-lopez-gil-dermatologia-dermatologo-barcelona-600x200-rejuvenecimiento-laserterapia-laser" srcset="https://www.lopezgil.com/wp-content/uploads/drlopezgil-dermatologia-barcelona-600x200-rejuvenecimiento-laserterapia.jpg 600w, https://www.lopezgil.com/wp-content/uploads/drlopezgil-dermatologia-barcelona-600x200-rejuvenecimiento-laserterapia-300x100.jpg 300w" sizes="auto, (max-width: 600px) 100vw, 600px" /></div></div>[/vc_column_inner][/vc_row_inner][/vc_column][/vc_row][vc_row][vc_column width=&#8221;3/4&#8243; css=&#8221;.vc_custom_1473066092346{margin-top: 0px !important;}&#8221;][vc_column_text css=&#8221;.vc_custom_1473066053815{margin-top: 0px !important;}&#8221;]
<p style="text-align: justify;">Amb el pas del temps, comencem a notar els efectes de l’envelliment en la nostra pell, sobretot en la cara. Hi ha molts pacients que desitgen millorar el seu aspecte sense necessitat de cirurgia ni infiltracions. En aquests casos aconsellem el rejoveniment facial amb làser.</p>
<h2 style="text-align: justify;"><span style="color: #75c9d3;"><strong>Tractament</strong></span></h2>
<p style="text-align: justify;"><u>Rejoveniment facial</u></p>
<p style="text-align: justify;">A través de l’aplicació del làser de neodimi (1064nm) s’impacta selectivament en els vasos sanguinis més profunds de la dermis, aconseguint estimular la formació de col·lagen nou.</p>
<p style="text-align: justify;">Es caracteritza per ser un procediment no invasiu, relativament ràpid, còmode, segur i sense efectes visibles que obliguen al pacient a parar la seva activitat diària.</p>
<p style="text-align: justify;">S’aconsegueix millorar la textura, minimitzar les arrugues fines i les pigmentacions de la pell, així com minimitzar els porus i enfortir els teixits amb flacciditat sense formar crostes ni ferides.</p>
<p style="text-align: justify;"><u>Resurfacing</u></p>
<p style="text-align: justify;">A través d’una única sessió de làser de CO2 fraccionat ablatiu que consisteix en eliminar els teixits de la pell capa per capa aconseguim:</p>
<ul style="text-align: justify;">
<li>Millorar la flacciditat i el despenjament.</li>
<li>Eliminar les arrugues, marques d’acne i les taques solars i vermelles.</li>
</ul>
<p style="text-align: justify;">Actualment, és el tractament antienvelliment sense infiltracions més complet i amb millors resultats estètics. Els efectes estètics es comencen a percebre a la setmana d’haver realitzat el tractament (un cop s’han desprès les crostes de les erosions), augmentant la majoria durant un període de fins sis mesos. Els efectes aconseguits són de llarga duració.</p>
<p style="text-align: justify;">Més informació <a href="https://www.lopezgil.com/ca/dermatologia-estetica-barcelona/rejoveniment-facial-i-resurfacing/">aquí </a></p>

<p>[vc_row][vc_column][vc_row_inner][vc_column_inner][/vc_column_inner][/vc_row_inner][/vc_column][/vc_row][vc_row][vc_column width=&#8221;3/4&#8243; css=&#8221;.vc_custom_1473066092346{margin-top: 0px !important;}&#8221;][vc_column_text css=&#8221;.vc_custom_1473066053815{margin-top: 0px !important;}&#8221;] Amb el pas del temps, comencem a notar els efectes de l’envelliment en la nostra pell, sobretot en la cara. Hi ha molts pacients que desitgen millorar el seu aspecte sense necessitat de cirurgia ni infiltracions. En aquests casos aconsellem el rejoveniment facial amb làser. Tractament Rejoveniment [&hellip;]</p>

<!-- This site is optimized with the Yoast SEO plugin v19.12 - https://yoast.com/wordpress/plugins/seo/ -->
<title>Rejoveniment facial i resurfacing| Dr. Lopez Gil | Clínica Antienvelliment</title>
<meta name="description" content="Resultats des de la primera sessió. El teu clínica de rejoveniment facial a Barcelona, ​​Tècnica làser CO2 fraccionat ablatiu i làser de neodimi." />
<meta name="robots" content="index, follow, max-snippet:-1, max-image-preview:large, max-video-preview:-1" />
<link rel="canonical" href="https://www.lopezgil.com/ca/tractaments-laser-barcelona/rejoveniment-facial-i-resurfacing/" />
<meta property="og:locale" content="ca_ES" />
<meta property="og:type" content="article" />
<meta property="og:title" content="Rejoveniment facial i resurfacing| Dr. Lopez Gil | Clínica Antienvelliment" />
<meta property="og:description" content="Resultats des de la primera sessió. El teu clínica de rejoveniment facial a Barcelona, ​​Tècnica làser CO2 fraccionat ablatiu i làser de neodimi." />
<meta property="og:url" content="https://www.lopezgil.com/ca/tractaments-laser-barcelona/rejoveniment-facial-i-resurfacing/" />
<meta property="og:site_name" content="Dr. Lopez Gil" />
<meta property="article:modified_time" content="2019-12-09T14:38:18+00:00" />
<meta name="twitter:card" content="summary_large_image" />
<meta name="twitter:label1" content="Est. reading time" />
	<meta name="twitter:data1" content="1 minute" />
<script type="application/ld+json" class="yoast-schema-graph">{"@context":"https://schema.org","@graph":[{"@type":"WebPage","@id":"https://www.lopezgil.com/ca/tractaments-laser-barcelona/rejoveniment-facial-i-resurfacing/","url":"https://www.lopezgil.com/ca/tractaments-laser-barcelona/rejoveniment-facial-i-resurfacing/","name":"Rejoveniment facial i resurfacing| Dr. Lopez Gil | Clínica Antienvelliment","isPartOf":{"@id":"https://www.lopezgil.com/ca/#website"},"datePublished":"2016-06-16T09:57:59+00:00","dateModified":"2019-12-09T14:38:18+00:00","description":"Resultats des de la primera sessió. El teu clínica de rejoveniment facial a Barcelona, ​​Tècnica làser CO2 fraccionat ablatiu i làser de neodimi.","breadcrumb":{"@id":"https://www.lopezgil.com/ca/tractaments-laser-barcelona/rejoveniment-facial-i-resurfacing/#breadcrumb"},"inLanguage":"ca","potentialAction":[{"@type":"ReadAction","target":["https://www.lopezgil.com/ca/tractaments-laser-barcelona/rejoveniment-facial-i-resurfacing/"]}]},{"@type":"BreadcrumbList","@id":"https://www.lopezgil.com/ca/tractaments-laser-barcelona/rejoveniment-facial-i-resurfacing/#breadcrumb","itemListElement":[{"@type":"ListItem","position":1,"name":"Portada","item":"https://www.lopezgil.com/ca/"},{"@type":"ListItem","position":2,"name":"Laserteràpia","item":"https://www.lopezgil.com/ca/tractaments-laser-barcelona/"},{"@type":"ListItem","position":3,"name":"Rejoveniment facial i resurfacing"}]},{"@type":"WebSite","@id":"https://www.lopezgil.com/ca/#website","url":"https://www.lopezgil.com/ca/","name":"Dr. Lopez Gil","description":"Dermatólogo Barcelona","potentialAction":[{"@type":"SearchAction","target":{"@type":"EntryPoint","urlTemplate":"https://www.lopezgil.com/ca/?s={search_term_string}"},"query-input":"required name=search_term_string"}],"inLanguage":"ca"}]}</script>
<!-- / Yoast SEO plugin. -->

Rejoveniment facial i resurfacing| Dr. Lopez Gil | Clínica Antienvelliment

Resultats des de la primera sessió. El teu clínica de rejoveniment facial a Barcelona, ​​Tècnica làser CO2 fraccionat ablatiu i làser de neodimi.

Laserteràpia

Dermatólogo Barcelona
