{"id":2682,"date":"2016-06-16T10:00:28","date_gmt":"2016-06-16T10:00:28","guid":{"rendered":"http:\/\/lopezgil.com\/enconstruccion\/tractaments-laser-barcelona\/puntos-rojos\/"},"modified":"2017-10-31T20:09:46","modified_gmt":"2017-10-31T20:09:46","slug":"punts-vermells-punts-robi","status":"publish","type":"page","link":"https:\/\/www.lopezgil.com\/ca\/tractaments-laser-barcelona\/punts-vermells-punts-robi\/","title":{"rendered":"Punts vermells \u2013 punts robi"},"content":{"rendered":"<div id=\"fb-root\"><\/div>\n<p style=\"text-align: justify;\">[vc_row][vc_column][vc_row_inner][vc_column_inner]<script type=\"text\/javascript\">jQuery(function() { _initLayerSlider( '#layerslider_73_ygy13saelqje', {sliderVersion: '', responsiveUnder: 0, layersContainer: 0, hideUnder: 0, hideOver: 100000, pauseOnHover: 1, skin: 'v5', sliderFadeInDuration: 350, useSrcset: true, skinsPath: 'https:\/\/www.lopezgil.com\/wp-content\/plugins\/LayerSlider\/assets\/static\/layerslider\/skins\/', type: 'responsive', showCircleTimer: false, performanceMode: true}); });<\/script><div id=\"layerslider_73_ygy13saelqje\" class=\"ls-wp-container fitvidsignore\" style=\"width:600px;height:200px;margin:0 auto;margin-bottom: 0px;\"><div class=\"ls-slide\" data-ls=\"duration:4000;\"><img loading=\"lazy\" decoding=\"async\" width=\"600\" height=\"200\" src=\"https:\/\/www.lopezgil.com\/wp-content\/uploads\/drlopezgil_dermatologia_barcelona_600x200_punto_rubi_angioma_capilar.jpg\" class=\"ls-bg\" alt=\"dr-lopez-gil-dermatologo-barcelona-600x200-punto-rubi-angioma-capilar\" srcset=\"https:\/\/www.lopezgil.com\/wp-content\/uploads\/drlopezgil_dermatologia_barcelona_600x200_punto_rubi_angioma_capilar.jpg 600w, https:\/\/www.lopezgil.com\/wp-content\/uploads\/drlopezgil_dermatologia_barcelona_600x200_punto_rubi_angioma_capilar-300x100.jpg 300w\" sizes=\"auto, (max-width: 600px) 100vw, 600px\" \/><\/div><\/div>[\/vc_column_inner][\/vc_row_inner][\/vc_column][\/vc_row][vc_row][vc_column width=&#8221;3\/4&#8243; css=&#8221;.vc_custom_1473066092346{margin-top: 0px !important;}&#8221;][vc_column_text css=&#8221;.vc_custom_1473066053815{margin-top: 0px !important;}&#8221;]\n<h2 style=\"text-align: justify;\"><span style=\"color: #75c9d3;\"><strong>Qu\u00e8 s\u00f3n?<\/strong><\/span><\/h2>\n<p style=\"text-align: justify;\">Tamb\u00e9 coneguts com angioma capil\u00b7lar, angioma senil o en cirera s\u00f3n petites dilatacions capil\u00b7lars de color vermell viu d\u2019entre 1-4 mm. Acostumen apar\u00e8ixer en el tronc i en les extremitats. Com no estan causats per cap infecci\u00f3, no s\u00f3n contagiosos.<\/p>\n<p style=\"text-align: justify;\">No representen cap problema de salut, encara que moltes vegades s\u2019eliminen perqu\u00e8 suposen una incomoditat est\u00e8tica.<\/p>\n<h2 style=\"text-align: justify;\"><span style=\"color: #75c9d3;\"><strong>A qui afecta?<\/strong><\/span><\/h2>\n<p style=\"text-align: justify;\">Totes les persones acostumen a presentar punts rob\u00ed. Afecta per igual als homes i a les dones. Sobretot a partir dels 40-45 anys.<\/p>\n<h2 style=\"text-align: justify;\"><span style=\"color: #75c9d3;\"><strong>Causes<\/strong><\/span><\/h2>\n<p style=\"text-align: justify;\">No existeix un motiu concret pel qual apareixen, encara que \u00e9s freq\u00fcent que existeixi una predisposici\u00f3 gen\u00e8tica i que apareguin pel pas del temps com a conseq\u00fc\u00e8ncia de l\u2019envelliment normal de la pell.<\/p>\n<h2 style=\"text-align: justify;\"><span style=\"color: #75c9d3;\"><strong>Tractament<\/strong><\/span><\/h2>\n<p style=\"text-align: justify;\">Per tractar els punts rob\u00ed recomanem, per la seva comoditat, efic\u00e0cia i menor risc de cicatriu l\u2019\u00fas de la llum polsada i\/o l\u00e0ser de CO2.<\/p>\n<ul style=\"text-align: justify;\">\n<li>L\u00e0ser Nd: YAG: impacta sobre l\u2019hemoglobina que hi ha dins dels vasos que composen l\u2019angioma.<\/li>\n<li>L\u00e0ser CO2: permet eliminar d\u2019una forma molt precisa el teixit redundant.<\/li>\n<\/ul>\n<p style=\"text-align: justify;\"><u>\u00c9s dolor\u00f3s?<\/u><\/p>\n<p style=\"text-align: justify;\">Es pot aplicar crema anest\u00e8sica en la zona per minimitzar al m\u00e0xim qualsevol mol\u00e8stia pel pacient.<\/p>\n<p style=\"text-align: justify;\"><u>Quantes sessions s\u00f3n necess\u00e0ries?<\/u><\/p>\n<p style=\"text-align: justify;\">En la majoria dels casos, amb una \u00fanica sessi\u00f3 \u00e9s suficient.<\/p>\n<p style=\"text-align: justify;\"><u>Quina durada te el tractament?<\/u><\/p>\n<p style=\"text-align: justify;\">\u00c9s un tractament molt efectiu ja que una vegada eliminat ja no torna a apar\u00e8ixer.<\/p>\n<h2 style=\"text-align: justify;\"><span style=\"color: #75c9d3;\"><strong>Consells previs al tractament<\/strong><\/span><\/h2>\n<ul style=\"text-align: justify;\">\n<li>No prendre anticoagulants els dies previs.<\/li>\n<\/ul>\n<h2 style=\"text-align: justify;\"><span style=\"color: #75c9d3;\"><strong>Consells post tractament<\/strong><\/span><\/h2>\n<ul>\n<li style=\"text-align: justify;\">Evitar l\u2019exposici\u00f3 solar els 7 dies posteriors al tractament.<\/li>\n<\/ul>\n","protected":false},"excerpt":{"rendered":"<p>[vc_row][vc_column][vc_row_inner][vc_column_inner][\/vc_column_inner][\/vc_row_inner][\/vc_column][\/vc_row][vc_row][vc_column width=&#8221;3\/4&#8243; css=&#8221;.vc_custom_1473066092346{margin-top: 0px !important;}&#8221;][vc_column_text css=&#8221;.vc_custom_1473066053815{margin-top: 0px !important;}&#8221;] Qu\u00e8 s\u00f3n? Tamb\u00e9 coneguts com angioma capil\u00b7lar, angioma senil o en cirera s\u00f3n petites dilatacions capil\u00b7lars de color vermell viu d\u2019entre 1-4 mm. Acostumen apar\u00e8ixer en el tronc i en les extremitats. Com no estan causats per cap infecci\u00f3, no s\u00f3n contagiosos. No representen cap problema de [&hellip;]<\/p>\n","protected":false},"author":5,"featured_media":0,"parent":2644,"menu_order":0,"comment_status":"closed","ping_status":"closed","template":"soulmedic\/tpl-feature.php","meta":{"footnotes":""},"class_list":["post-2682","page","type-page","status-publish","hentry"],"yoast_head":"<!-- This site is optimized with the Yoast SEO plugin v19.12 - https:\/\/yoast.com\/wordpress\/plugins\/seo\/ -->\n<title>Punts vermells \u2013 punts robi | Dr. Lopez Gil<\/title>\n<meta name=\"robots\" content=\"index, follow, max-snippet:-1, max-image-preview:large, max-video-preview:-1\" \/>\n<link rel=\"canonical\" href=\"https:\/\/www.lopezgil.com\/ca\/tractaments-laser-barcelona\/punts-vermells-punts-robi\/\" \/>\n<meta property=\"og:locale\" content=\"ca_ES\" \/>\n<meta property=\"og:type\" content=\"article\" \/>\n<meta property=\"og:title\" content=\"Punts vermells \u2013 punts robi | Dr. Lopez Gil\" \/>\n<meta property=\"og:description\" content=\"[vc_row][vc_column][vc_row_inner][vc_column_inner][\/vc_column_inner][\/vc_row_inner][\/vc_column][\/vc_row][vc_row][vc_column width=&#8221;3\/4&#8243; css=&#8221;.vc_custom_1473066092346{margin-top: 0px !important;}&#8221;][vc_column_text css=&#8221;.vc_custom_1473066053815{margin-top: 0px !important;}&#8221;] Qu\u00e8 s\u00f3n? Tamb\u00e9 coneguts com angioma capil\u00b7lar, angioma senil o en cirera s\u00f3n petites dilatacions capil\u00b7lars de color vermell viu d\u2019entre 1-4 mm. Acostumen apar\u00e8ixer en el tronc i en les extremitats. Com no estan causats per cap infecci\u00f3, no s\u00f3n contagiosos. No representen cap problema de [&hellip;]\" \/>\n<meta property=\"og:url\" content=\"https:\/\/www.lopezgil.com\/ca\/tractaments-laser-barcelona\/punts-vermells-punts-robi\/\" \/>\n<meta property=\"og:site_name\" content=\"Dr. Lopez Gil\" \/>\n<meta property=\"article:modified_time\" content=\"2017-10-31T20:09:46+00:00\" \/>\n<meta name=\"twitter:card\" content=\"summary_large_image\" \/>\n<meta name=\"twitter:label1\" content=\"Est. reading time\" \/>\n\t<meta name=\"twitter:data1\" content=\"2 minutes\" \/>\n<script type=\"application\/ld+json\" class=\"yoast-schema-graph\">{\"@context\":\"https:\/\/schema.org\",\"@graph\":[{\"@type\":\"WebPage\",\"@id\":\"https:\/\/www.lopezgil.com\/ca\/tractaments-laser-barcelona\/punts-vermells-punts-robi\/\",\"url\":\"https:\/\/www.lopezgil.com\/ca\/tractaments-laser-barcelona\/punts-vermells-punts-robi\/\",\"name\":\"Punts vermells \u2013 punts robi | Dr. Lopez Gil\",\"isPartOf\":{\"@id\":\"https:\/\/www.lopezgil.com\/ca\/#website\"},\"datePublished\":\"2016-06-16T10:00:28+00:00\",\"dateModified\":\"2017-10-31T20:09:46+00:00\",\"breadcrumb\":{\"@id\":\"https:\/\/www.lopezgil.com\/ca\/tractaments-laser-barcelona\/punts-vermells-punts-robi\/#breadcrumb\"},\"inLanguage\":\"ca\",\"potentialAction\":[{\"@type\":\"ReadAction\",\"target\":[\"https:\/\/www.lopezgil.com\/ca\/tractaments-laser-barcelona\/punts-vermells-punts-robi\/\"]}]},{\"@type\":\"BreadcrumbList\",\"@id\":\"https:\/\/www.lopezgil.com\/ca\/tractaments-laser-barcelona\/punts-vermells-punts-robi\/#breadcrumb\",\"itemListElement\":[{\"@type\":\"ListItem\",\"position\":1,\"name\":\"Portada\",\"item\":\"https:\/\/www.lopezgil.com\/ca\/\"},{\"@type\":\"ListItem\",\"position\":2,\"name\":\"Laserter\u00e0pia\",\"item\":\"https:\/\/www.lopezgil.com\/ca\/tractaments-laser-barcelona\/\"},{\"@type\":\"ListItem\",\"position\":3,\"name\":\"Punts vermells \u2013 punts robi\"}]},{\"@type\":\"WebSite\",\"@id\":\"https:\/\/www.lopezgil.com\/ca\/#website\",\"url\":\"https:\/\/www.lopezgil.com\/ca\/\",\"name\":\"Dr. Lopez Gil\",\"description\":\"Dermat\u00f3logo Barcelona\",\"potentialAction\":[{\"@type\":\"SearchAction\",\"target\":{\"@type\":\"EntryPoint\",\"urlTemplate\":\"https:\/\/www.lopezgil.com\/ca\/?s={search_term_string}\"},\"query-input\":\"required name=search_term_string\"}],\"inLanguage\":\"ca\"}]}<\/script>\n<!-- \/ Yoast SEO plugin. -->","yoast_head_json":{"title":"Punts vermells \u2013 punts robi | Dr. Lopez Gil","robots":{"index":"index","follow":"follow","max-snippet":"max-snippet:-1","max-image-preview":"max-image-preview:large","max-video-preview":"max-video-preview:-1"},"canonical":"https:\/\/www.lopezgil.com\/ca\/tractaments-laser-barcelona\/punts-vermells-punts-robi\/","og_locale":"ca_ES","og_type":"article","og_title":"Punts vermells \u2013 punts robi | Dr. Lopez Gil","og_description":"[vc_row][vc_column][vc_row_inner][vc_column_inner][\/vc_column_inner][\/vc_row_inner][\/vc_column][\/vc_row][vc_row][vc_column width=&#8221;3\/4&#8243; css=&#8221;.vc_custom_1473066092346{margin-top: 0px !important;}&#8221;][vc_column_text css=&#8221;.vc_custom_1473066053815{margin-top: 0px !important;}&#8221;] Qu\u00e8 s\u00f3n? Tamb\u00e9 coneguts com angioma capil\u00b7lar, angioma senil o en cirera s\u00f3n petites dilatacions capil\u00b7lars de color vermell viu d\u2019entre 1-4 mm. Acostumen apar\u00e8ixer en el tronc i en les extremitats. Com no estan causats per cap infecci\u00f3, no s\u00f3n contagiosos. No representen cap problema de [&hellip;]","og_url":"https:\/\/www.lopezgil.com\/ca\/tractaments-laser-barcelona\/punts-vermells-punts-robi\/","og_site_name":"Dr. Lopez Gil","article_modified_time":"2017-10-31T20:09:46+00:00","twitter_card":"summary_large_image","twitter_misc":{"Est. reading time":"2 minutes"},"schema":{"@context":"https:\/\/schema.org","@graph":[{"@type":"WebPage","@id":"https:\/\/www.lopezgil.com\/ca\/tractaments-laser-barcelona\/punts-vermells-punts-robi\/","url":"https:\/\/www.lopezgil.com\/ca\/tractaments-laser-barcelona\/punts-vermells-punts-robi\/","name":"Punts vermells \u2013 punts robi | Dr. Lopez Gil","isPartOf":{"@id":"https:\/\/www.lopezgil.com\/ca\/#website"},"datePublished":"2016-06-16T10:00:28+00:00","dateModified":"2017-10-31T20:09:46+00:00","breadcrumb":{"@id":"https:\/\/www.lopezgil.com\/ca\/tractaments-laser-barcelona\/punts-vermells-punts-robi\/#breadcrumb"},"inLanguage":"ca","potentialAction":[{"@type":"ReadAction","target":["https:\/\/www.lopezgil.com\/ca\/tractaments-laser-barcelona\/punts-vermells-punts-robi\/"]}]},{"@type":"BreadcrumbList","@id":"https:\/\/www.lopezgil.com\/ca\/tractaments-laser-barcelona\/punts-vermells-punts-robi\/#breadcrumb","itemListElement":[{"@type":"ListItem","position":1,"name":"Portada","item":"https:\/\/www.lopezgil.com\/ca\/"},{"@type":"ListItem","position":2,"name":"Laserter\u00e0pia","item":"https:\/\/www.lopezgil.com\/ca\/tractaments-laser-barcelona\/"},{"@type":"ListItem","position":3,"name":"Punts vermells \u2013 punts robi"}]},{"@type":"WebSite","@id":"https:\/\/www.lopezgil.com\/ca\/#website","url":"https:\/\/www.lopezgil.com\/ca\/","name":"Dr. Lopez Gil","description":"Dermat\u00f3logo Barcelona","potentialAction":[{"@type":"SearchAction","target":{"@type":"EntryPoint","urlTemplate":"https:\/\/www.lopezgil.com\/ca\/?s={search_term_string}"},"query-input":"required name=search_term_string"}],"inLanguage":"ca"}]}},"_links":{"self":[{"href":"https:\/\/www.lopezgil.com\/ca\/wp-json\/wp\/v2\/pages\/2682","targetHints":{"allow":["GET"]}}],"collection":[{"href":"https:\/\/www.lopezgil.com\/ca\/wp-json\/wp\/v2\/pages"}],"about":[{"href":"https:\/\/www.lopezgil.com\/ca\/wp-json\/wp\/v2\/types\/page"}],"author":[{"embeddable":true,"href":"https:\/\/www.lopezgil.com\/ca\/wp-json\/wp\/v2\/users\/5"}],"replies":[{"embeddable":true,"href":"https:\/\/www.lopezgil.com\/ca\/wp-json\/wp\/v2\/comments?post=2682"}],"version-history":[{"count":2,"href":"https:\/\/www.lopezgil.com\/ca\/wp-json\/wp\/v2\/pages\/2682\/revisions"}],"predecessor-version":[{"id":2684,"href":"https:\/\/www.lopezgil.com\/ca\/wp-json\/wp\/v2\/pages\/2682\/revisions\/2684"}],"up":[{"embeddable":true,"href":"https:\/\/www.lopezgil.com\/ca\/wp-json\/wp\/v2\/pages\/2644"}],"wp:attachment":[{"href":"https:\/\/www.lopezgil.com\/ca\/wp-json\/wp\/v2\/media?parent=2682"}],"curies":[{"name":"wp","href":"https:\/\/api.w.org\/{rel}","templated":true}]}}

<div id="fb-root"></div>
<p style="text-align: justify;">[vc_row][vc_column][vc_row_inner][vc_column_inner]<script type="text/javascript">jQuery(function() { _initLayerSlider( '#layerslider_73_ygy13saelqje', {sliderVersion: '', responsiveUnder: 0, layersContainer: 0, hideUnder: 0, hideOver: 100000, pauseOnHover: 1, skin: 'v5', sliderFadeInDuration: 350, useSrcset: true, skinsPath: 'https://www.lopezgil.com/wp-content/plugins/LayerSlider/assets/static/layerslider/skins/', type: 'responsive', showCircleTimer: false, performanceMode: true}); });</script><div id="layerslider_73_ygy13saelqje" class="ls-wp-container fitvidsignore" style="width:600px;height:200px;margin:0 auto;margin-bottom: 0px;"><div class="ls-slide" data-ls="duration:4000;"><img loading="lazy" decoding="async" width="600" height="200" src="https://www.lopezgil.com/wp-content/uploads/drlopezgil_dermatologia_barcelona_600x200_punto_rubi_angioma_capilar.jpg" class="ls-bg" alt="dr-lopez-gil-dermatologo-barcelona-600x200-punto-rubi-angioma-capilar" srcset="https://www.lopezgil.com/wp-content/uploads/drlopezgil_dermatologia_barcelona_600x200_punto_rubi_angioma_capilar.jpg 600w, https://www.lopezgil.com/wp-content/uploads/drlopezgil_dermatologia_barcelona_600x200_punto_rubi_angioma_capilar-300x100.jpg 300w" sizes="auto, (max-width: 600px) 100vw, 600px" /></div></div>[/vc_column_inner][/vc_row_inner][/vc_column][/vc_row][vc_row][vc_column width=&#8221;3/4&#8243; css=&#8221;.vc_custom_1473066092346{margin-top: 0px !important;}&#8221;][vc_column_text css=&#8221;.vc_custom_1473066053815{margin-top: 0px !important;}&#8221;]
<h2 style="text-align: justify;"><span style="color: #75c9d3;"><strong>Què són?</strong></span></h2>
<p style="text-align: justify;">També coneguts com angioma capil·lar, angioma senil o en cirera són petites dilatacions capil·lars de color vermell viu d’entre 1-4 mm. Acostumen aparèixer en el tronc i en les extremitats. Com no estan causats per cap infecció, no són contagiosos.</p>
<p style="text-align: justify;">No representen cap problema de salut, encara que moltes vegades s’eliminen perquè suposen una incomoditat estètica.</p>
<h2 style="text-align: justify;"><span style="color: #75c9d3;"><strong>A qui afecta?</strong></span></h2>
<p style="text-align: justify;">Totes les persones acostumen a presentar punts robí. Afecta per igual als homes i a les dones. Sobretot a partir dels 40-45 anys.</p>
<h2 style="text-align: justify;"><span style="color: #75c9d3;"><strong>Causes</strong></span></h2>
<p style="text-align: justify;">No existeix un motiu concret pel qual apareixen, encara que és freqüent que existeixi una predisposició genètica i que apareguin pel pas del temps com a conseqüència de l’envelliment normal de la pell.</p>
<h2 style="text-align: justify;"><span style="color: #75c9d3;"><strong>Tractament</strong></span></h2>
<p style="text-align: justify;">Per tractar els punts robí recomanem, per la seva comoditat, eficàcia i menor risc de cicatriu l’ús de la llum polsada i/o làser de CO2.</p>
<ul style="text-align: justify;">
<li>Làser Nd: YAG: impacta sobre l’hemoglobina que hi ha dins dels vasos que composen l’angioma.</li>
<li>Làser CO2: permet eliminar d’una forma molt precisa el teixit redundant.</li>
</ul>
<p style="text-align: justify;"><u>És dolorós?</u></p>
<p style="text-align: justify;">Es pot aplicar crema anestèsica en la zona per minimitzar al màxim qualsevol molèstia pel pacient.</p>
<p style="text-align: justify;"><u>Quantes sessions són necessàries?</u></p>
<p style="text-align: justify;">En la majoria dels casos, amb una única sessió és suficient.</p>
<p style="text-align: justify;"><u>Quina durada te el tractament?</u></p>
<p style="text-align: justify;">És un tractament molt efectiu ja que una vegada eliminat ja no torna a aparèixer.</p>
<h2 style="text-align: justify;"><span style="color: #75c9d3;"><strong>Consells previs al tractament</strong></span></h2>
<ul style="text-align: justify;">
<li>No prendre anticoagulants els dies previs.</li>
</ul>
<h2 style="text-align: justify;"><span style="color: #75c9d3;"><strong>Consells post tractament</strong></span></h2>
<ul>
<li style="text-align: justify;">Evitar l’exposició solar els 7 dies posteriors al tractament.</li>
</ul>

<p>[vc_row][vc_column][vc_row_inner][vc_column_inner][/vc_column_inner][/vc_row_inner][/vc_column][/vc_row][vc_row][vc_column width=&#8221;3/4&#8243; css=&#8221;.vc_custom_1473066092346{margin-top: 0px !important;}&#8221;][vc_column_text css=&#8221;.vc_custom_1473066053815{margin-top: 0px !important;}&#8221;] Què són? També coneguts com angioma capil·lar, angioma senil o en cirera són petites dilatacions capil·lars de color vermell viu d’entre 1-4 mm. Acostumen aparèixer en el tronc i en les extremitats. Com no estan causats per cap infecció, no són contagiosos. No representen cap problema de [&hellip;]</p>

<!-- This site is optimized with the Yoast SEO plugin v19.12 - https://yoast.com/wordpress/plugins/seo/ -->
<title>Punts vermells – punts robi | Dr. Lopez Gil</title>
<meta name="robots" content="index, follow, max-snippet:-1, max-image-preview:large, max-video-preview:-1" />
<link rel="canonical" href="https://www.lopezgil.com/ca/tractaments-laser-barcelona/punts-vermells-punts-robi/" />
<meta property="og:locale" content="ca_ES" />
<meta property="og:type" content="article" />
<meta property="og:title" content="Punts vermells – punts robi | Dr. Lopez Gil" />
<meta property="og:description" content="[vc_row][vc_column][vc_row_inner][vc_column_inner][/vc_column_inner][/vc_row_inner][/vc_column][/vc_row][vc_row][vc_column width=&#8221;3/4&#8243; css=&#8221;.vc_custom_1473066092346{margin-top: 0px !important;}&#8221;][vc_column_text css=&#8221;.vc_custom_1473066053815{margin-top: 0px !important;}&#8221;] Què són? També coneguts com angioma capil·lar, angioma senil o en cirera són petites dilatacions capil·lars de color vermell viu d’entre 1-4 mm. Acostumen aparèixer en el tronc i en les extremitats. Com no estan causats per cap infecció, no són contagiosos. No representen cap problema de [&hellip;]" />
<meta property="og:url" content="https://www.lopezgil.com/ca/tractaments-laser-barcelona/punts-vermells-punts-robi/" />
<meta property="og:site_name" content="Dr. Lopez Gil" />
<meta property="article:modified_time" content="2017-10-31T20:09:46+00:00" />
<meta name="twitter:card" content="summary_large_image" />
<meta name="twitter:label1" content="Est. reading time" />
	<meta name="twitter:data1" content="2 minutes" />
<script type="application/ld+json" class="yoast-schema-graph">{"@context":"https://schema.org","@graph":[{"@type":"WebPage","@id":"https://www.lopezgil.com/ca/tractaments-laser-barcelona/punts-vermells-punts-robi/","url":"https://www.lopezgil.com/ca/tractaments-laser-barcelona/punts-vermells-punts-robi/","name":"Punts vermells – punts robi | Dr. Lopez Gil","isPartOf":{"@id":"https://www.lopezgil.com/ca/#website"},"datePublished":"2016-06-16T10:00:28+00:00","dateModified":"2017-10-31T20:09:46+00:00","breadcrumb":{"@id":"https://www.lopezgil.com/ca/tractaments-laser-barcelona/punts-vermells-punts-robi/#breadcrumb"},"inLanguage":"ca","potentialAction":[{"@type":"ReadAction","target":["https://www.lopezgil.com/ca/tractaments-laser-barcelona/punts-vermells-punts-robi/"]}]},{"@type":"BreadcrumbList","@id":"https://www.lopezgil.com/ca/tractaments-laser-barcelona/punts-vermells-punts-robi/#breadcrumb","itemListElement":[{"@type":"ListItem","position":1,"name":"Portada","item":"https://www.lopezgil.com/ca/"},{"@type":"ListItem","position":2,"name":"Laserteràpia","item":"https://www.lopezgil.com/ca/tractaments-laser-barcelona/"},{"@type":"ListItem","position":3,"name":"Punts vermells – punts robi"}]},{"@type":"WebSite","@id":"https://www.lopezgil.com/ca/#website","url":"https://www.lopezgil.com/ca/","name":"Dr. Lopez Gil","description":"Dermatólogo Barcelona","potentialAction":[{"@type":"SearchAction","target":{"@type":"EntryPoint","urlTemplate":"https://www.lopezgil.com/ca/?s={search_term_string}"},"query-input":"required name=search_term_string"}],"inLanguage":"ca"}]}</script>
<!-- / Yoast SEO plugin. -->

[vc_row][vc_column][vc_row_inner][vc_column_inner][/vc_column_inner][/vc_row_inner][/vc_column][/vc_row][vc_row][vc_column width=&#8221;3/4&#8243; css=&#8221;.vc_custom_1473066092346{margin-top: 0px !important;}&#8221;][vc_column_text css=&#8221;.vc_custom_1473066053815{margin-top: 0px !important;}&#8221;] Què són? També coneguts com angioma capil·lar, angioma senil o en cirera són petites dilatacions capil·lars de color vermell viu d’entre 1-4 mm. Acostumen aparèixer en el tronc i en les extremitats. Com no estan causats per cap infecció, no són contagiosos. No representen cap problema de [&hellip;]

Laserteràpia

Dermatólogo Barcelona
