{"id":2679,"date":"2016-06-16T09:57:41","date_gmt":"2016-06-16T09:57:41","guid":{"rendered":"http:\/\/lopezgil.com\/enconstruccion\/tractaments-laser-barcelona\/estrias\/"},"modified":"2019-12-09T14:11:17","modified_gmt":"2019-12-09T14:11:17","slug":"estries","status":"publish","type":"page","link":"https:\/\/www.lopezgil.com\/ca\/tractaments-laser-barcelona\/estries\/","title":{"rendered":"Estries"},"content":{"rendered":"<div id=\"fb-root\"><\/div>\n<p style=\"text-align: justify;\">[vc_row][vc_column][vc_row_inner][vc_column_inner]<script type=\"text\/javascript\">jQuery(function() { _initLayerSlider( '#layerslider_62_1r9chpvi34r9i', {sliderVersion: '', responsiveUnder: 0, layersContainer: 0, hideUnder: 0, hideOver: 100000, pauseOnHover: 1, skin: 'v5', sliderFadeInDuration: 350, useSrcset: true, skinsPath: 'https:\/\/www.lopezgil.com\/wp-content\/plugins\/LayerSlider\/assets\/static\/layerslider\/skins\/', type: 'responsive', showCircleTimer: false, performanceMode: true}); });<\/script><div id=\"layerslider_62_1r9chpvi34r9i\" class=\"ls-wp-container fitvidsignore\" style=\"width:600px;height:200px;margin:0 auto;margin-bottom: 0px;\"><div class=\"ls-slide\" data-ls=\"duration:4000;\"><img loading=\"lazy\" decoding=\"async\" width=\"600\" height=\"200\" src=\"https:\/\/www.lopezgil.com\/wp-content\/uploads\/drlopezgil_dermatologia_barcelona_600x200_estrias_eliminar_piernas_embarazo.jpg\" class=\"ls-bg\" alt=\"tratamiento-eliminar-estrias-dermatologo-cirujano-barcelona-doctor-lopez-gil\" srcset=\"https:\/\/www.lopezgil.com\/wp-content\/uploads\/drlopezgil_dermatologia_barcelona_600x200_estrias_eliminar_piernas_embarazo.jpg 600w, https:\/\/www.lopezgil.com\/wp-content\/uploads\/drlopezgil_dermatologia_barcelona_600x200_estrias_eliminar_piernas_embarazo-300x100.jpg 300w\" sizes=\"auto, (max-width: 600px) 100vw, 600px\" \/><\/div><\/div>[\/vc_column_inner][\/vc_row_inner][\/vc_column][\/vc_row][vc_row][vc_column width=&#8221;3\/4&#8243; css=&#8221;.vc_custom_1473066092346{margin-top: 0px !important;}&#8221;][vc_column_text css=&#8221;.vc_custom_1473066053815{margin-top: 0px !important;}&#8221;]\n<h2 style=\"text-align: justify;\"><span style=\"color: #75c9d3;\"><strong>Qu\u00e8 s\u00f3n les estries?<\/strong><\/span><\/h2>\n<p style=\"text-align: justify;\">Les estries es produeixen com a conseq\u00fc\u00e8ncia a un r\u00e0pid creixement o distensi\u00f3 de la pell en poc temps que provoquen la ruptura de les fibres el\u00e0stiques. En general, qualsevol part del cos pot veure\u2019s afectada a excepci\u00f3 de la cara. Tot i aix\u00ed, acostumen a apar\u00e8ixer a l\u2019abdomen, glutis, malucs, cuixes i pits.<\/p>\n<h2 style=\"text-align: justify;\"><span style=\"color: #75c9d3;\"><strong>Tractament de les estries a Barcelona<\/strong><\/span><\/h2>\n<p style=\"text-align: justify;\">A la fase inicial de l\u2019estria s\u00f3n rosades i \u00e9s quan \u00e9s possible fer-les desapar\u00e8ixer mitjan\u00e7ant l\u2019aplicaci\u00f3 de laserter\u00e0pia. Quan, en canvi arriben a la maduresa, s\u00f3n blanques, es pot aconseguir una millora progressiva del seu aspecte, per\u00f2 no eliminar-les per complet. \u00c9s per aquest motiu que sempre recomanem comen\u00e7ar el tractament quan abans millor per aconseguir els millors resultats.<\/p>\n<p style=\"text-align: justify;\">El tractament d\u2019elecci\u00f3 \u00e9s la combinaci\u00f3 del l\u00e0ser no ablatiu fraccionat juntament amb el l\u00e0ser ablatiu fraccionat, que permet reparar la pell afectada en poques sessions.<\/p>\n<ul style=\"text-align: justify;\">\n<li>L\u00e0ser fraccionat no ablatiu: actua a nivell de la dermis respectant la superf\u00edcie de la pell, evitant cremades i possibles crostes. La seva funci\u00f3 \u00e9s escalfar la dermis, activar les c\u00e8l\u00b7lules fabricants del teixit nou i reparar progressivament l\u2019estria.<\/li>\n<li>L\u00e0ser fraccionat ablatiu: \u00e9s un complement al l\u00e0ser no ablatiu, especialment quan les estries s\u00f3n molt profundes i requereixen de major energia per poder pal\u00b7liar-les.<\/li>\n<\/ul>\n<p style=\"text-align: justify;\">Amb car\u00e0cter general, s\u00f3n necess\u00e0ries entre sis i vuit sessions per tractar o eliminar definitivament les estries de cada zona.<\/p>\n<p style=\"text-align: justify;\">M\u00e9s informaci\u00f3\u00a0<a href=\"https:\/\/www.lopezgil.com\/ca\/dermatologia-estetica-barcelona\/estries\/\">aqu\u00ed<\/a><\/p>\n<h2 style=\"text-align: justify;\"><\/h2>\n","protected":false},"excerpt":{"rendered":"<p>[vc_row][vc_column][vc_row_inner][vc_column_inner][\/vc_column_inner][\/vc_row_inner][\/vc_column][\/vc_row][vc_row][vc_column width=&#8221;3\/4&#8243; css=&#8221;.vc_custom_1473066092346{margin-top: 0px !important;}&#8221;][vc_column_text css=&#8221;.vc_custom_1473066053815{margin-top: 0px !important;}&#8221;] Qu\u00e8 s\u00f3n les estries? Les estries es produeixen com a conseq\u00fc\u00e8ncia a un r\u00e0pid creixement o distensi\u00f3 de la pell en poc temps que provoquen la ruptura de les fibres el\u00e0stiques. En general, qualsevol part del cos pot veure\u2019s afectada a excepci\u00f3 de la cara. Tot i [&hellip;]<\/p>\n","protected":false},"author":5,"featured_media":0,"parent":2644,"menu_order":0,"comment_status":"closed","ping_status":"closed","template":"soulmedic\/tpl-feature.php","meta":{"footnotes":""},"class_list":["post-2679","page","type-page","status-publish","hentry"],"yoast_head":"<!-- This site is optimized with the Yoast SEO plugin v19.12 - https:\/\/yoast.com\/wordpress\/plugins\/seo\/ -->\n<title>Estries | Dr. Lopez Gil | Dermat\u00f2leg Cl\u00ednica Teknon Barcelona<\/title>\n<meta name=\"description\" content=\"Cl\u00ednica est\u00e8tica dermatol\u00f2gica amb la tecnologia m\u00e9s avan\u00e7ada en el tractament de les estries. Cl\u00ednica Teknon, Barcelona. Consulta&#039;ns!\" \/>\n<meta name=\"robots\" content=\"index, follow, max-snippet:-1, max-image-preview:large, max-video-preview:-1\" \/>\n<link rel=\"canonical\" href=\"https:\/\/www.lopezgil.com\/ca\/tractaments-laser-barcelona\/estries\/\" \/>\n<meta property=\"og:locale\" content=\"ca_ES\" \/>\n<meta property=\"og:type\" content=\"article\" \/>\n<meta property=\"og:title\" content=\"Estries | Dr. Lopez Gil | Dermat\u00f2leg Cl\u00ednica Teknon Barcelona\" \/>\n<meta property=\"og:description\" content=\"Cl\u00ednica est\u00e8tica dermatol\u00f2gica amb la tecnologia m\u00e9s avan\u00e7ada en el tractament de les estries. Cl\u00ednica Teknon, Barcelona. Consulta&#039;ns!\" \/>\n<meta property=\"og:url\" content=\"https:\/\/www.lopezgil.com\/ca\/tractaments-laser-barcelona\/estries\/\" \/>\n<meta property=\"og:site_name\" content=\"Dr. Lopez Gil\" \/>\n<meta property=\"article:modified_time\" content=\"2019-12-09T14:11:17+00:00\" \/>\n<meta name=\"twitter:card\" content=\"summary_large_image\" \/>\n<meta name=\"twitter:label1\" content=\"Est. reading time\" \/>\n\t<meta name=\"twitter:data1\" content=\"2 minutes\" \/>\n<script type=\"application\/ld+json\" class=\"yoast-schema-graph\">{\"@context\":\"https:\/\/schema.org\",\"@graph\":[{\"@type\":\"WebPage\",\"@id\":\"https:\/\/www.lopezgil.com\/ca\/tractaments-laser-barcelona\/estries\/\",\"url\":\"https:\/\/www.lopezgil.com\/ca\/tractaments-laser-barcelona\/estries\/\",\"name\":\"Estries | Dr. Lopez Gil | Dermat\u00f2leg Cl\u00ednica Teknon Barcelona\",\"isPartOf\":{\"@id\":\"https:\/\/www.lopezgil.com\/ca\/#website\"},\"datePublished\":\"2016-06-16T09:57:41+00:00\",\"dateModified\":\"2019-12-09T14:11:17+00:00\",\"description\":\"Cl\u00ednica est\u00e8tica dermatol\u00f2gica amb la tecnologia m\u00e9s avan\u00e7ada en el tractament de les estries. Cl\u00ednica Teknon, Barcelona. Consulta'ns!\",\"breadcrumb\":{\"@id\":\"https:\/\/www.lopezgil.com\/ca\/tractaments-laser-barcelona\/estries\/#breadcrumb\"},\"inLanguage\":\"ca\",\"potentialAction\":[{\"@type\":\"ReadAction\",\"target\":[\"https:\/\/www.lopezgil.com\/ca\/tractaments-laser-barcelona\/estries\/\"]}]},{\"@type\":\"BreadcrumbList\",\"@id\":\"https:\/\/www.lopezgil.com\/ca\/tractaments-laser-barcelona\/estries\/#breadcrumb\",\"itemListElement\":[{\"@type\":\"ListItem\",\"position\":1,\"name\":\"Portada\",\"item\":\"https:\/\/www.lopezgil.com\/ca\/\"},{\"@type\":\"ListItem\",\"position\":2,\"name\":\"Laserter\u00e0pia\",\"item\":\"https:\/\/www.lopezgil.com\/ca\/tractaments-laser-barcelona\/\"},{\"@type\":\"ListItem\",\"position\":3,\"name\":\"Estries\"}]},{\"@type\":\"WebSite\",\"@id\":\"https:\/\/www.lopezgil.com\/ca\/#website\",\"url\":\"https:\/\/www.lopezgil.com\/ca\/\",\"name\":\"Dr. Lopez Gil\",\"description\":\"Dermat\u00f3logo Barcelona\",\"potentialAction\":[{\"@type\":\"SearchAction\",\"target\":{\"@type\":\"EntryPoint\",\"urlTemplate\":\"https:\/\/www.lopezgil.com\/ca\/?s={search_term_string}\"},\"query-input\":\"required name=search_term_string\"}],\"inLanguage\":\"ca\"}]}<\/script>\n<!-- \/ Yoast SEO plugin. -->","yoast_head_json":{"title":"Estries | Dr. Lopez Gil | Dermat\u00f2leg Cl\u00ednica Teknon Barcelona","description":"Cl\u00ednica est\u00e8tica dermatol\u00f2gica amb la tecnologia m\u00e9s avan\u00e7ada en el tractament de les estries. Cl\u00ednica Teknon, Barcelona. Consulta'ns!","robots":{"index":"index","follow":"follow","max-snippet":"max-snippet:-1","max-image-preview":"max-image-preview:large","max-video-preview":"max-video-preview:-1"},"canonical":"https:\/\/www.lopezgil.com\/ca\/tractaments-laser-barcelona\/estries\/","og_locale":"ca_ES","og_type":"article","og_title":"Estries | Dr. Lopez Gil | Dermat\u00f2leg Cl\u00ednica Teknon Barcelona","og_description":"Cl\u00ednica est\u00e8tica dermatol\u00f2gica amb la tecnologia m\u00e9s avan\u00e7ada en el tractament de les estries. Cl\u00ednica Teknon, Barcelona. Consulta'ns!","og_url":"https:\/\/www.lopezgil.com\/ca\/tractaments-laser-barcelona\/estries\/","og_site_name":"Dr. Lopez Gil","article_modified_time":"2019-12-09T14:11:17+00:00","twitter_card":"summary_large_image","twitter_misc":{"Est. reading time":"2 minutes"},"schema":{"@context":"https:\/\/schema.org","@graph":[{"@type":"WebPage","@id":"https:\/\/www.lopezgil.com\/ca\/tractaments-laser-barcelona\/estries\/","url":"https:\/\/www.lopezgil.com\/ca\/tractaments-laser-barcelona\/estries\/","name":"Estries | Dr. Lopez Gil | Dermat\u00f2leg Cl\u00ednica Teknon Barcelona","isPartOf":{"@id":"https:\/\/www.lopezgil.com\/ca\/#website"},"datePublished":"2016-06-16T09:57:41+00:00","dateModified":"2019-12-09T14:11:17+00:00","description":"Cl\u00ednica est\u00e8tica dermatol\u00f2gica amb la tecnologia m\u00e9s avan\u00e7ada en el tractament de les estries. Cl\u00ednica Teknon, Barcelona. Consulta'ns!","breadcrumb":{"@id":"https:\/\/www.lopezgil.com\/ca\/tractaments-laser-barcelona\/estries\/#breadcrumb"},"inLanguage":"ca","potentialAction":[{"@type":"ReadAction","target":["https:\/\/www.lopezgil.com\/ca\/tractaments-laser-barcelona\/estries\/"]}]},{"@type":"BreadcrumbList","@id":"https:\/\/www.lopezgil.com\/ca\/tractaments-laser-barcelona\/estries\/#breadcrumb","itemListElement":[{"@type":"ListItem","position":1,"name":"Portada","item":"https:\/\/www.lopezgil.com\/ca\/"},{"@type":"ListItem","position":2,"name":"Laserter\u00e0pia","item":"https:\/\/www.lopezgil.com\/ca\/tractaments-laser-barcelona\/"},{"@type":"ListItem","position":3,"name":"Estries"}]},{"@type":"WebSite","@id":"https:\/\/www.lopezgil.com\/ca\/#website","url":"https:\/\/www.lopezgil.com\/ca\/","name":"Dr. Lopez Gil","description":"Dermat\u00f3logo Barcelona","potentialAction":[{"@type":"SearchAction","target":{"@type":"EntryPoint","urlTemplate":"https:\/\/www.lopezgil.com\/ca\/?s={search_term_string}"},"query-input":"required name=search_term_string"}],"inLanguage":"ca"}]}},"_links":{"self":[{"href":"https:\/\/www.lopezgil.com\/ca\/wp-json\/wp\/v2\/pages\/2679","targetHints":{"allow":["GET"]}}],"collection":[{"href":"https:\/\/www.lopezgil.com\/ca\/wp-json\/wp\/v2\/pages"}],"about":[{"href":"https:\/\/www.lopezgil.com\/ca\/wp-json\/wp\/v2\/types\/page"}],"author":[{"embeddable":true,"href":"https:\/\/www.lopezgil.com\/ca\/wp-json\/wp\/v2\/users\/5"}],"replies":[{"embeddable":true,"href":"https:\/\/www.lopezgil.com\/ca\/wp-json\/wp\/v2\/comments?post=2679"}],"version-history":[{"count":4,"href":"https:\/\/www.lopezgil.com\/ca\/wp-json\/wp\/v2\/pages\/2679\/revisions"}],"predecessor-version":[{"id":4960,"href":"https:\/\/www.lopezgil.com\/ca\/wp-json\/wp\/v2\/pages\/2679\/revisions\/4960"}],"up":[{"embeddable":true,"href":"https:\/\/www.lopezgil.com\/ca\/wp-json\/wp\/v2\/pages\/2644"}],"wp:attachment":[{"href":"https:\/\/www.lopezgil.com\/ca\/wp-json\/wp\/v2\/media?parent=2679"}],"curies":[{"name":"wp","href":"https:\/\/api.w.org\/{rel}","templated":true}]}}

<div id="fb-root"></div>
<p style="text-align: justify;">[vc_row][vc_column][vc_row_inner][vc_column_inner]<script type="text/javascript">jQuery(function() { _initLayerSlider( '#layerslider_62_1r9chpvi34r9i', {sliderVersion: '', responsiveUnder: 0, layersContainer: 0, hideUnder: 0, hideOver: 100000, pauseOnHover: 1, skin: 'v5', sliderFadeInDuration: 350, useSrcset: true, skinsPath: 'https://www.lopezgil.com/wp-content/plugins/LayerSlider/assets/static/layerslider/skins/', type: 'responsive', showCircleTimer: false, performanceMode: true}); });</script><div id="layerslider_62_1r9chpvi34r9i" class="ls-wp-container fitvidsignore" style="width:600px;height:200px;margin:0 auto;margin-bottom: 0px;"><div class="ls-slide" data-ls="duration:4000;"><img loading="lazy" decoding="async" width="600" height="200" src="https://www.lopezgil.com/wp-content/uploads/drlopezgil_dermatologia_barcelona_600x200_estrias_eliminar_piernas_embarazo.jpg" class="ls-bg" alt="tratamiento-eliminar-estrias-dermatologo-cirujano-barcelona-doctor-lopez-gil" srcset="https://www.lopezgil.com/wp-content/uploads/drlopezgil_dermatologia_barcelona_600x200_estrias_eliminar_piernas_embarazo.jpg 600w, https://www.lopezgil.com/wp-content/uploads/drlopezgil_dermatologia_barcelona_600x200_estrias_eliminar_piernas_embarazo-300x100.jpg 300w" sizes="auto, (max-width: 600px) 100vw, 600px" /></div></div>[/vc_column_inner][/vc_row_inner][/vc_column][/vc_row][vc_row][vc_column width=&#8221;3/4&#8243; css=&#8221;.vc_custom_1473066092346{margin-top: 0px !important;}&#8221;][vc_column_text css=&#8221;.vc_custom_1473066053815{margin-top: 0px !important;}&#8221;]
<h2 style="text-align: justify;"><span style="color: #75c9d3;"><strong>Què són les estries?</strong></span></h2>
<p style="text-align: justify;">Les estries es produeixen com a conseqüència a un ràpid creixement o distensió de la pell en poc temps que provoquen la ruptura de les fibres elàstiques. En general, qualsevol part del cos pot veure’s afectada a excepció de la cara. Tot i així, acostumen a aparèixer a l’abdomen, glutis, malucs, cuixes i pits.</p>
<h2 style="text-align: justify;"><span style="color: #75c9d3;"><strong>Tractament de les estries a Barcelona</strong></span></h2>
<p style="text-align: justify;">A la fase inicial de l’estria són rosades i és quan és possible fer-les desaparèixer mitjançant l’aplicació de laserteràpia. Quan, en canvi arriben a la maduresa, són blanques, es pot aconseguir una millora progressiva del seu aspecte, però no eliminar-les per complet. És per aquest motiu que sempre recomanem començar el tractament quan abans millor per aconseguir els millors resultats.</p>
<p style="text-align: justify;">El tractament d’elecció és la combinació del làser no ablatiu fraccionat juntament amb el làser ablatiu fraccionat, que permet reparar la pell afectada en poques sessions.</p>
<ul style="text-align: justify;">
<li>Làser fraccionat no ablatiu: actua a nivell de la dermis respectant la superfície de la pell, evitant cremades i possibles crostes. La seva funció és escalfar la dermis, activar les cèl·lules fabricants del teixit nou i reparar progressivament l’estria.</li>
<li>Làser fraccionat ablatiu: és un complement al làser no ablatiu, especialment quan les estries són molt profundes i requereixen de major energia per poder pal·liar-les.</li>
</ul>
<p style="text-align: justify;">Amb caràcter general, són necessàries entre sis i vuit sessions per tractar o eliminar definitivament les estries de cada zona.</p>
<p style="text-align: justify;">Més informació <a href="https://www.lopezgil.com/ca/dermatologia-estetica-barcelona/estries/">aquí</a></p>
<h2 style="text-align: justify;"></h2>

<p>[vc_row][vc_column][vc_row_inner][vc_column_inner][/vc_column_inner][/vc_row_inner][/vc_column][/vc_row][vc_row][vc_column width=&#8221;3/4&#8243; css=&#8221;.vc_custom_1473066092346{margin-top: 0px !important;}&#8221;][vc_column_text css=&#8221;.vc_custom_1473066053815{margin-top: 0px !important;}&#8221;] Què són les estries? Les estries es produeixen com a conseqüència a un ràpid creixement o distensió de la pell en poc temps que provoquen la ruptura de les fibres elàstiques. En general, qualsevol part del cos pot veure’s afectada a excepció de la cara. Tot i [&hellip;]</p>

<!-- This site is optimized with the Yoast SEO plugin v19.12 - https://yoast.com/wordpress/plugins/seo/ -->
<title>Estries | Dr. Lopez Gil | Dermatòleg Clínica Teknon Barcelona</title>
<meta name="description" content="Clínica estètica dermatològica amb la tecnologia més avançada en el tractament de les estries. Clínica Teknon, Barcelona. Consulta&#039;ns!" />
<meta name="robots" content="index, follow, max-snippet:-1, max-image-preview:large, max-video-preview:-1" />
<link rel="canonical" href="https://www.lopezgil.com/ca/tractaments-laser-barcelona/estries/" />
<meta property="og:locale" content="ca_ES" />
<meta property="og:type" content="article" />
<meta property="og:title" content="Estries | Dr. Lopez Gil | Dermatòleg Clínica Teknon Barcelona" />
<meta property="og:description" content="Clínica estètica dermatològica amb la tecnologia més avançada en el tractament de les estries. Clínica Teknon, Barcelona. Consulta&#039;ns!" />
<meta property="og:url" content="https://www.lopezgil.com/ca/tractaments-laser-barcelona/estries/" />
<meta property="og:site_name" content="Dr. Lopez Gil" />
<meta property="article:modified_time" content="2019-12-09T14:11:17+00:00" />
<meta name="twitter:card" content="summary_large_image" />
<meta name="twitter:label1" content="Est. reading time" />
	<meta name="twitter:data1" content="2 minutes" />
<script type="application/ld+json" class="yoast-schema-graph">{"@context":"https://schema.org","@graph":[{"@type":"WebPage","@id":"https://www.lopezgil.com/ca/tractaments-laser-barcelona/estries/","url":"https://www.lopezgil.com/ca/tractaments-laser-barcelona/estries/","name":"Estries | Dr. Lopez Gil | Dermatòleg Clínica Teknon Barcelona","isPartOf":{"@id":"https://www.lopezgil.com/ca/#website"},"datePublished":"2016-06-16T09:57:41+00:00","dateModified":"2019-12-09T14:11:17+00:00","description":"Clínica estètica dermatològica amb la tecnologia més avançada en el tractament de les estries. Clínica Teknon, Barcelona. Consulta'ns!","breadcrumb":{"@id":"https://www.lopezgil.com/ca/tractaments-laser-barcelona/estries/#breadcrumb"},"inLanguage":"ca","potentialAction":[{"@type":"ReadAction","target":["https://www.lopezgil.com/ca/tractaments-laser-barcelona/estries/"]}]},{"@type":"BreadcrumbList","@id":"https://www.lopezgil.com/ca/tractaments-laser-barcelona/estries/#breadcrumb","itemListElement":[{"@type":"ListItem","position":1,"name":"Portada","item":"https://www.lopezgil.com/ca/"},{"@type":"ListItem","position":2,"name":"Laserteràpia","item":"https://www.lopezgil.com/ca/tractaments-laser-barcelona/"},{"@type":"ListItem","position":3,"name":"Estries"}]},{"@type":"WebSite","@id":"https://www.lopezgil.com/ca/#website","url":"https://www.lopezgil.com/ca/","name":"Dr. Lopez Gil","description":"Dermatólogo Barcelona","potentialAction":[{"@type":"SearchAction","target":{"@type":"EntryPoint","urlTemplate":"https://www.lopezgil.com/ca/?s={search_term_string}"},"query-input":"required name=search_term_string"}],"inLanguage":"ca"}]}</script>
<!-- / Yoast SEO plugin. -->

Estries | Dr. Lopez Gil | Dermatòleg Clínica Teknon Barcelona

Clínica estètica dermatològica amb la tecnologia més avançada en el tractament de les estries. Clínica Teknon, Barcelona. Consulta'ns!

Laserteràpia

Dermatólogo Barcelona
