{"id":2676,"date":"2016-06-16T10:01:44","date_gmt":"2016-06-16T10:01:44","guid":{"rendered":"http:\/\/lopezgil.com\/enconstruccion\/tractaments-laser-barcelona\/depilacion-laser\/"},"modified":"2019-12-09T14:06:41","modified_gmt":"2019-12-09T14:06:41","slug":"depilacio-laser","status":"publish","type":"page","link":"https:\/\/www.lopezgil.com\/ca\/tractaments-laser-barcelona\/depilacio-laser\/","title":{"rendered":"Depilaci\u00f3 l\u00e0ser"},"content":{"rendered":"<div id=\"fb-root\"><\/div>\n<p style=\"text-align: justify;\">[vc_row][vc_column][vc_row_inner][vc_column_inner]<script type=\"text\/javascript\">jQuery(function() { _initLayerSlider( '#layerslider_63_10vcka3rkj1z7', {sliderVersion: '', responsiveUnder: 0, layersContainer: 0, hideUnder: 0, hideOver: 100000, pauseOnHover: 1, skin: 'v5', sliderFadeInDuration: 350, useSrcset: true, skinsPath: 'https:\/\/www.lopezgil.com\/wp-content\/plugins\/LayerSlider\/assets\/static\/layerslider\/skins\/', type: 'responsive', showCircleTimer: false, performanceMode: true}); });<\/script><div id=\"layerslider_63_10vcka3rkj1z7\" class=\"ls-wp-container fitvidsignore\" style=\"width:600px;height:200px;margin:0 auto;margin-bottom: 0px;\"><div class=\"ls-slide\" data-ls=\"duration:4000;\"><img loading=\"lazy\" decoding=\"async\" width=\"600\" height=\"200\" src=\"https:\/\/www.lopezgil.com\/wp-content\/uploads\/drlopezgil_dermatologia_barcelona_600x200_depil.lacio_definitiva_laser.jpg\" class=\"ls-bg\" alt=\"tratamiento-cuperosis-dermatologo-depilacion-laser-fototerapia-barcelona-doctor-lopez-gil-dermatoleg\" srcset=\"https:\/\/www.lopezgil.com\/wp-content\/uploads\/drlopezgil_dermatologia_barcelona_600x200_depil.lacio_definitiva_laser.jpg 600w, https:\/\/www.lopezgil.com\/wp-content\/uploads\/drlopezgil_dermatologia_barcelona_600x200_depil.lacio_definitiva_laser-300x100.jpg 300w\" sizes=\"auto, (max-width: 600px) 100vw, 600px\" \/><\/div><\/div>[\/vc_column_inner][\/vc_row_inner][\/vc_column][\/vc_row][vc_row][vc_column width=&#8221;3\/4&#8243; css=&#8221;.vc_custom_1473066092346{margin-top: 0px !important;}&#8221;][vc_column_text css=&#8221;.vc_custom_1473066053815{margin-top: 0px !important;}&#8221;]\n<h2 style=\"text-align: justify;\"><span style=\"color: #75c9d3;\"><strong>Qu\u00e8 \u00e9s?<\/strong><\/span><\/h2>\n<p style=\"text-align: justify;\">L\u2019\u00fas dels dispositius l\u00e0ser m\u00e8dic per la depilaci\u00f3 \u00e9s un procediment molt conegut degut a l\u2019experi\u00e8ncia en el seu us i a la seva alta taxa d\u2019\u00e8xit en relaci\u00f3 a la fotodepilaci\u00f3. \u00c9s molt important realitzar-lo en un centre m\u00e8dic de la m\u00e0 d\u2019especialistes per evitar possibles cremades o mala praxis.<\/p>\n<h2 style=\"text-align: justify;\"><span style=\"color: #75c9d3;\"><strong>Tractament<\/strong><\/span><\/h2>\n<p style=\"text-align: justify;\">Abans de la primera sessi\u00f3, realitzem una proba de fotosensibilitzaci\u00f3 per assegurar-nos que la pell del pacient \u00e9s apta per aquest proc\u00e9s. A continuaci\u00f3 procedim amb el tractament l\u00e0ser en la zona o zones desitjades per una eliminaci\u00f3 total del pel corporal.<\/p>\n<p style=\"text-align: justify;\">M\u00e9s informaci\u00f3\u00a0<a href=\"https:\/\/www.lopezgil.com\/ca\/dermatologia-estetica-barcelona\/depilacio-laser-fotodepilacio\/\">aqui<\/a><\/p>\n","protected":false},"excerpt":{"rendered":"<p>[vc_row][vc_column][vc_row_inner][vc_column_inner][\/vc_column_inner][\/vc_row_inner][\/vc_column][\/vc_row][vc_row][vc_column width=&#8221;3\/4&#8243; css=&#8221;.vc_custom_1473066092346{margin-top: 0px !important;}&#8221;][vc_column_text css=&#8221;.vc_custom_1473066053815{margin-top: 0px !important;}&#8221;] Qu\u00e8 \u00e9s? L\u2019\u00fas dels dispositius l\u00e0ser m\u00e8dic per la depilaci\u00f3 \u00e9s un procediment molt conegut degut a l\u2019experi\u00e8ncia en el seu us i a la seva alta taxa d\u2019\u00e8xit en relaci\u00f3 a la fotodepilaci\u00f3. \u00c9s molt important realitzar-lo en un centre m\u00e8dic de la m\u00e0 d\u2019especialistes per [&hellip;]<\/p>\n","protected":false},"author":5,"featured_media":0,"parent":2644,"menu_order":0,"comment_status":"closed","ping_status":"closed","template":"soulmedic\/tpl-feature.php","meta":{"footnotes":""},"class_list":["post-2676","page","type-page","status-publish","hentry"],"yoast_head":"<!-- This site is optimized with the Yoast SEO plugin v19.12 - https:\/\/yoast.com\/wordpress\/plugins\/seo\/ -->\n<title>Depilaci\u00f3 l\u00e0ser | Dr. Lopez Gil | Cl\u00ednica est\u00e8tica Teknon Barcelona<\/title>\n<meta name=\"description\" content=\"Cl\u00ednica est\u00e8tica dermatol\u00f2gica amb la tecnologia m\u00e9s avan\u00e7ada en depilaci\u00f3 l\u00e0ser. Cl\u00ednica Teknon, Barcelona. Consulta&#039;ns!\" \/>\n<meta name=\"robots\" content=\"index, follow, max-snippet:-1, max-image-preview:large, max-video-preview:-1\" \/>\n<link rel=\"canonical\" href=\"https:\/\/www.lopezgil.com\/ca\/tractaments-laser-barcelona\/depilacio-laser\/\" \/>\n<meta property=\"og:locale\" content=\"ca_ES\" \/>\n<meta property=\"og:type\" content=\"article\" \/>\n<meta property=\"og:title\" content=\"Depilaci\u00f3 l\u00e0ser | Dr. Lopez Gil | Cl\u00ednica est\u00e8tica Teknon Barcelona\" \/>\n<meta property=\"og:description\" content=\"Cl\u00ednica est\u00e8tica dermatol\u00f2gica amb la tecnologia m\u00e9s avan\u00e7ada en depilaci\u00f3 l\u00e0ser. Cl\u00ednica Teknon, Barcelona. Consulta&#039;ns!\" \/>\n<meta property=\"og:url\" content=\"https:\/\/www.lopezgil.com\/ca\/tractaments-laser-barcelona\/depilacio-laser\/\" \/>\n<meta property=\"og:site_name\" content=\"Dr. Lopez Gil\" \/>\n<meta property=\"article:modified_time\" content=\"2019-12-09T14:06:41+00:00\" \/>\n<meta name=\"twitter:card\" content=\"summary_large_image\" \/>\n<meta name=\"twitter:label1\" content=\"Est. reading time\" \/>\n\t<meta name=\"twitter:data1\" content=\"1 minute\" \/>\n<script type=\"application\/ld+json\" class=\"yoast-schema-graph\">{\"@context\":\"https:\/\/schema.org\",\"@graph\":[{\"@type\":\"WebPage\",\"@id\":\"https:\/\/www.lopezgil.com\/ca\/tractaments-laser-barcelona\/depilacio-laser\/\",\"url\":\"https:\/\/www.lopezgil.com\/ca\/tractaments-laser-barcelona\/depilacio-laser\/\",\"name\":\"Depilaci\u00f3 l\u00e0ser | Dr. Lopez Gil | Cl\u00ednica est\u00e8tica Teknon Barcelona\",\"isPartOf\":{\"@id\":\"https:\/\/www.lopezgil.com\/ca\/#website\"},\"datePublished\":\"2016-06-16T10:01:44+00:00\",\"dateModified\":\"2019-12-09T14:06:41+00:00\",\"description\":\"Cl\u00ednica est\u00e8tica dermatol\u00f2gica amb la tecnologia m\u00e9s avan\u00e7ada en depilaci\u00f3 l\u00e0ser. Cl\u00ednica Teknon, Barcelona. Consulta'ns!\",\"breadcrumb\":{\"@id\":\"https:\/\/www.lopezgil.com\/ca\/tractaments-laser-barcelona\/depilacio-laser\/#breadcrumb\"},\"inLanguage\":\"ca\",\"potentialAction\":[{\"@type\":\"ReadAction\",\"target\":[\"https:\/\/www.lopezgil.com\/ca\/tractaments-laser-barcelona\/depilacio-laser\/\"]}]},{\"@type\":\"BreadcrumbList\",\"@id\":\"https:\/\/www.lopezgil.com\/ca\/tractaments-laser-barcelona\/depilacio-laser\/#breadcrumb\",\"itemListElement\":[{\"@type\":\"ListItem\",\"position\":1,\"name\":\"Portada\",\"item\":\"https:\/\/www.lopezgil.com\/ca\/\"},{\"@type\":\"ListItem\",\"position\":2,\"name\":\"Laserter\u00e0pia\",\"item\":\"https:\/\/www.lopezgil.com\/ca\/tractaments-laser-barcelona\/\"},{\"@type\":\"ListItem\",\"position\":3,\"name\":\"Depilaci\u00f3 l\u00e0ser\"}]},{\"@type\":\"WebSite\",\"@id\":\"https:\/\/www.lopezgil.com\/ca\/#website\",\"url\":\"https:\/\/www.lopezgil.com\/ca\/\",\"name\":\"Dr. Lopez Gil\",\"description\":\"Dermat\u00f3logo Barcelona\",\"potentialAction\":[{\"@type\":\"SearchAction\",\"target\":{\"@type\":\"EntryPoint\",\"urlTemplate\":\"https:\/\/www.lopezgil.com\/ca\/?s={search_term_string}\"},\"query-input\":\"required name=search_term_string\"}],\"inLanguage\":\"ca\"}]}<\/script>\n<!-- \/ Yoast SEO plugin. -->","yoast_head_json":{"title":"Depilaci\u00f3 l\u00e0ser | Dr. Lopez Gil | Cl\u00ednica est\u00e8tica Teknon Barcelona","description":"Cl\u00ednica est\u00e8tica dermatol\u00f2gica amb la tecnologia m\u00e9s avan\u00e7ada en depilaci\u00f3 l\u00e0ser. Cl\u00ednica Teknon, Barcelona. Consulta'ns!","robots":{"index":"index","follow":"follow","max-snippet":"max-snippet:-1","max-image-preview":"max-image-preview:large","max-video-preview":"max-video-preview:-1"},"canonical":"https:\/\/www.lopezgil.com\/ca\/tractaments-laser-barcelona\/depilacio-laser\/","og_locale":"ca_ES","og_type":"article","og_title":"Depilaci\u00f3 l\u00e0ser | Dr. Lopez Gil | Cl\u00ednica est\u00e8tica Teknon Barcelona","og_description":"Cl\u00ednica est\u00e8tica dermatol\u00f2gica amb la tecnologia m\u00e9s avan\u00e7ada en depilaci\u00f3 l\u00e0ser. Cl\u00ednica Teknon, Barcelona. Consulta'ns!","og_url":"https:\/\/www.lopezgil.com\/ca\/tractaments-laser-barcelona\/depilacio-laser\/","og_site_name":"Dr. Lopez Gil","article_modified_time":"2019-12-09T14:06:41+00:00","twitter_card":"summary_large_image","twitter_misc":{"Est. reading time":"1 minute"},"schema":{"@context":"https:\/\/schema.org","@graph":[{"@type":"WebPage","@id":"https:\/\/www.lopezgil.com\/ca\/tractaments-laser-barcelona\/depilacio-laser\/","url":"https:\/\/www.lopezgil.com\/ca\/tractaments-laser-barcelona\/depilacio-laser\/","name":"Depilaci\u00f3 l\u00e0ser | Dr. Lopez Gil | Cl\u00ednica est\u00e8tica Teknon Barcelona","isPartOf":{"@id":"https:\/\/www.lopezgil.com\/ca\/#website"},"datePublished":"2016-06-16T10:01:44+00:00","dateModified":"2019-12-09T14:06:41+00:00","description":"Cl\u00ednica est\u00e8tica dermatol\u00f2gica amb la tecnologia m\u00e9s avan\u00e7ada en depilaci\u00f3 l\u00e0ser. Cl\u00ednica Teknon, Barcelona. Consulta'ns!","breadcrumb":{"@id":"https:\/\/www.lopezgil.com\/ca\/tractaments-laser-barcelona\/depilacio-laser\/#breadcrumb"},"inLanguage":"ca","potentialAction":[{"@type":"ReadAction","target":["https:\/\/www.lopezgil.com\/ca\/tractaments-laser-barcelona\/depilacio-laser\/"]}]},{"@type":"BreadcrumbList","@id":"https:\/\/www.lopezgil.com\/ca\/tractaments-laser-barcelona\/depilacio-laser\/#breadcrumb","itemListElement":[{"@type":"ListItem","position":1,"name":"Portada","item":"https:\/\/www.lopezgil.com\/ca\/"},{"@type":"ListItem","position":2,"name":"Laserter\u00e0pia","item":"https:\/\/www.lopezgil.com\/ca\/tractaments-laser-barcelona\/"},{"@type":"ListItem","position":3,"name":"Depilaci\u00f3 l\u00e0ser"}]},{"@type":"WebSite","@id":"https:\/\/www.lopezgil.com\/ca\/#website","url":"https:\/\/www.lopezgil.com\/ca\/","name":"Dr. Lopez Gil","description":"Dermat\u00f3logo Barcelona","potentialAction":[{"@type":"SearchAction","target":{"@type":"EntryPoint","urlTemplate":"https:\/\/www.lopezgil.com\/ca\/?s={search_term_string}"},"query-input":"required name=search_term_string"}],"inLanguage":"ca"}]}},"_links":{"self":[{"href":"https:\/\/www.lopezgil.com\/ca\/wp-json\/wp\/v2\/pages\/2676","targetHints":{"allow":["GET"]}}],"collection":[{"href":"https:\/\/www.lopezgil.com\/ca\/wp-json\/wp\/v2\/pages"}],"about":[{"href":"https:\/\/www.lopezgil.com\/ca\/wp-json\/wp\/v2\/types\/page"}],"author":[{"embeddable":true,"href":"https:\/\/www.lopezgil.com\/ca\/wp-json\/wp\/v2\/users\/5"}],"replies":[{"embeddable":true,"href":"https:\/\/www.lopezgil.com\/ca\/wp-json\/wp\/v2\/comments?post=2676"}],"version-history":[{"count":3,"href":"https:\/\/www.lopezgil.com\/ca\/wp-json\/wp\/v2\/pages\/2676\/revisions"}],"predecessor-version":[{"id":3158,"href":"https:\/\/www.lopezgil.com\/ca\/wp-json\/wp\/v2\/pages\/2676\/revisions\/3158"}],"up":[{"embeddable":true,"href":"https:\/\/www.lopezgil.com\/ca\/wp-json\/wp\/v2\/pages\/2644"}],"wp:attachment":[{"href":"https:\/\/www.lopezgil.com\/ca\/wp-json\/wp\/v2\/media?parent=2676"}],"curies":[{"name":"wp","href":"https:\/\/api.w.org\/{rel}","templated":true}]}}

Depilació làser

<div id="fb-root"></div>
<p style="text-align: justify;">[vc_row][vc_column][vc_row_inner][vc_column_inner]<script type="text/javascript">jQuery(function() { _initLayerSlider( '#layerslider_63_10vcka3rkj1z7', {sliderVersion: '', responsiveUnder: 0, layersContainer: 0, hideUnder: 0, hideOver: 100000, pauseOnHover: 1, skin: 'v5', sliderFadeInDuration: 350, useSrcset: true, skinsPath: 'https://www.lopezgil.com/wp-content/plugins/LayerSlider/assets/static/layerslider/skins/', type: 'responsive', showCircleTimer: false, performanceMode: true}); });</script><div id="layerslider_63_10vcka3rkj1z7" class="ls-wp-container fitvidsignore" style="width:600px;height:200px;margin:0 auto;margin-bottom: 0px;"><div class="ls-slide" data-ls="duration:4000;"><img loading="lazy" decoding="async" width="600" height="200" src="https://www.lopezgil.com/wp-content/uploads/drlopezgil_dermatologia_barcelona_600x200_depil.lacio_definitiva_laser.jpg" class="ls-bg" alt="tratamiento-cuperosis-dermatologo-depilacion-laser-fototerapia-barcelona-doctor-lopez-gil-dermatoleg" srcset="https://www.lopezgil.com/wp-content/uploads/drlopezgil_dermatologia_barcelona_600x200_depil.lacio_definitiva_laser.jpg 600w, https://www.lopezgil.com/wp-content/uploads/drlopezgil_dermatologia_barcelona_600x200_depil.lacio_definitiva_laser-300x100.jpg 300w" sizes="auto, (max-width: 600px) 100vw, 600px" /></div></div>[/vc_column_inner][/vc_row_inner][/vc_column][/vc_row][vc_row][vc_column width=&#8221;3/4&#8243; css=&#8221;.vc_custom_1473066092346{margin-top: 0px !important;}&#8221;][vc_column_text css=&#8221;.vc_custom_1473066053815{margin-top: 0px !important;}&#8221;]
<h2 style="text-align: justify;"><span style="color: #75c9d3;"><strong>Què és?</strong></span></h2>
<p style="text-align: justify;">L’ús dels dispositius làser mèdic per la depilació és un procediment molt conegut degut a l’experiència en el seu us i a la seva alta taxa d’èxit en relació a la fotodepilació. És molt important realitzar-lo en un centre mèdic de la mà d’especialistes per evitar possibles cremades o mala praxis.</p>
<h2 style="text-align: justify;"><span style="color: #75c9d3;"><strong>Tractament</strong></span></h2>
<p style="text-align: justify;">Abans de la primera sessió, realitzem una proba de fotosensibilització per assegurar-nos que la pell del pacient és apta per aquest procés. A continuació procedim amb el tractament làser en la zona o zones desitjades per una eliminació total del pel corporal.</p>
<p style="text-align: justify;">Més informació <a href="https://www.lopezgil.com/ca/dermatologia-estetica-barcelona/depilacio-laser-fotodepilacio/">aqui</a></p>

<p>[vc_row][vc_column][vc_row_inner][vc_column_inner][/vc_column_inner][/vc_row_inner][/vc_column][/vc_row][vc_row][vc_column width=&#8221;3/4&#8243; css=&#8221;.vc_custom_1473066092346{margin-top: 0px !important;}&#8221;][vc_column_text css=&#8221;.vc_custom_1473066053815{margin-top: 0px !important;}&#8221;] Què és? L’ús dels dispositius làser mèdic per la depilació és un procediment molt conegut degut a l’experiència en el seu us i a la seva alta taxa d’èxit en relació a la fotodepilació. És molt important realitzar-lo en un centre mèdic de la mà d’especialistes per [&hellip;]</p>

<!-- This site is optimized with the Yoast SEO plugin v19.12 - https://yoast.com/wordpress/plugins/seo/ -->
<title>Depilació làser | Dr. Lopez Gil | Clínica estètica Teknon Barcelona</title>
<meta name="description" content="Clínica estètica dermatològica amb la tecnologia més avançada en depilació làser. Clínica Teknon, Barcelona. Consulta&#039;ns!" />
<meta name="robots" content="index, follow, max-snippet:-1, max-image-preview:large, max-video-preview:-1" />
<link rel="canonical" href="https://www.lopezgil.com/ca/tractaments-laser-barcelona/depilacio-laser/" />
<meta property="og:locale" content="ca_ES" />
<meta property="og:type" content="article" />
<meta property="og:title" content="Depilació làser | Dr. Lopez Gil | Clínica estètica Teknon Barcelona" />
<meta property="og:description" content="Clínica estètica dermatològica amb la tecnologia més avançada en depilació làser. Clínica Teknon, Barcelona. Consulta&#039;ns!" />
<meta property="og:url" content="https://www.lopezgil.com/ca/tractaments-laser-barcelona/depilacio-laser/" />
<meta property="og:site_name" content="Dr. Lopez Gil" />
<meta property="article:modified_time" content="2019-12-09T14:06:41+00:00" />
<meta name="twitter:card" content="summary_large_image" />
<meta name="twitter:label1" content="Est. reading time" />
	<meta name="twitter:data1" content="1 minute" />
<script type="application/ld+json" class="yoast-schema-graph">{"@context":"https://schema.org","@graph":[{"@type":"WebPage","@id":"https://www.lopezgil.com/ca/tractaments-laser-barcelona/depilacio-laser/","url":"https://www.lopezgil.com/ca/tractaments-laser-barcelona/depilacio-laser/","name":"Depilació làser | Dr. Lopez Gil | Clínica estètica Teknon Barcelona","isPartOf":{"@id":"https://www.lopezgil.com/ca/#website"},"datePublished":"2016-06-16T10:01:44+00:00","dateModified":"2019-12-09T14:06:41+00:00","description":"Clínica estètica dermatològica amb la tecnologia més avançada en depilació làser. Clínica Teknon, Barcelona. Consulta'ns!","breadcrumb":{"@id":"https://www.lopezgil.com/ca/tractaments-laser-barcelona/depilacio-laser/#breadcrumb"},"inLanguage":"ca","potentialAction":[{"@type":"ReadAction","target":["https://www.lopezgil.com/ca/tractaments-laser-barcelona/depilacio-laser/"]}]},{"@type":"BreadcrumbList","@id":"https://www.lopezgil.com/ca/tractaments-laser-barcelona/depilacio-laser/#breadcrumb","itemListElement":[{"@type":"ListItem","position":1,"name":"Portada","item":"https://www.lopezgil.com/ca/"},{"@type":"ListItem","position":2,"name":"Laserteràpia","item":"https://www.lopezgil.com/ca/tractaments-laser-barcelona/"},{"@type":"ListItem","position":3,"name":"Depilació làser"}]},{"@type":"WebSite","@id":"https://www.lopezgil.com/ca/#website","url":"https://www.lopezgil.com/ca/","name":"Dr. Lopez Gil","description":"Dermatólogo Barcelona","potentialAction":[{"@type":"SearchAction","target":{"@type":"EntryPoint","urlTemplate":"https://www.lopezgil.com/ca/?s={search_term_string}"},"query-input":"required name=search_term_string"}],"inLanguage":"ca"}]}</script>
<!-- / Yoast SEO plugin. -->

Depilació làser | Dr. Lopez Gil | Clínica estètica Teknon Barcelona

Clínica estètica dermatològica amb la tecnologia més avançada en depilació làser. Clínica Teknon, Barcelona. Consulta'ns!

Laserteràpia

Dermatólogo Barcelona
