{"id":2673,"date":"2016-06-16T10:00:13","date_gmt":"2016-06-16T10:00:13","guid":{"rendered":"http:\/\/lopezgil.com\/enconstruccion\/tractaments-laser-barcelona\/cuperosis\/"},"modified":"2019-12-09T13:48:41","modified_gmt":"2019-12-09T13:48:41","slug":"cuperosi","status":"publish","type":"page","link":"https:\/\/www.lopezgil.com\/ca\/tractaments-laser-barcelona\/cuperosi\/","title":{"rendered":"Cuperosi"},"content":{"rendered":"<div id=\"fb-root\"><\/div>\n<p style=\"text-align: justify;\">[vc_row][vc_column][vc_row_inner][vc_column_inner]<script type=\"text\/javascript\">jQuery(function() { _initLayerSlider( '#layerslider_75_tafsza616zts', {sliderVersion: '', responsiveUnder: 0, layersContainer: 0, hideUnder: 0, hideOver: 100000, pauseOnHover: 1, skin: 'v5', sliderFadeInDuration: 350, useSrcset: true, skinsPath: 'https:\/\/www.lopezgil.com\/wp-content\/plugins\/LayerSlider\/assets\/static\/layerslider\/skins\/', type: 'responsive', showCircleTimer: false, performanceMode: true}); });<\/script><div id=\"layerslider_75_tafsza616zts\" class=\"ls-wp-container fitvidsignore\" style=\"width:600px;height:200px;margin:0 auto;margin-bottom: 0px;\"><div class=\"ls-slide\" data-ls=\"duration:4000;\"><img loading=\"lazy\" decoding=\"async\" width=\"600\" height=\"200\" src=\"https:\/\/www.lopezgil.com\/wp-content\/uploads\/drlopezgil-dermatologia-barcelona-600x200-cuperosis-laserterapia.jpg\" class=\"ls-bg\" alt=\"dr-lopez-gil-dermatologia-barcelona-600x200-cuperosis-laserterapia-laser\" srcset=\"https:\/\/www.lopezgil.com\/wp-content\/uploads\/drlopezgil-dermatologia-barcelona-600x200-cuperosis-laserterapia.jpg 600w, https:\/\/www.lopezgil.com\/wp-content\/uploads\/drlopezgil-dermatologia-barcelona-600x200-cuperosis-laserterapia-300x100.jpg 300w\" sizes=\"auto, (max-width: 600px) 100vw, 600px\" \/><\/div><\/div>[\/vc_column_inner][\/vc_row_inner][\/vc_column][\/vc_row][vc_row][vc_column width=&#8221;3\/4&#8243; css=&#8221;.vc_custom_1473066092346{margin-top: 0px !important;}&#8221;][vc_column_text css=&#8221;.vc_custom_1473066053815{margin-top: 0px !important;}&#8221;]\n<h2 style=\"text-align: justify;\"><span style=\"color: #75c9d3;\"><strong>Qu\u00e8 \u00e9s?<\/strong><\/span><\/h2>\n<p style=\"text-align: justify;\">\u00c9s una afecci\u00f3 cr\u00f2nica i recurrent. Es caracteritza per presentar envermelliment degut a la dilataci\u00f3 dels vasos capil\u00b7lars que irriguen la dermis de les galtes, nas, escot i coll. No \u00e9s contagiosa.<\/p>\n<h2 style=\"text-align: justify;\"><span style=\"color: #75c9d3;\"><strong>A qui afecta?<\/strong><\/span><\/h2>\n<p style=\"text-align: justify;\">Sobretot afecta a les dones a partir dels 30 anys i tendeix a augmentar amb l\u2019edat. La pell blanca, clara i fina \u00e9s la m\u00e9s susceptible.<\/p>\n<h2 style=\"text-align: justify;\"><span style=\"color: #75c9d3;\"><strong>Tractament<\/strong><\/span><\/h2>\n<p style=\"text-align: justify;\">Per aconseguir tancar definitivament els vasos sanguinis dilatats per que la pell recuperi el seu aspecte normal es recomanen 3 o 4 sessions al llarg de l\u2019any de l\u00e0ser vascular aix\u00ed com un manteniment anual.<\/p>\n<p style=\"text-align: justify;\">Els m\u00e9s utilitzats s\u00f3n:<\/p>\n<ul style=\"text-align: justify;\">\n<li>Nd: YAG: \u00e9s molt efica\u00e7 sobretot quan els vasos s\u00f3n d\u2019una mida m\u00e9s gran.<\/li>\n<li>Colorant polsat: es caracteritza per la seva gran especialitat per tractar lesions vasculars. Encara que en alguns casos provoca l\u2019aparici\u00f3 de p\u00farpura residual com a conseq\u00fc\u00e8ncia de l\u2019exposici\u00f3 dels vasos sanguinis.<\/li>\n<li>L\u00e0ser KTP: es caracteritza per tenir un efecte terap\u00e8utic semblant al del colorant polsat per\u00f2 no provoca p\u00farpura. Encara que pot provocar una lleugera inflor de 2-3 dies.<\/li>\n<\/ul>\n<p style=\"text-align: justify;\">El seu gran avantatge \u00e9s que nom\u00e9s actuen en la zona a tractar, sense lesionar la pell circumdant i que \u00e9s un procediment indolor.<\/p>\n<p style=\"text-align: justify;\">Per m\u00e9s informaci\u00f3 <a href=\"https:\/\/www.lopezgil.com\/ca\/dermatologia-clinica\/cuperosi\/\">aqui<\/a><\/p>\n","protected":false},"excerpt":{"rendered":"<p>[vc_row][vc_column][vc_row_inner][vc_column_inner][\/vc_column_inner][\/vc_row_inner][\/vc_column][\/vc_row][vc_row][vc_column width=&#8221;3\/4&#8243; css=&#8221;.vc_custom_1473066092346{margin-top: 0px !important;}&#8221;][vc_column_text css=&#8221;.vc_custom_1473066053815{margin-top: 0px !important;}&#8221;] Qu\u00e8 \u00e9s? \u00c9s una afecci\u00f3 cr\u00f2nica i recurrent. Es caracteritza per presentar envermelliment degut a la dilataci\u00f3 dels vasos capil\u00b7lars que irriguen la dermis de les galtes, nas, escot i coll. No \u00e9s contagiosa. A qui afecta? Sobretot afecta a les dones a partir dels 30 anys [&hellip;]<\/p>\n","protected":false},"author":5,"featured_media":0,"parent":2644,"menu_order":0,"comment_status":"closed","ping_status":"closed","template":"soulmedic\/tpl-feature.php","meta":{"footnotes":""},"class_list":["post-2673","page","type-page","status-publish","hentry"],"yoast_head":"<!-- This site is optimized with the Yoast SEO plugin v19.12 - https:\/\/yoast.com\/wordpress\/plugins\/seo\/ -->\n<title>Cuperosi | Dr. Lopez Gil | Dermat\u00f2leg Cl\u00ednica Teknon Barcelona<\/title>\n<meta name=\"description\" content=\"Cl\u00ednica dermatol\u00f2gica especialitzada en el Tractament de la Cuperosi, amb la tecnologia m\u00e9s avan\u00e7ada. Cl\u00ednica Teknon, Barcelona. Consulta&#039;ns.\" \/>\n<meta name=\"robots\" content=\"index, follow, max-snippet:-1, max-image-preview:large, max-video-preview:-1\" \/>\n<link rel=\"canonical\" href=\"https:\/\/www.lopezgil.com\/ca\/tractaments-laser-barcelona\/cuperosi\/\" \/>\n<meta property=\"og:locale\" content=\"ca_ES\" \/>\n<meta property=\"og:type\" content=\"article\" \/>\n<meta property=\"og:title\" content=\"Cuperosi | Dr. Lopez Gil | Dermat\u00f2leg Cl\u00ednica Teknon Barcelona\" \/>\n<meta property=\"og:description\" content=\"Cl\u00ednica dermatol\u00f2gica especialitzada en el Tractament de la Cuperosi, amb la tecnologia m\u00e9s avan\u00e7ada. Cl\u00ednica Teknon, Barcelona. Consulta&#039;ns.\" \/>\n<meta property=\"og:url\" content=\"https:\/\/www.lopezgil.com\/ca\/tractaments-laser-barcelona\/cuperosi\/\" \/>\n<meta property=\"og:site_name\" content=\"Dr. Lopez Gil\" \/>\n<meta property=\"article:modified_time\" content=\"2019-12-09T13:48:41+00:00\" \/>\n<meta name=\"twitter:card\" content=\"summary_large_image\" \/>\n<meta name=\"twitter:label1\" content=\"Est. reading time\" \/>\n\t<meta name=\"twitter:data1\" content=\"1 minute\" \/>\n<script type=\"application\/ld+json\" class=\"yoast-schema-graph\">{\"@context\":\"https:\/\/schema.org\",\"@graph\":[{\"@type\":\"WebPage\",\"@id\":\"https:\/\/www.lopezgil.com\/ca\/tractaments-laser-barcelona\/cuperosi\/\",\"url\":\"https:\/\/www.lopezgil.com\/ca\/tractaments-laser-barcelona\/cuperosi\/\",\"name\":\"Cuperosi | Dr. Lopez Gil | Dermat\u00f2leg Cl\u00ednica Teknon Barcelona\",\"isPartOf\":{\"@id\":\"https:\/\/www.lopezgil.com\/ca\/#website\"},\"datePublished\":\"2016-06-16T10:00:13+00:00\",\"dateModified\":\"2019-12-09T13:48:41+00:00\",\"description\":\"Cl\u00ednica dermatol\u00f2gica especialitzada en el Tractament de la Cuperosi, amb la tecnologia m\u00e9s avan\u00e7ada. Cl\u00ednica Teknon, Barcelona. Consulta'ns.\",\"breadcrumb\":{\"@id\":\"https:\/\/www.lopezgil.com\/ca\/tractaments-laser-barcelona\/cuperosi\/#breadcrumb\"},\"inLanguage\":\"ca\",\"potentialAction\":[{\"@type\":\"ReadAction\",\"target\":[\"https:\/\/www.lopezgil.com\/ca\/tractaments-laser-barcelona\/cuperosi\/\"]}]},{\"@type\":\"BreadcrumbList\",\"@id\":\"https:\/\/www.lopezgil.com\/ca\/tractaments-laser-barcelona\/cuperosi\/#breadcrumb\",\"itemListElement\":[{\"@type\":\"ListItem\",\"position\":1,\"name\":\"Portada\",\"item\":\"https:\/\/www.lopezgil.com\/ca\/\"},{\"@type\":\"ListItem\",\"position\":2,\"name\":\"Laserter\u00e0pia\",\"item\":\"https:\/\/www.lopezgil.com\/ca\/tractaments-laser-barcelona\/\"},{\"@type\":\"ListItem\",\"position\":3,\"name\":\"Cuperosi\"}]},{\"@type\":\"WebSite\",\"@id\":\"https:\/\/www.lopezgil.com\/ca\/#website\",\"url\":\"https:\/\/www.lopezgil.com\/ca\/\",\"name\":\"Dr. Lopez Gil\",\"description\":\"Dermat\u00f3logo Barcelona\",\"potentialAction\":[{\"@type\":\"SearchAction\",\"target\":{\"@type\":\"EntryPoint\",\"urlTemplate\":\"https:\/\/www.lopezgil.com\/ca\/?s={search_term_string}\"},\"query-input\":\"required name=search_term_string\"}],\"inLanguage\":\"ca\"}]}<\/script>\n<!-- \/ Yoast SEO plugin. -->","yoast_head_json":{"title":"Cuperosi | Dr. Lopez Gil | Dermat\u00f2leg Cl\u00ednica Teknon Barcelona","description":"Cl\u00ednica dermatol\u00f2gica especialitzada en el Tractament de la Cuperosi, amb la tecnologia m\u00e9s avan\u00e7ada. Cl\u00ednica Teknon, Barcelona. Consulta'ns.","robots":{"index":"index","follow":"follow","max-snippet":"max-snippet:-1","max-image-preview":"max-image-preview:large","max-video-preview":"max-video-preview:-1"},"canonical":"https:\/\/www.lopezgil.com\/ca\/tractaments-laser-barcelona\/cuperosi\/","og_locale":"ca_ES","og_type":"article","og_title":"Cuperosi | Dr. Lopez Gil | Dermat\u00f2leg Cl\u00ednica Teknon Barcelona","og_description":"Cl\u00ednica dermatol\u00f2gica especialitzada en el Tractament de la Cuperosi, amb la tecnologia m\u00e9s avan\u00e7ada. Cl\u00ednica Teknon, Barcelona. Consulta'ns.","og_url":"https:\/\/www.lopezgil.com\/ca\/tractaments-laser-barcelona\/cuperosi\/","og_site_name":"Dr. Lopez Gil","article_modified_time":"2019-12-09T13:48:41+00:00","twitter_card":"summary_large_image","twitter_misc":{"Est. reading time":"1 minute"},"schema":{"@context":"https:\/\/schema.org","@graph":[{"@type":"WebPage","@id":"https:\/\/www.lopezgil.com\/ca\/tractaments-laser-barcelona\/cuperosi\/","url":"https:\/\/www.lopezgil.com\/ca\/tractaments-laser-barcelona\/cuperosi\/","name":"Cuperosi | Dr. Lopez Gil | Dermat\u00f2leg Cl\u00ednica Teknon Barcelona","isPartOf":{"@id":"https:\/\/www.lopezgil.com\/ca\/#website"},"datePublished":"2016-06-16T10:00:13+00:00","dateModified":"2019-12-09T13:48:41+00:00","description":"Cl\u00ednica dermatol\u00f2gica especialitzada en el Tractament de la Cuperosi, amb la tecnologia m\u00e9s avan\u00e7ada. Cl\u00ednica Teknon, Barcelona. Consulta'ns.","breadcrumb":{"@id":"https:\/\/www.lopezgil.com\/ca\/tractaments-laser-barcelona\/cuperosi\/#breadcrumb"},"inLanguage":"ca","potentialAction":[{"@type":"ReadAction","target":["https:\/\/www.lopezgil.com\/ca\/tractaments-laser-barcelona\/cuperosi\/"]}]},{"@type":"BreadcrumbList","@id":"https:\/\/www.lopezgil.com\/ca\/tractaments-laser-barcelona\/cuperosi\/#breadcrumb","itemListElement":[{"@type":"ListItem","position":1,"name":"Portada","item":"https:\/\/www.lopezgil.com\/ca\/"},{"@type":"ListItem","position":2,"name":"Laserter\u00e0pia","item":"https:\/\/www.lopezgil.com\/ca\/tractaments-laser-barcelona\/"},{"@type":"ListItem","position":3,"name":"Cuperosi"}]},{"@type":"WebSite","@id":"https:\/\/www.lopezgil.com\/ca\/#website","url":"https:\/\/www.lopezgil.com\/ca\/","name":"Dr. Lopez Gil","description":"Dermat\u00f3logo Barcelona","potentialAction":[{"@type":"SearchAction","target":{"@type":"EntryPoint","urlTemplate":"https:\/\/www.lopezgil.com\/ca\/?s={search_term_string}"},"query-input":"required name=search_term_string"}],"inLanguage":"ca"}]}},"_links":{"self":[{"href":"https:\/\/www.lopezgil.com\/ca\/wp-json\/wp\/v2\/pages\/2673","targetHints":{"allow":["GET"]}}],"collection":[{"href":"https:\/\/www.lopezgil.com\/ca\/wp-json\/wp\/v2\/pages"}],"about":[{"href":"https:\/\/www.lopezgil.com\/ca\/wp-json\/wp\/v2\/types\/page"}],"author":[{"embeddable":true,"href":"https:\/\/www.lopezgil.com\/ca\/wp-json\/wp\/v2\/users\/5"}],"replies":[{"embeddable":true,"href":"https:\/\/www.lopezgil.com\/ca\/wp-json\/wp\/v2\/comments?post=2673"}],"version-history":[{"count":3,"href":"https:\/\/www.lopezgil.com\/ca\/wp-json\/wp\/v2\/pages\/2673\/revisions"}],"predecessor-version":[{"id":3160,"href":"https:\/\/www.lopezgil.com\/ca\/wp-json\/wp\/v2\/pages\/2673\/revisions\/3160"}],"up":[{"embeddable":true,"href":"https:\/\/www.lopezgil.com\/ca\/wp-json\/wp\/v2\/pages\/2644"}],"wp:attachment":[{"href":"https:\/\/www.lopezgil.com\/ca\/wp-json\/wp\/v2\/media?parent=2673"}],"curies":[{"name":"wp","href":"https:\/\/api.w.org\/{rel}","templated":true}]}}

<div id="fb-root"></div>
<p style="text-align: justify;">[vc_row][vc_column][vc_row_inner][vc_column_inner]<script type="text/javascript">jQuery(function() { _initLayerSlider( '#layerslider_75_tafsza616zts', {sliderVersion: '', responsiveUnder: 0, layersContainer: 0, hideUnder: 0, hideOver: 100000, pauseOnHover: 1, skin: 'v5', sliderFadeInDuration: 350, useSrcset: true, skinsPath: 'https://www.lopezgil.com/wp-content/plugins/LayerSlider/assets/static/layerslider/skins/', type: 'responsive', showCircleTimer: false, performanceMode: true}); });</script><div id="layerslider_75_tafsza616zts" class="ls-wp-container fitvidsignore" style="width:600px;height:200px;margin:0 auto;margin-bottom: 0px;"><div class="ls-slide" data-ls="duration:4000;"><img loading="lazy" decoding="async" width="600" height="200" src="https://www.lopezgil.com/wp-content/uploads/drlopezgil-dermatologia-barcelona-600x200-cuperosis-laserterapia.jpg" class="ls-bg" alt="dr-lopez-gil-dermatologia-barcelona-600x200-cuperosis-laserterapia-laser" srcset="https://www.lopezgil.com/wp-content/uploads/drlopezgil-dermatologia-barcelona-600x200-cuperosis-laserterapia.jpg 600w, https://www.lopezgil.com/wp-content/uploads/drlopezgil-dermatologia-barcelona-600x200-cuperosis-laserterapia-300x100.jpg 300w" sizes="auto, (max-width: 600px) 100vw, 600px" /></div></div>[/vc_column_inner][/vc_row_inner][/vc_column][/vc_row][vc_row][vc_column width=&#8221;3/4&#8243; css=&#8221;.vc_custom_1473066092346{margin-top: 0px !important;}&#8221;][vc_column_text css=&#8221;.vc_custom_1473066053815{margin-top: 0px !important;}&#8221;]
<h2 style="text-align: justify;"><span style="color: #75c9d3;"><strong>Què és?</strong></span></h2>
<p style="text-align: justify;">És una afecció crònica i recurrent. Es caracteritza per presentar envermelliment degut a la dilatació dels vasos capil·lars que irriguen la dermis de les galtes, nas, escot i coll. No és contagiosa.</p>
<h2 style="text-align: justify;"><span style="color: #75c9d3;"><strong>A qui afecta?</strong></span></h2>
<p style="text-align: justify;">Sobretot afecta a les dones a partir dels 30 anys i tendeix a augmentar amb l’edat. La pell blanca, clara i fina és la més susceptible.</p>
<h2 style="text-align: justify;"><span style="color: #75c9d3;"><strong>Tractament</strong></span></h2>
<p style="text-align: justify;">Per aconseguir tancar definitivament els vasos sanguinis dilatats per que la pell recuperi el seu aspecte normal es recomanen 3 o 4 sessions al llarg de l’any de làser vascular així com un manteniment anual.</p>
<p style="text-align: justify;">Els més utilitzats són:</p>
<ul style="text-align: justify;">
<li>Nd: YAG: és molt eficaç sobretot quan els vasos són d’una mida més gran.</li>
<li>Colorant polsat: es caracteritza per la seva gran especialitat per tractar lesions vasculars. Encara que en alguns casos provoca l’aparició de púrpura residual com a conseqüència de l’exposició dels vasos sanguinis.</li>
<li>Làser KTP: es caracteritza per tenir un efecte terapèutic semblant al del colorant polsat però no provoca púrpura. Encara que pot provocar una lleugera inflor de 2-3 dies.</li>
</ul>
<p style="text-align: justify;">El seu gran avantatge és que només actuen en la zona a tractar, sense lesionar la pell circumdant i que és un procediment indolor.</p>
<p style="text-align: justify;">Per més informació <a href="https://www.lopezgil.com/ca/dermatologia-clinica/cuperosi/">aqui</a></p>

<p>[vc_row][vc_column][vc_row_inner][vc_column_inner][/vc_column_inner][/vc_row_inner][/vc_column][/vc_row][vc_row][vc_column width=&#8221;3/4&#8243; css=&#8221;.vc_custom_1473066092346{margin-top: 0px !important;}&#8221;][vc_column_text css=&#8221;.vc_custom_1473066053815{margin-top: 0px !important;}&#8221;] Què és? És una afecció crònica i recurrent. Es caracteritza per presentar envermelliment degut a la dilatació dels vasos capil·lars que irriguen la dermis de les galtes, nas, escot i coll. No és contagiosa. A qui afecta? Sobretot afecta a les dones a partir dels 30 anys [&hellip;]</p>

<!-- This site is optimized with the Yoast SEO plugin v19.12 - https://yoast.com/wordpress/plugins/seo/ -->
<title>Cuperosi | Dr. Lopez Gil | Dermatòleg Clínica Teknon Barcelona</title>
<meta name="description" content="Clínica dermatològica especialitzada en el Tractament de la Cuperosi, amb la tecnologia més avançada. Clínica Teknon, Barcelona. Consulta&#039;ns." />
<meta name="robots" content="index, follow, max-snippet:-1, max-image-preview:large, max-video-preview:-1" />
<link rel="canonical" href="https://www.lopezgil.com/ca/tractaments-laser-barcelona/cuperosi/" />
<meta property="og:locale" content="ca_ES" />
<meta property="og:type" content="article" />
<meta property="og:title" content="Cuperosi | Dr. Lopez Gil | Dermatòleg Clínica Teknon Barcelona" />
<meta property="og:description" content="Clínica dermatològica especialitzada en el Tractament de la Cuperosi, amb la tecnologia més avançada. Clínica Teknon, Barcelona. Consulta&#039;ns." />
<meta property="og:url" content="https://www.lopezgil.com/ca/tractaments-laser-barcelona/cuperosi/" />
<meta property="og:site_name" content="Dr. Lopez Gil" />
<meta property="article:modified_time" content="2019-12-09T13:48:41+00:00" />
<meta name="twitter:card" content="summary_large_image" />
<meta name="twitter:label1" content="Est. reading time" />
	<meta name="twitter:data1" content="1 minute" />
<script type="application/ld+json" class="yoast-schema-graph">{"@context":"https://schema.org","@graph":[{"@type":"WebPage","@id":"https://www.lopezgil.com/ca/tractaments-laser-barcelona/cuperosi/","url":"https://www.lopezgil.com/ca/tractaments-laser-barcelona/cuperosi/","name":"Cuperosi | Dr. Lopez Gil | Dermatòleg Clínica Teknon Barcelona","isPartOf":{"@id":"https://www.lopezgil.com/ca/#website"},"datePublished":"2016-06-16T10:00:13+00:00","dateModified":"2019-12-09T13:48:41+00:00","description":"Clínica dermatològica especialitzada en el Tractament de la Cuperosi, amb la tecnologia més avançada. Clínica Teknon, Barcelona. Consulta'ns.","breadcrumb":{"@id":"https://www.lopezgil.com/ca/tractaments-laser-barcelona/cuperosi/#breadcrumb"},"inLanguage":"ca","potentialAction":[{"@type":"ReadAction","target":["https://www.lopezgil.com/ca/tractaments-laser-barcelona/cuperosi/"]}]},{"@type":"BreadcrumbList","@id":"https://www.lopezgil.com/ca/tractaments-laser-barcelona/cuperosi/#breadcrumb","itemListElement":[{"@type":"ListItem","position":1,"name":"Portada","item":"https://www.lopezgil.com/ca/"},{"@type":"ListItem","position":2,"name":"Laserteràpia","item":"https://www.lopezgil.com/ca/tractaments-laser-barcelona/"},{"@type":"ListItem","position":3,"name":"Cuperosi"}]},{"@type":"WebSite","@id":"https://www.lopezgil.com/ca/#website","url":"https://www.lopezgil.com/ca/","name":"Dr. Lopez Gil","description":"Dermatólogo Barcelona","potentialAction":[{"@type":"SearchAction","target":{"@type":"EntryPoint","urlTemplate":"https://www.lopezgil.com/ca/?s={search_term_string}"},"query-input":"required name=search_term_string"}],"inLanguage":"ca"}]}</script>
<!-- / Yoast SEO plugin. -->

Cuperosi | Dr. Lopez Gil | Dermatòleg Clínica Teknon Barcelona

Clínica dermatològica especialitzada en el Tractament de la Cuperosi, amb la tecnologia més avançada. Clínica Teknon, Barcelona. Consulta'ns.

Laserteràpia

Dermatólogo Barcelona
