{"id":2604,"date":"2017-09-15T21:00:51","date_gmt":"2017-09-15T21:00:51","guid":{"rendered":"http:\/\/lopezgil.com\/enconstruccion\/plasma-rico-en-plaquetas-para-alopecia\/"},"modified":"2019-12-10T16:13:49","modified_gmt":"2019-12-10T16:13:49","slug":"plasma-ric-en-plaquetes-per-alopecia","status":"publish","type":"page","link":"https:\/\/www.lopezgil.com\/ca\/tractaments\/tractaments-capil%c2%b7lars\/plasma-ric-en-plaquetes-per-alopecia\/","title":{"rendered":"Plasma ric en plaquetes per alop\u00e8cia"},"content":{"rendered":"<div id=\"fb-root\"><\/div>\n<p style=\"text-align: justify;\">[vc_row][vc_column][vc_row_inner][vc_column_inner]<script type=\"text\/javascript\">jQuery(function() { _initLayerSlider( '#layerslider_81_fu2u0353afaw', {sliderVersion: '', responsiveUnder: 0, layersContainer: 0, hideUnder: 0, hideOver: 100000, pauseOnHover: 1, skin: 'v5', sliderFadeInDuration: 350, useSrcset: true, skinsPath: 'https:\/\/www.lopezgil.com\/wp-content\/plugins\/LayerSlider\/assets\/static\/layerslider\/skins\/', type: 'responsive', showCircleTimer: false, performanceMode: true}); });<\/script><div id=\"layerslider_81_fu2u0353afaw\" class=\"ls-wp-container fitvidsignore\" style=\"width:600px;height:200px;margin:0 auto;margin-bottom: 0px;\"><div class=\"ls-slide\" data-ls=\"duration:4000;\"><img loading=\"lazy\" decoding=\"async\" width=\"600\" height=\"200\" src=\"https:\/\/www.lopezgil.com\/wp-content\/uploads\/drlopezgil-dermatologia-barcelona-600x200-prp-tratamiento-capilar.jpg\" class=\"ls-bg\" alt=\"drlopezgil-dermatologia-barcelona-600x200-prp-tratamiento-capilar\" srcset=\"https:\/\/www.lopezgil.com\/wp-content\/uploads\/drlopezgil-dermatologia-barcelona-600x200-prp-tratamiento-capilar.jpg 600w, https:\/\/www.lopezgil.com\/wp-content\/uploads\/drlopezgil-dermatologia-barcelona-600x200-prp-tratamiento-capilar-300x100.jpg 300w\" sizes=\"auto, (max-width: 600px) 100vw, 600px\" \/><\/div><\/div>[\/vc_column_inner][\/vc_row_inner][\/vc_column][\/vc_row][vc_row][vc_column width=&#8221;3\/4&#8243; css=&#8221;.vc_custom_1473066092346{margin-top: 0px !important;}&#8221;][vc_column_text css=&#8221;.vc_custom_1473066053815{margin-top: 0px !important;}&#8221;]\n<p style=\"text-align: justify;\">Avui en dia, la calv\u00edcie preocupa i afecta a molta gent, sobretot l\u2019alop\u00e8cia androg\u00e8nica que \u00e9s la que t\u00e9 lloc per motius hereditaris. Actualment, el tractament amb Plasma Ric en Plaquetes (PRP) atrau l\u2019atenci\u00f3 de molts professionals i pacients per la seva efic\u00e0cia, simplicitat i seguretat per evitar la caiguda del cabell i alop\u00e8cia.<\/p>\n<h2 style=\"text-align: justify;\"><span style=\"color: #75c9d3;\"><strong>Tractament<\/strong><\/span><\/h2>\n<p style=\"text-align: justify;\">El Plasma Ric en Plaquetes consisteix en extreure sang del pacient i separar el plasma ric de la resta a trav\u00e9s d\u2019un proc\u00e9s de centrifugaci\u00f3 i la seva posterior combinaci\u00f3 amb un compost activador. A continuaci\u00f3, mitjan\u00e7ant microinjeccions s\u2019injecta el plasma en aquelles zones poc poblades del cuir cabellut de forma indolora.<\/p>\n<p style=\"text-align: justify;\">Aquest tractament s\u2019utilitza sobretot per a frenar i revertir l\u2019aprimament dels fol\u00b7licles pilosos, que son els que estan provocant la p\u00e8rdua del cabell, aix\u00ed com per a estimular la restauraci\u00f3 i vascularitzaci\u00f3 dels mateixos despr\u00e9s d\u2019un trasplantament de cabell a la zona receptora.<\/p>\n<p style=\"text-align: justify;\">Els millors candidats per poder gaudir d\u2019aquest tipus de tractament per evitar la caiguda del cabell s\u00f3n:<\/p>\n<ul style=\"text-align: justify;\">\n<li>Els pacients amb poca quantitat de cabell.<\/li>\n<li>Els pacients amb alop\u00e8cia androg\u00e8nica.<\/li>\n<li>Dones amb alop\u00e8cia de patr\u00f3 mascul\u00ed.<\/li>\n<\/ul>\n<p style=\"text-align: justify;\">El fet que els factors de creixement plaquetari s\u2019obtinguin de la sang del propi pacient \u00e9s un gran benefici ja que s\u2019eliminen els riscs associats com possibles al\u00b7l\u00e8rgies, hipersensibilitat o altres reaccions.<\/p>\n<p style=\"text-align: justify;\">Tamb\u00e9 hi ha moltes persones que prefereixen aquest tipus de tractament per les seves qualitats naturals ja que no s\u2019utilitzen productes qu\u00edmics, aix\u00ed que es un proc\u00e9s totalment segur.<\/p>\n<p style=\"text-align: justify;\">Els resultats del tractament poden ser variables segons l\u2019origen de la caiguda del cabell i son progressius, obtenint-se canvis evidents despr\u00e9s de les primeres 3-4 sessions. S\u2019acostumen a necessitar de 4 a 8 sessions per aconseguir els millors resultats.<\/p>\n","protected":false},"excerpt":{"rendered":"<p>[vc_row][vc_column][vc_row_inner][vc_column_inner][\/vc_column_inner][\/vc_row_inner][\/vc_column][\/vc_row][vc_row][vc_column width=&#8221;3\/4&#8243; css=&#8221;.vc_custom_1473066092346{margin-top: 0px !important;}&#8221;][vc_column_text css=&#8221;.vc_custom_1473066053815{margin-top: 0px !important;}&#8221;] Avui en dia, la calv\u00edcie preocupa i afecta a molta gent, sobretot l\u2019alop\u00e8cia androg\u00e8nica que \u00e9s la que t\u00e9 lloc per motius hereditaris. Actualment, el tractament amb Plasma Ric en Plaquetes (PRP) atrau l\u2019atenci\u00f3 de molts professionals i pacients per la seva efic\u00e0cia, simplicitat i seguretat per [&hellip;]<\/p>\n","protected":false},"author":5,"featured_media":0,"parent":2608,"menu_order":0,"comment_status":"closed","ping_status":"closed","template":"soulmedic\/tpl-feature.php","meta":{"footnotes":""},"class_list":["post-2604","page","type-page","status-publish","hentry"],"yoast_head":"<!-- This site is optimized with the Yoast SEO plugin v19.12 - https:\/\/yoast.com\/wordpress\/plugins\/seo\/ -->\n<title>Plasma ric en plaquetes alop\u00e8cia | Dr. Lopez Gil | Cl\u00ednica Alop\u00e8cia Teknon<\/title>\n<meta name=\"description\" content=\"Tractament frenar alop\u00e8cia amb plasma ric en plaquetes per alop\u00e8cia a Barcelona. La tecnologia m\u00e9s avan\u00e7ada en el tractament de la calv\u00edcie i alop\u00e8cia.\" \/>\n<meta name=\"robots\" content=\"index, follow, max-snippet:-1, max-image-preview:large, max-video-preview:-1\" \/>\n<link rel=\"canonical\" href=\"https:\/\/www.lopezgil.com\/ca\/tractaments\/tractaments-capil\u00b7lars\/plasma-ric-en-plaquetes-per-alopecia\/\" \/>\n<meta property=\"og:locale\" content=\"ca_ES\" \/>\n<meta property=\"og:type\" content=\"article\" \/>\n<meta property=\"og:title\" content=\"Plasma ric en plaquetes alop\u00e8cia | Dr. Lopez Gil | Cl\u00ednica Alop\u00e8cia Teknon\" \/>\n<meta property=\"og:description\" content=\"Tractament frenar alop\u00e8cia amb plasma ric en plaquetes per alop\u00e8cia a Barcelona. La tecnologia m\u00e9s avan\u00e7ada en el tractament de la calv\u00edcie i alop\u00e8cia.\" \/>\n<meta property=\"og:url\" content=\"https:\/\/www.lopezgil.com\/ca\/tractaments\/tractaments-capil\u00b7lars\/plasma-ric-en-plaquetes-per-alopecia\/\" \/>\n<meta property=\"og:site_name\" content=\"Dr. Lopez Gil\" \/>\n<meta property=\"article:modified_time\" content=\"2019-12-10T16:13:49+00:00\" \/>\n<meta name=\"twitter:card\" content=\"summary_large_image\" \/>\n<meta name=\"twitter:label1\" content=\"Est. reading time\" \/>\n\t<meta name=\"twitter:data1\" content=\"2 minutes\" \/>\n<script type=\"application\/ld+json\" class=\"yoast-schema-graph\">{\"@context\":\"https:\/\/schema.org\",\"@graph\":[{\"@type\":\"WebPage\",\"@id\":\"https:\/\/www.lopezgil.com\/ca\/tractaments\/tractaments-capil%c2%b7lars\/plasma-ric-en-plaquetes-per-alopecia\/\",\"url\":\"https:\/\/www.lopezgil.com\/ca\/tractaments\/tractaments-capil%c2%b7lars\/plasma-ric-en-plaquetes-per-alopecia\/\",\"name\":\"Plasma ric en plaquetes alop\u00e8cia | Dr. Lopez Gil | Cl\u00ednica Alop\u00e8cia Teknon\",\"isPartOf\":{\"@id\":\"https:\/\/www.lopezgil.com\/ca\/#website\"},\"datePublished\":\"2017-09-15T21:00:51+00:00\",\"dateModified\":\"2019-12-10T16:13:49+00:00\",\"description\":\"Tractament frenar alop\u00e8cia amb plasma ric en plaquetes per alop\u00e8cia a Barcelona. La tecnologia m\u00e9s avan\u00e7ada en el tractament de la calv\u00edcie i alop\u00e8cia.\",\"breadcrumb\":{\"@id\":\"https:\/\/www.lopezgil.com\/ca\/tractaments\/tractaments-capil%c2%b7lars\/plasma-ric-en-plaquetes-per-alopecia\/#breadcrumb\"},\"inLanguage\":\"ca\",\"potentialAction\":[{\"@type\":\"ReadAction\",\"target\":[\"https:\/\/www.lopezgil.com\/ca\/tractaments\/tractaments-capil%c2%b7lars\/plasma-ric-en-plaquetes-per-alopecia\/\"]}]},{\"@type\":\"BreadcrumbList\",\"@id\":\"https:\/\/www.lopezgil.com\/ca\/tractaments\/tractaments-capil%c2%b7lars\/plasma-ric-en-plaquetes-per-alopecia\/#breadcrumb\",\"itemListElement\":[{\"@type\":\"ListItem\",\"position\":1,\"name\":\"Portada\",\"item\":\"https:\/\/www.lopezgil.com\/ca\/\"},{\"@type\":\"ListItem\",\"position\":2,\"name\":\"Tractaments\",\"item\":\"https:\/\/www.lopezgil.com\/ca\/tractaments\/\"},{\"@type\":\"ListItem\",\"position\":3,\"name\":\"Tractaments capil\u00b7lars\",\"item\":\"https:\/\/www.lopezgil.com\/ca\/tractaments\/tractaments-capil%c2%b7lars\/\"},{\"@type\":\"ListItem\",\"position\":4,\"name\":\"Plasma ric en plaquetes per alop\u00e8cia\"}]},{\"@type\":\"WebSite\",\"@id\":\"https:\/\/www.lopezgil.com\/ca\/#website\",\"url\":\"https:\/\/www.lopezgil.com\/ca\/\",\"name\":\"Dr. Lopez Gil\",\"description\":\"Dermat\u00f3logo Barcelona\",\"potentialAction\":[{\"@type\":\"SearchAction\",\"target\":{\"@type\":\"EntryPoint\",\"urlTemplate\":\"https:\/\/www.lopezgil.com\/ca\/?s={search_term_string}\"},\"query-input\":\"required name=search_term_string\"}],\"inLanguage\":\"ca\"}]}<\/script>\n<!-- \/ Yoast SEO plugin. -->","yoast_head_json":{"title":"Plasma ric en plaquetes alop\u00e8cia | Dr. Lopez Gil | Cl\u00ednica Alop\u00e8cia Teknon","description":"Tractament frenar alop\u00e8cia amb plasma ric en plaquetes per alop\u00e8cia a Barcelona. La tecnologia m\u00e9s avan\u00e7ada en el tractament de la calv\u00edcie i alop\u00e8cia.","robots":{"index":"index","follow":"follow","max-snippet":"max-snippet:-1","max-image-preview":"max-image-preview:large","max-video-preview":"max-video-preview:-1"},"canonical":"https:\/\/www.lopezgil.com\/ca\/tractaments\/tractaments-capil\u00b7lars\/plasma-ric-en-plaquetes-per-alopecia\/","og_locale":"ca_ES","og_type":"article","og_title":"Plasma ric en plaquetes alop\u00e8cia | Dr. Lopez Gil | Cl\u00ednica Alop\u00e8cia Teknon","og_description":"Tractament frenar alop\u00e8cia amb plasma ric en plaquetes per alop\u00e8cia a Barcelona. La tecnologia m\u00e9s avan\u00e7ada en el tractament de la calv\u00edcie i alop\u00e8cia.","og_url":"https:\/\/www.lopezgil.com\/ca\/tractaments\/tractaments-capil\u00b7lars\/plasma-ric-en-plaquetes-per-alopecia\/","og_site_name":"Dr. Lopez Gil","article_modified_time":"2019-12-10T16:13:49+00:00","twitter_card":"summary_large_image","twitter_misc":{"Est. reading time":"2 minutes"},"schema":{"@context":"https:\/\/schema.org","@graph":[{"@type":"WebPage","@id":"https:\/\/www.lopezgil.com\/ca\/tractaments\/tractaments-capil%c2%b7lars\/plasma-ric-en-plaquetes-per-alopecia\/","url":"https:\/\/www.lopezgil.com\/ca\/tractaments\/tractaments-capil%c2%b7lars\/plasma-ric-en-plaquetes-per-alopecia\/","name":"Plasma ric en plaquetes alop\u00e8cia | Dr. Lopez Gil | Cl\u00ednica Alop\u00e8cia Teknon","isPartOf":{"@id":"https:\/\/www.lopezgil.com\/ca\/#website"},"datePublished":"2017-09-15T21:00:51+00:00","dateModified":"2019-12-10T16:13:49+00:00","description":"Tractament frenar alop\u00e8cia amb plasma ric en plaquetes per alop\u00e8cia a Barcelona. La tecnologia m\u00e9s avan\u00e7ada en el tractament de la calv\u00edcie i alop\u00e8cia.","breadcrumb":{"@id":"https:\/\/www.lopezgil.com\/ca\/tractaments\/tractaments-capil%c2%b7lars\/plasma-ric-en-plaquetes-per-alopecia\/#breadcrumb"},"inLanguage":"ca","potentialAction":[{"@type":"ReadAction","target":["https:\/\/www.lopezgil.com\/ca\/tractaments\/tractaments-capil%c2%b7lars\/plasma-ric-en-plaquetes-per-alopecia\/"]}]},{"@type":"BreadcrumbList","@id":"https:\/\/www.lopezgil.com\/ca\/tractaments\/tractaments-capil%c2%b7lars\/plasma-ric-en-plaquetes-per-alopecia\/#breadcrumb","itemListElement":[{"@type":"ListItem","position":1,"name":"Portada","item":"https:\/\/www.lopezgil.com\/ca\/"},{"@type":"ListItem","position":2,"name":"Tractaments","item":"https:\/\/www.lopezgil.com\/ca\/tractaments\/"},{"@type":"ListItem","position":3,"name":"Tractaments capil\u00b7lars","item":"https:\/\/www.lopezgil.com\/ca\/tractaments\/tractaments-capil%c2%b7lars\/"},{"@type":"ListItem","position":4,"name":"Plasma ric en plaquetes per alop\u00e8cia"}]},{"@type":"WebSite","@id":"https:\/\/www.lopezgil.com\/ca\/#website","url":"https:\/\/www.lopezgil.com\/ca\/","name":"Dr. Lopez Gil","description":"Dermat\u00f3logo Barcelona","potentialAction":[{"@type":"SearchAction","target":{"@type":"EntryPoint","urlTemplate":"https:\/\/www.lopezgil.com\/ca\/?s={search_term_string}"},"query-input":"required name=search_term_string"}],"inLanguage":"ca"}]}},"_links":{"self":[{"href":"https:\/\/www.lopezgil.com\/ca\/wp-json\/wp\/v2\/pages\/2604","targetHints":{"allow":["GET"]}}],"collection":[{"href":"https:\/\/www.lopezgil.com\/ca\/wp-json\/wp\/v2\/pages"}],"about":[{"href":"https:\/\/www.lopezgil.com\/ca\/wp-json\/wp\/v2\/types\/page"}],"author":[{"embeddable":true,"href":"https:\/\/www.lopezgil.com\/ca\/wp-json\/wp\/v2\/users\/5"}],"replies":[{"embeddable":true,"href":"https:\/\/www.lopezgil.com\/ca\/wp-json\/wp\/v2\/comments?post=2604"}],"version-history":[{"count":3,"href":"https:\/\/www.lopezgil.com\/ca\/wp-json\/wp\/v2\/pages\/2604\/revisions"}],"predecessor-version":[{"id":2607,"href":"https:\/\/www.lopezgil.com\/ca\/wp-json\/wp\/v2\/pages\/2604\/revisions\/2607"}],"up":[{"embeddable":true,"href":"https:\/\/www.lopezgil.com\/ca\/wp-json\/wp\/v2\/pages\/2608"}],"wp:attachment":[{"href":"https:\/\/www.lopezgil.com\/ca\/wp-json\/wp\/v2\/media?parent=2604"}],"curies":[{"name":"wp","href":"https:\/\/api.w.org\/{rel}","templated":true}]}}

Plasma ric en plaquetes per alopècia

<div id="fb-root"></div>
<p style="text-align: justify;">[vc_row][vc_column][vc_row_inner][vc_column_inner]<script type="text/javascript">jQuery(function() { _initLayerSlider( '#layerslider_81_fu2u0353afaw', {sliderVersion: '', responsiveUnder: 0, layersContainer: 0, hideUnder: 0, hideOver: 100000, pauseOnHover: 1, skin: 'v5', sliderFadeInDuration: 350, useSrcset: true, skinsPath: 'https://www.lopezgil.com/wp-content/plugins/LayerSlider/assets/static/layerslider/skins/', type: 'responsive', showCircleTimer: false, performanceMode: true}); });</script><div id="layerslider_81_fu2u0353afaw" class="ls-wp-container fitvidsignore" style="width:600px;height:200px;margin:0 auto;margin-bottom: 0px;"><div class="ls-slide" data-ls="duration:4000;"><img loading="lazy" decoding="async" width="600" height="200" src="https://www.lopezgil.com/wp-content/uploads/drlopezgil-dermatologia-barcelona-600x200-prp-tratamiento-capilar.jpg" class="ls-bg" alt="drlopezgil-dermatologia-barcelona-600x200-prp-tratamiento-capilar" srcset="https://www.lopezgil.com/wp-content/uploads/drlopezgil-dermatologia-barcelona-600x200-prp-tratamiento-capilar.jpg 600w, https://www.lopezgil.com/wp-content/uploads/drlopezgil-dermatologia-barcelona-600x200-prp-tratamiento-capilar-300x100.jpg 300w" sizes="auto, (max-width: 600px) 100vw, 600px" /></div></div>[/vc_column_inner][/vc_row_inner][/vc_column][/vc_row][vc_row][vc_column width=&#8221;3/4&#8243; css=&#8221;.vc_custom_1473066092346{margin-top: 0px !important;}&#8221;][vc_column_text css=&#8221;.vc_custom_1473066053815{margin-top: 0px !important;}&#8221;]
<p style="text-align: justify;">Avui en dia, la calvície preocupa i afecta a molta gent, sobretot l’alopècia androgènica que és la que té lloc per motius hereditaris. Actualment, el tractament amb Plasma Ric en Plaquetes (PRP) atrau l’atenció de molts professionals i pacients per la seva eficàcia, simplicitat i seguretat per evitar la caiguda del cabell i alopècia.</p>
<h2 style="text-align: justify;"><span style="color: #75c9d3;"><strong>Tractament</strong></span></h2>
<p style="text-align: justify;">El Plasma Ric en Plaquetes consisteix en extreure sang del pacient i separar el plasma ric de la resta a través d’un procés de centrifugació i la seva posterior combinació amb un compost activador. A continuació, mitjançant microinjeccions s’injecta el plasma en aquelles zones poc poblades del cuir cabellut de forma indolora.</p>
<p style="text-align: justify;">Aquest tractament s’utilitza sobretot per a frenar i revertir l’aprimament dels fol·licles pilosos, que son els que estan provocant la pèrdua del cabell, així com per a estimular la restauració i vascularització dels mateixos després d’un trasplantament de cabell a la zona receptora.</p>
<p style="text-align: justify;">Els millors candidats per poder gaudir d’aquest tipus de tractament per evitar la caiguda del cabell són:</p>
<ul style="text-align: justify;">
<li>Els pacients amb poca quantitat de cabell.</li>
<li>Els pacients amb alopècia androgènica.</li>
<li>Dones amb alopècia de patró masculí.</li>
</ul>
<p style="text-align: justify;">El fet que els factors de creixement plaquetari s’obtinguin de la sang del propi pacient és un gran benefici ja que s’eliminen els riscs associats com possibles al·lèrgies, hipersensibilitat o altres reaccions.</p>
<p style="text-align: justify;">També hi ha moltes persones que prefereixen aquest tipus de tractament per les seves qualitats naturals ja que no s’utilitzen productes químics, així que es un procés totalment segur.</p>
<p style="text-align: justify;">Els resultats del tractament poden ser variables segons l’origen de la caiguda del cabell i son progressius, obtenint-se canvis evidents després de les primeres 3-4 sessions. S’acostumen a necessitar de 4 a 8 sessions per aconseguir els millors resultats.</p>

<p>[vc_row][vc_column][vc_row_inner][vc_column_inner][/vc_column_inner][/vc_row_inner][/vc_column][/vc_row][vc_row][vc_column width=&#8221;3/4&#8243; css=&#8221;.vc_custom_1473066092346{margin-top: 0px !important;}&#8221;][vc_column_text css=&#8221;.vc_custom_1473066053815{margin-top: 0px !important;}&#8221;] Avui en dia, la calvície preocupa i afecta a molta gent, sobretot l’alopècia androgènica que és la que té lloc per motius hereditaris. Actualment, el tractament amb Plasma Ric en Plaquetes (PRP) atrau l’atenció de molts professionals i pacients per la seva eficàcia, simplicitat i seguretat per [&hellip;]</p>

<!-- This site is optimized with the Yoast SEO plugin v19.12 - https://yoast.com/wordpress/plugins/seo/ -->
<title>Plasma ric en plaquetes alopècia | Dr. Lopez Gil | Clínica Alopècia Teknon</title>
<meta name="description" content="Tractament frenar alopècia amb plasma ric en plaquetes per alopècia a Barcelona. La tecnologia més avançada en el tractament de la calvície i alopècia." />
<meta name="robots" content="index, follow, max-snippet:-1, max-image-preview:large, max-video-preview:-1" />
<link rel="canonical" href="https://www.lopezgil.com/ca/tractaments/tractaments-capil·lars/plasma-ric-en-plaquetes-per-alopecia/" />
<meta property="og:locale" content="ca_ES" />
<meta property="og:type" content="article" />
<meta property="og:title" content="Plasma ric en plaquetes alopècia | Dr. Lopez Gil | Clínica Alopècia Teknon" />
<meta property="og:description" content="Tractament frenar alopècia amb plasma ric en plaquetes per alopècia a Barcelona. La tecnologia més avançada en el tractament de la calvície i alopècia." />
<meta property="og:url" content="https://www.lopezgil.com/ca/tractaments/tractaments-capil·lars/plasma-ric-en-plaquetes-per-alopecia/" />
<meta property="og:site_name" content="Dr. Lopez Gil" />
<meta property="article:modified_time" content="2019-12-10T16:13:49+00:00" />
<meta name="twitter:card" content="summary_large_image" />
<meta name="twitter:label1" content="Est. reading time" />
	<meta name="twitter:data1" content="2 minutes" />
<script type="application/ld+json" class="yoast-schema-graph">{"@context":"https://schema.org","@graph":[{"@type":"WebPage","@id":"https://www.lopezgil.com/ca/tractaments/tractaments-capil%c2%b7lars/plasma-ric-en-plaquetes-per-alopecia/","url":"https://www.lopezgil.com/ca/tractaments/tractaments-capil%c2%b7lars/plasma-ric-en-plaquetes-per-alopecia/","name":"Plasma ric en plaquetes alopècia | Dr. Lopez Gil | Clínica Alopècia Teknon","isPartOf":{"@id":"https://www.lopezgil.com/ca/#website"},"datePublished":"2017-09-15T21:00:51+00:00","dateModified":"2019-12-10T16:13:49+00:00","description":"Tractament frenar alopècia amb plasma ric en plaquetes per alopècia a Barcelona. La tecnologia més avançada en el tractament de la calvície i alopècia.","breadcrumb":{"@id":"https://www.lopezgil.com/ca/tractaments/tractaments-capil%c2%b7lars/plasma-ric-en-plaquetes-per-alopecia/#breadcrumb"},"inLanguage":"ca","potentialAction":[{"@type":"ReadAction","target":["https://www.lopezgil.com/ca/tractaments/tractaments-capil%c2%b7lars/plasma-ric-en-plaquetes-per-alopecia/"]}]},{"@type":"BreadcrumbList","@id":"https://www.lopezgil.com/ca/tractaments/tractaments-capil%c2%b7lars/plasma-ric-en-plaquetes-per-alopecia/#breadcrumb","itemListElement":[{"@type":"ListItem","position":1,"name":"Portada","item":"https://www.lopezgil.com/ca/"},{"@type":"ListItem","position":2,"name":"Tractaments","item":"https://www.lopezgil.com/ca/tractaments/"},{"@type":"ListItem","position":3,"name":"Tractaments capil·lars","item":"https://www.lopezgil.com/ca/tractaments/tractaments-capil%c2%b7lars/"},{"@type":"ListItem","position":4,"name":"Plasma ric en plaquetes per alopècia"}]},{"@type":"WebSite","@id":"https://www.lopezgil.com/ca/#website","url":"https://www.lopezgil.com/ca/","name":"Dr. Lopez Gil","description":"Dermatólogo Barcelona","potentialAction":[{"@type":"SearchAction","target":{"@type":"EntryPoint","urlTemplate":"https://www.lopezgil.com/ca/?s={search_term_string}"},"query-input":"required name=search_term_string"}],"inLanguage":"ca"}]}</script>
<!-- / Yoast SEO plugin. -->

Plasma ric en plaquetes alopècia | Dr. Lopez Gil | Clínica Alopècia Teknon

Tractament frenar alopècia amb plasma ric en plaquetes per alopècia a Barcelona. La tecnologia més avançada en el tractament de la calvície i alopècia.

Dermatólogo Barcelona
