{"id":2435,"date":"2017-10-20T10:24:19","date_gmt":"2017-10-20T10:24:19","guid":{"rendered":"http:\/\/lopezgil.com\/enconstruccion\/?page_id=2435"},"modified":"2019-12-09T13:57:36","modified_gmt":"2019-12-09T13:57:36","slug":"malaltia-de-paget","status":"publish","type":"page","link":"https:\/\/www.lopezgil.com\/ca\/dermatologia-oncologica\/malaltia-de-paget\/","title":{"rendered":"Malaltia de Paget"},"content":{"rendered":"<div id=\"fb-root\"><\/div>\n<p style=\"text-align: justify;\">[vc_row][vc_column][vc_row_inner][vc_column_inner]<script type=\"text\/javascript\">jQuery(function() { _initLayerSlider( '#layerslider_103_1w5gdahukub8k', {sliderVersion: '', responsiveUnder: 0, layersContainer: 0, hideUnder: 0, hideOver: 100000, pauseOnHover: 1, skin: 'v5', sliderFadeInDuration: 350, useSrcset: true, skinsPath: 'https:\/\/www.lopezgil.com\/wp-content\/plugins\/LayerSlider\/assets\/static\/layerslider\/skins\/', type: 'responsive', showCircleTimer: false, performanceMode: true}); });<\/script><div id=\"layerslider_103_1w5gdahukub8k\" class=\"ls-wp-container fitvidsignore\" style=\"width:600px;height:200px;margin:0 auto;margin-bottom: 0px;\"><div class=\"ls-slide\" data-ls=\"duration:4000;\"><img loading=\"lazy\" decoding=\"async\" width=\"600\" height=\"201\" src=\"https:\/\/www.lopezgil.com\/wp-content\/uploads\/drlopezgil_dermatologia_barcelona_600x200_malaltia-paget-foto-dermatologia-oncologica.jpg\" class=\"ls-bg\" alt=\"dr-lopez-gil-dermatologia-barcelona_600x200_malaltia-paget-foto-dermatologia-oncologica\" srcset=\"https:\/\/www.lopezgil.com\/wp-content\/uploads\/drlopezgil_dermatologia_barcelona_600x200_malaltia-paget-foto-dermatologia-oncologica.jpg 600w, https:\/\/www.lopezgil.com\/wp-content\/uploads\/drlopezgil_dermatologia_barcelona_600x200_malaltia-paget-foto-dermatologia-oncologica-300x101.jpg 300w\" sizes=\"auto, (max-width: 600px) 100vw, 600px\" \/><\/div><\/div>[\/vc_column_inner][\/vc_row_inner][\/vc_column][\/vc_row][vc_row][vc_column width=&#8221;3\/4&#8243; css=&#8221;.vc_custom_1473066092346{margin-top: 0px !important;}&#8221;][vc_column_text css=&#8221;.vc_custom_1473066053815{margin-top: 0px !important;}&#8221;]\n<h2 style=\"text-align: justify;\"><span style=\"color: #75c9d3;\"><strong>Qu\u00e8 \u00e9s la malaltia de Paget?<\/strong><\/span><\/h2>\n<p style=\"text-align: justify;\">La malaltia de Paget \u00e9s un c\u00e0ncer de pell poc freq\u00fcent i de creixement lent que pot apar\u00e8ixer al voltant de l\u2019ar\u00e8ola (malaltia de Paget mam\u00e0ria) o en la zona genital (malaltia de Paget extramamaria). Sovint, \u00e9s necess\u00e0ria una intervenci\u00f3 quir\u00fargica agressiva, encara que tamb\u00e9 s\u2019utilitzen altres tractaments. A vegades, la malaltia de Paget pot ser un signe d\u2019altres c\u00e0ncers a nivell intern.<\/p>\n<p style=\"text-align: justify;\">Apareix sovint com escames, picor o envermelliment en la regi\u00f3 de l\u2019ar\u00e8ola o en la zona genital. Aquestes \u00e0rees freq\u00fcentment piquen o cremen i fins i tot, sagnen a vegades. En alguns casos, la malaltia de Paget pot ser m\u00e9s agressiva envaint la part profunda de la pell. Ocasionalment, els pacients no presenten cap simptomatologia o solament tenen un lleuger augment de sensibilitat en la regi\u00f3. Donat que aquesta malaltia \u00e9s molt estranya, moltes vegades \u00e9s molt dif\u00edcil trobar un metge especialitzat o familiaritzat i \u00e9s per aix\u00f2 que molt sovint es diagn\u00f2stica com un \u00e8czema o un infecci\u00f3 de la pell. El pron\u00f2stic i la seva recuperaci\u00f3 son generalment bons, especialment si es diagnostica i tracta a temps.<\/p>\n<p style=\"text-align: justify;\">La malaltia de Paget afecta sobretot a dones post menop\u00e0usiques majors de 50 anys, aix\u00ed com en homes majors de 60 anys.<\/p>\n<p style=\"text-align: justify;\">La malaltia de Paget pot tardar anys en fer-se notar i incl\u00fas m\u00e9s temps per ser diagnosticada, \u00e9s per aquest motiu que \u00e9s fonamental realitzar inspeccions de les zones davant de qualsevol s\u00edmptoma inusual.<\/p>\n<p style=\"text-align: justify;\">Les bi\u00f2psies son la forma tradicional de determinar la presencia de la malaltia de Paget. Tot i que actualment, alguns metges utilitzen la microsc\u00f2pia confocal de reflect\u00e0ncia (MCR), que tamb\u00e9 ajuda a determinar l\u2019extensi\u00f3 de la Malaltia de Paget amb bi\u00f2psies virtuals digitals.<\/p>\n<p style=\"text-align: justify;\">Com a tractaments podem destacar:<\/p>\n<ul style=\"text-align: justify;\">\n<li>Quan s\u2019utilitza la cirurgia per tractar la Malaltia de Paget \u00e9s important determinar els marges i l\u2019extensi\u00f3 del c\u00e0ncer<\/li>\n<li>Empelts de pell<\/li>\n<li>Radioter\u00e0pia<\/li>\n<li>L\u00e0ser de CO2<\/li>\n<li>Cremes t\u00f2piques com el Imiquimod<\/li>\n<li>Ter\u00e0pia Fotodin\u00e0mica<\/li>\n<\/ul>\n<p style=\"text-align: justify;\">Degut a la raresa de la malaltia i a la falta d\u2019assajos cl\u00ednics, la quimioter\u00e0pia s\u2019utilitza amb poca freq\u00fc\u00e8ncia. Tot i que en el futur aix\u00f2 canviar\u00e0 ja que nous estudis com la seq\u00fcenciaci\u00f3 de nova generaci\u00f3 estan descobrint mutacions que podran tractar pacients amb aquesta malaltia.<\/p>\n<p style=\"text-align: justify;\">Donat la raresa de la malaltia i sobretot la versi\u00f3 extramamaria, pot ser molt \u00fatil posar-se en contacte amb associacions de pacients amb aquesta malaltia. Per a m\u00e9s informaci\u00f3 pot consultar\u00a0<a href=\"http:\/\/www.myempd.com\">www.myempd.com<\/a><\/p>\n","protected":false},"excerpt":{"rendered":"<p>[vc_row][vc_column][vc_row_inner][vc_column_inner][\/vc_column_inner][\/vc_row_inner][\/vc_column][\/vc_row][vc_row][vc_column width=&#8221;3\/4&#8243; css=&#8221;.vc_custom_1473066092346{margin-top: 0px !important;}&#8221;][vc_column_text css=&#8221;.vc_custom_1473066053815{margin-top: 0px !important;}&#8221;] Qu\u00e8 \u00e9s la malaltia de Paget? La malaltia de Paget \u00e9s un c\u00e0ncer de pell poc freq\u00fcent i de creixement lent que pot apar\u00e8ixer al voltant de l\u2019ar\u00e8ola (malaltia de Paget mam\u00e0ria) o en la zona genital (malaltia de Paget extramamaria). Sovint, \u00e9s necess\u00e0ria una intervenci\u00f3 quir\u00fargica [&hellip;]<\/p>\n","protected":false},"author":5,"featured_media":0,"parent":1466,"menu_order":0,"comment_status":"closed","ping_status":"closed","template":"soulmedic\/tpl-feature.php","meta":{"footnotes":""},"class_list":["post-2435","page","type-page","status-publish","hentry"],"yoast_head":"<!-- This site is optimized with the Yoast SEO plugin v19.12 - https:\/\/yoast.com\/wordpress\/plugins\/seo\/ -->\n<title>Malaltia de Paget | Dr. Lopez Gil | Cl\u00ednica Teknon Barcelona<\/title>\n<meta name=\"description\" content=\"La malaltia de Paget \u00e9s un c\u00e0ncer de pell poc freq\u00fcent i de creixement lent que pot apar\u00e8ixer al voltant de l\u2019ar\u00e8ola o en la zona genital.\" \/>\n<meta name=\"robots\" content=\"index, follow, max-snippet:-1, max-image-preview:large, max-video-preview:-1\" \/>\n<link rel=\"canonical\" href=\"https:\/\/www.lopezgil.com\/ca\/dermatologia-oncologica\/malaltia-de-paget\/\" \/>\n<meta property=\"og:locale\" content=\"ca_ES\" \/>\n<meta property=\"og:type\" content=\"article\" \/>\n<meta property=\"og:title\" content=\"Malaltia de Paget | Dr. Lopez Gil | Cl\u00ednica Teknon Barcelona\" \/>\n<meta property=\"og:description\" content=\"La malaltia de Paget \u00e9s un c\u00e0ncer de pell poc freq\u00fcent i de creixement lent que pot apar\u00e8ixer al voltant de l\u2019ar\u00e8ola o en la zona genital.\" \/>\n<meta property=\"og:url\" content=\"https:\/\/www.lopezgil.com\/ca\/dermatologia-oncologica\/malaltia-de-paget\/\" \/>\n<meta property=\"og:site_name\" content=\"Dr. Lopez Gil\" \/>\n<meta property=\"article:modified_time\" content=\"2019-12-09T13:57:36+00:00\" \/>\n<meta name=\"twitter:card\" content=\"summary_large_image\" \/>\n<meta name=\"twitter:label1\" content=\"Est. reading time\" \/>\n\t<meta name=\"twitter:data1\" content=\"2 minutes\" \/>\n<script type=\"application\/ld+json\" class=\"yoast-schema-graph\">{\"@context\":\"https:\/\/schema.org\",\"@graph\":[{\"@type\":\"WebPage\",\"@id\":\"https:\/\/www.lopezgil.com\/ca\/dermatologia-oncologica\/malaltia-de-paget\/\",\"url\":\"https:\/\/www.lopezgil.com\/ca\/dermatologia-oncologica\/malaltia-de-paget\/\",\"name\":\"Malaltia de Paget | Dr. Lopez Gil | Cl\u00ednica Teknon Barcelona\",\"isPartOf\":{\"@id\":\"https:\/\/www.lopezgil.com\/ca\/#website\"},\"datePublished\":\"2017-10-20T10:24:19+00:00\",\"dateModified\":\"2019-12-09T13:57:36+00:00\",\"description\":\"La malaltia de Paget \u00e9s un c\u00e0ncer de pell poc freq\u00fcent i de creixement lent que pot apar\u00e8ixer al voltant de l\u2019ar\u00e8ola o en la zona genital.\",\"breadcrumb\":{\"@id\":\"https:\/\/www.lopezgil.com\/ca\/dermatologia-oncologica\/malaltia-de-paget\/#breadcrumb\"},\"inLanguage\":\"ca\",\"potentialAction\":[{\"@type\":\"ReadAction\",\"target\":[\"https:\/\/www.lopezgil.com\/ca\/dermatologia-oncologica\/malaltia-de-paget\/\"]}]},{\"@type\":\"BreadcrumbList\",\"@id\":\"https:\/\/www.lopezgil.com\/ca\/dermatologia-oncologica\/malaltia-de-paget\/#breadcrumb\",\"itemListElement\":[{\"@type\":\"ListItem\",\"position\":1,\"name\":\"Portada\",\"item\":\"https:\/\/www.lopezgil.com\/ca\/\"},{\"@type\":\"ListItem\",\"position\":2,\"name\":\"Dermatologia oncol\u00f2gica\",\"item\":\"https:\/\/www.lopezgil.com\/ca\/dermatologia-oncologica\/\"},{\"@type\":\"ListItem\",\"position\":3,\"name\":\"Malaltia de Paget\"}]},{\"@type\":\"WebSite\",\"@id\":\"https:\/\/www.lopezgil.com\/ca\/#website\",\"url\":\"https:\/\/www.lopezgil.com\/ca\/\",\"name\":\"Dr. Lopez Gil\",\"description\":\"Dermat\u00f3logo Barcelona\",\"potentialAction\":[{\"@type\":\"SearchAction\",\"target\":{\"@type\":\"EntryPoint\",\"urlTemplate\":\"https:\/\/www.lopezgil.com\/ca\/?s={search_term_string}\"},\"query-input\":\"required name=search_term_string\"}],\"inLanguage\":\"ca\"}]}<\/script>\n<!-- \/ Yoast SEO plugin. -->","yoast_head_json":{"title":"Malaltia de Paget | Dr. Lopez Gil | Cl\u00ednica Teknon Barcelona","description":"La malaltia de Paget \u00e9s un c\u00e0ncer de pell poc freq\u00fcent i de creixement lent que pot apar\u00e8ixer al voltant de l\u2019ar\u00e8ola o en la zona genital.","robots":{"index":"index","follow":"follow","max-snippet":"max-snippet:-1","max-image-preview":"max-image-preview:large","max-video-preview":"max-video-preview:-1"},"canonical":"https:\/\/www.lopezgil.com\/ca\/dermatologia-oncologica\/malaltia-de-paget\/","og_locale":"ca_ES","og_type":"article","og_title":"Malaltia de Paget | Dr. Lopez Gil | Cl\u00ednica Teknon Barcelona","og_description":"La malaltia de Paget \u00e9s un c\u00e0ncer de pell poc freq\u00fcent i de creixement lent que pot apar\u00e8ixer al voltant de l\u2019ar\u00e8ola o en la zona genital.","og_url":"https:\/\/www.lopezgil.com\/ca\/dermatologia-oncologica\/malaltia-de-paget\/","og_site_name":"Dr. Lopez Gil","article_modified_time":"2019-12-09T13:57:36+00:00","twitter_card":"summary_large_image","twitter_misc":{"Est. reading time":"2 minutes"},"schema":{"@context":"https:\/\/schema.org","@graph":[{"@type":"WebPage","@id":"https:\/\/www.lopezgil.com\/ca\/dermatologia-oncologica\/malaltia-de-paget\/","url":"https:\/\/www.lopezgil.com\/ca\/dermatologia-oncologica\/malaltia-de-paget\/","name":"Malaltia de Paget | Dr. Lopez Gil | Cl\u00ednica Teknon Barcelona","isPartOf":{"@id":"https:\/\/www.lopezgil.com\/ca\/#website"},"datePublished":"2017-10-20T10:24:19+00:00","dateModified":"2019-12-09T13:57:36+00:00","description":"La malaltia de Paget \u00e9s un c\u00e0ncer de pell poc freq\u00fcent i de creixement lent que pot apar\u00e8ixer al voltant de l\u2019ar\u00e8ola o en la zona genital.","breadcrumb":{"@id":"https:\/\/www.lopezgil.com\/ca\/dermatologia-oncologica\/malaltia-de-paget\/#breadcrumb"},"inLanguage":"ca","potentialAction":[{"@type":"ReadAction","target":["https:\/\/www.lopezgil.com\/ca\/dermatologia-oncologica\/malaltia-de-paget\/"]}]},{"@type":"BreadcrumbList","@id":"https:\/\/www.lopezgil.com\/ca\/dermatologia-oncologica\/malaltia-de-paget\/#breadcrumb","itemListElement":[{"@type":"ListItem","position":1,"name":"Portada","item":"https:\/\/www.lopezgil.com\/ca\/"},{"@type":"ListItem","position":2,"name":"Dermatologia oncol\u00f2gica","item":"https:\/\/www.lopezgil.com\/ca\/dermatologia-oncologica\/"},{"@type":"ListItem","position":3,"name":"Malaltia de Paget"}]},{"@type":"WebSite","@id":"https:\/\/www.lopezgil.com\/ca\/#website","url":"https:\/\/www.lopezgil.com\/ca\/","name":"Dr. Lopez Gil","description":"Dermat\u00f3logo Barcelona","potentialAction":[{"@type":"SearchAction","target":{"@type":"EntryPoint","urlTemplate":"https:\/\/www.lopezgil.com\/ca\/?s={search_term_string}"},"query-input":"required name=search_term_string"}],"inLanguage":"ca"}]}},"_links":{"self":[{"href":"https:\/\/www.lopezgil.com\/ca\/wp-json\/wp\/v2\/pages\/2435","targetHints":{"allow":["GET"]}}],"collection":[{"href":"https:\/\/www.lopezgil.com\/ca\/wp-json\/wp\/v2\/pages"}],"about":[{"href":"https:\/\/www.lopezgil.com\/ca\/wp-json\/wp\/v2\/types\/page"}],"author":[{"embeddable":true,"href":"https:\/\/www.lopezgil.com\/ca\/wp-json\/wp\/v2\/users\/5"}],"replies":[{"embeddable":true,"href":"https:\/\/www.lopezgil.com\/ca\/wp-json\/wp\/v2\/comments?post=2435"}],"version-history":[{"count":3,"href":"https:\/\/www.lopezgil.com\/ca\/wp-json\/wp\/v2\/pages\/2435\/revisions"}],"predecessor-version":[{"id":4954,"href":"https:\/\/www.lopezgil.com\/ca\/wp-json\/wp\/v2\/pages\/2435\/revisions\/4954"}],"up":[{"embeddable":true,"href":"https:\/\/www.lopezgil.com\/ca\/wp-json\/wp\/v2\/pages\/1466"}],"wp:attachment":[{"href":"https:\/\/www.lopezgil.com\/ca\/wp-json\/wp\/v2\/media?parent=2435"}],"curies":[{"name":"wp","href":"https:\/\/api.w.org\/{rel}","templated":true}]}}

<div id="fb-root"></div>
<p style="text-align: justify;">[vc_row][vc_column][vc_row_inner][vc_column_inner]<script type="text/javascript">jQuery(function() { _initLayerSlider( '#layerslider_103_1w5gdahukub8k', {sliderVersion: '', responsiveUnder: 0, layersContainer: 0, hideUnder: 0, hideOver: 100000, pauseOnHover: 1, skin: 'v5', sliderFadeInDuration: 350, useSrcset: true, skinsPath: 'https://www.lopezgil.com/wp-content/plugins/LayerSlider/assets/static/layerslider/skins/', type: 'responsive', showCircleTimer: false, performanceMode: true}); });</script><div id="layerslider_103_1w5gdahukub8k" class="ls-wp-container fitvidsignore" style="width:600px;height:200px;margin:0 auto;margin-bottom: 0px;"><div class="ls-slide" data-ls="duration:4000;"><img loading="lazy" decoding="async" width="600" height="201" src="https://www.lopezgil.com/wp-content/uploads/drlopezgil_dermatologia_barcelona_600x200_malaltia-paget-foto-dermatologia-oncologica.jpg" class="ls-bg" alt="dr-lopez-gil-dermatologia-barcelona_600x200_malaltia-paget-foto-dermatologia-oncologica" srcset="https://www.lopezgil.com/wp-content/uploads/drlopezgil_dermatologia_barcelona_600x200_malaltia-paget-foto-dermatologia-oncologica.jpg 600w, https://www.lopezgil.com/wp-content/uploads/drlopezgil_dermatologia_barcelona_600x200_malaltia-paget-foto-dermatologia-oncologica-300x101.jpg 300w" sizes="auto, (max-width: 600px) 100vw, 600px" /></div></div>[/vc_column_inner][/vc_row_inner][/vc_column][/vc_row][vc_row][vc_column width=&#8221;3/4&#8243; css=&#8221;.vc_custom_1473066092346{margin-top: 0px !important;}&#8221;][vc_column_text css=&#8221;.vc_custom_1473066053815{margin-top: 0px !important;}&#8221;]
<h2 style="text-align: justify;"><span style="color: #75c9d3;"><strong>Què és la malaltia de Paget?</strong></span></h2>
<p style="text-align: justify;">La malaltia de Paget és un càncer de pell poc freqüent i de creixement lent que pot aparèixer al voltant de l’arèola (malaltia de Paget mamària) o en la zona genital (malaltia de Paget extramamaria). Sovint, és necessària una intervenció quirúrgica agressiva, encara que també s’utilitzen altres tractaments. A vegades, la malaltia de Paget pot ser un signe d’altres càncers a nivell intern.</p>
<p style="text-align: justify;">Apareix sovint com escames, picor o envermelliment en la regió de l’arèola o en la zona genital. Aquestes àrees freqüentment piquen o cremen i fins i tot, sagnen a vegades. En alguns casos, la malaltia de Paget pot ser més agressiva envaint la part profunda de la pell. Ocasionalment, els pacients no presenten cap simptomatologia o solament tenen un lleuger augment de sensibilitat en la regió. Donat que aquesta malaltia és molt estranya, moltes vegades és molt difícil trobar un metge especialitzat o familiaritzat i és per això que molt sovint es diagnòstica com un èczema o un infecció de la pell. El pronòstic i la seva recuperació son generalment bons, especialment si es diagnostica i tracta a temps.</p>
<p style="text-align: justify;">La malaltia de Paget afecta sobretot a dones post menopàusiques majors de 50 anys, així com en homes majors de 60 anys.</p>
<p style="text-align: justify;">La malaltia de Paget pot tardar anys en fer-se notar i inclús més temps per ser diagnosticada, és per aquest motiu que és fonamental realitzar inspeccions de les zones davant de qualsevol símptoma inusual.</p>
<p style="text-align: justify;">Les biòpsies son la forma tradicional de determinar la presencia de la malaltia de Paget. Tot i que actualment, alguns metges utilitzen la microscòpia confocal de reflectància (MCR), que també ajuda a determinar l’extensió de la Malaltia de Paget amb biòpsies virtuals digitals.</p>
<p style="text-align: justify;">Com a tractaments podem destacar:</p>
<ul style="text-align: justify;">
<li>Quan s’utilitza la cirurgia per tractar la Malaltia de Paget és important determinar els marges i l’extensió del càncer</li>
<li>Empelts de pell</li>
<li>Radioteràpia</li>
<li>Làser de CO2</li>
<li>Cremes tòpiques com el Imiquimod</li>
<li>Teràpia Fotodinàmica</li>
</ul>
<p style="text-align: justify;">Degut a la raresa de la malaltia i a la falta d’assajos clínics, la quimioteràpia s’utilitza amb poca freqüència. Tot i que en el futur això canviarà ja que nous estudis com la seqüenciació de nova generació estan descobrint mutacions que podran tractar pacients amb aquesta malaltia.</p>
<p style="text-align: justify;">Donat la raresa de la malaltia i sobretot la versió extramamaria, pot ser molt útil posar-se en contacte amb associacions de pacients amb aquesta malaltia. Per a més informació pot consultar <a href="http://www.myempd.com">www.myempd.com</a></p>

<p>[vc_row][vc_column][vc_row_inner][vc_column_inner][/vc_column_inner][/vc_row_inner][/vc_column][/vc_row][vc_row][vc_column width=&#8221;3/4&#8243; css=&#8221;.vc_custom_1473066092346{margin-top: 0px !important;}&#8221;][vc_column_text css=&#8221;.vc_custom_1473066053815{margin-top: 0px !important;}&#8221;] Què és la malaltia de Paget? La malaltia de Paget és un càncer de pell poc freqüent i de creixement lent que pot aparèixer al voltant de l’arèola (malaltia de Paget mamària) o en la zona genital (malaltia de Paget extramamaria). Sovint, és necessària una intervenció quirúrgica [&hellip;]</p>

<!-- This site is optimized with the Yoast SEO plugin v19.12 - https://yoast.com/wordpress/plugins/seo/ -->
<title>Malaltia de Paget | Dr. Lopez Gil | Clínica Teknon Barcelona</title>
<meta name="description" content="La malaltia de Paget és un càncer de pell poc freqüent i de creixement lent que pot aparèixer al voltant de l’arèola o en la zona genital." />
<meta name="robots" content="index, follow, max-snippet:-1, max-image-preview:large, max-video-preview:-1" />
<link rel="canonical" href="https://www.lopezgil.com/ca/dermatologia-oncologica/malaltia-de-paget/" />
<meta property="og:locale" content="ca_ES" />
<meta property="og:type" content="article" />
<meta property="og:title" content="Malaltia de Paget | Dr. Lopez Gil | Clínica Teknon Barcelona" />
<meta property="og:description" content="La malaltia de Paget és un càncer de pell poc freqüent i de creixement lent que pot aparèixer al voltant de l’arèola o en la zona genital." />
<meta property="og:url" content="https://www.lopezgil.com/ca/dermatologia-oncologica/malaltia-de-paget/" />
<meta property="og:site_name" content="Dr. Lopez Gil" />
<meta property="article:modified_time" content="2019-12-09T13:57:36+00:00" />
<meta name="twitter:card" content="summary_large_image" />
<meta name="twitter:label1" content="Est. reading time" />
	<meta name="twitter:data1" content="2 minutes" />
<script type="application/ld+json" class="yoast-schema-graph">{"@context":"https://schema.org","@graph":[{"@type":"WebPage","@id":"https://www.lopezgil.com/ca/dermatologia-oncologica/malaltia-de-paget/","url":"https://www.lopezgil.com/ca/dermatologia-oncologica/malaltia-de-paget/","name":"Malaltia de Paget | Dr. Lopez Gil | Clínica Teknon Barcelona","isPartOf":{"@id":"https://www.lopezgil.com/ca/#website"},"datePublished":"2017-10-20T10:24:19+00:00","dateModified":"2019-12-09T13:57:36+00:00","description":"La malaltia de Paget és un càncer de pell poc freqüent i de creixement lent que pot aparèixer al voltant de l’arèola o en la zona genital.","breadcrumb":{"@id":"https://www.lopezgil.com/ca/dermatologia-oncologica/malaltia-de-paget/#breadcrumb"},"inLanguage":"ca","potentialAction":[{"@type":"ReadAction","target":["https://www.lopezgil.com/ca/dermatologia-oncologica/malaltia-de-paget/"]}]},{"@type":"BreadcrumbList","@id":"https://www.lopezgil.com/ca/dermatologia-oncologica/malaltia-de-paget/#breadcrumb","itemListElement":[{"@type":"ListItem","position":1,"name":"Portada","item":"https://www.lopezgil.com/ca/"},{"@type":"ListItem","position":2,"name":"Dermatologia oncològica","item":"https://www.lopezgil.com/ca/dermatologia-oncologica/"},{"@type":"ListItem","position":3,"name":"Malaltia de Paget"}]},{"@type":"WebSite","@id":"https://www.lopezgil.com/ca/#website","url":"https://www.lopezgil.com/ca/","name":"Dr. Lopez Gil","description":"Dermatólogo Barcelona","potentialAction":[{"@type":"SearchAction","target":{"@type":"EntryPoint","urlTemplate":"https://www.lopezgil.com/ca/?s={search_term_string}"},"query-input":"required name=search_term_string"}],"inLanguage":"ca"}]}</script>
<!-- / Yoast SEO plugin. -->

Malaltia de Paget | Dr. Lopez Gil | Clínica Teknon Barcelona

La malaltia de Paget és un càncer de pell poc freqüent i de creixement lent que pot aparèixer al voltant de l’arèola o en la zona genital.

Dermatologia oncològica

Dermatólogo Barcelona
