{"id":1439,"date":"2017-02-02T09:19:36","date_gmt":"2017-02-02T09:19:36","guid":{"rendered":"http:\/\/lopezgil.com\/enconstruccion\/?page_id=1439"},"modified":"2019-12-06T00:56:36","modified_gmt":"2019-12-06T00:56:36","slug":"micosis-cutania-fongs","status":"publish","type":"page","link":"https:\/\/www.lopezgil.com\/ca\/dermatologia-clinica\/micosis-cutania-fongs\/","title":{"rendered":"Fongs &#8211; Micosis cut\u00e0nia"},"content":{"rendered":"<div id=\"fb-root\"><\/div>\n<p style=\"text-align: justify;\">[vc_row][vc_column width=&#8221;4\/4&#8243;][layerslider_vc id=&#8221;37&#8243;][vc_row_inner][vc_column_inner][vc_column_text]\n<p style=\"text-align: justify;\">[\/vc_column_text][vc_column_text]\n<h2 style=\"text-align: justify;\"><span style=\"color: #75c9d3;\"><strong><strong><strong>Qu\u00e8 s\u00f3n els fongs a la pell?<\/strong><\/strong><\/strong><\/span><\/h2>\n<p style=\"text-align: justify;\">La micosis cut\u00e0nia es una infecci\u00f3 provocada pels fongs que viuen sobre la part m\u00e9s superficial de la pell, ungles i\/o cabell. Les zones del cos m\u00e9s afectades per aquest microorganisme s\u00f3n les zones m\u00e9s humides com s\u00f3n les zones intimes, cuir cabellut, dits dels peus, aixelles o ungles, encara que pot afectar a qualsevol zona del cos.<\/p>\n<h2 style=\"text-align: justify;\"><span style=\"color: #75c9d3;\"><strong>A qui afecta?<\/strong><\/span><\/h2>\n<p style=\"text-align: justify;\">Pot afectar tant als adults com als nens.<\/p>\n<h2 style=\"text-align: justify;\"><span style=\"color: #75c9d3;\"><strong>Simptomatologia<\/strong><\/span><\/h2>\n<p style=\"text-align: justify;\">La simptomatologia m\u00e9s freq\u00fcent en aquests casos son taques blanques o vermelles, descamaci\u00f3 i prurit lleu.<\/p>\n<h2 style=\"text-align: justify;\"><span style=\"color: #75c9d3;\"><strong>Causes<\/strong><\/span><\/h2>\n<p style=\"text-align: justify;\">La humitat i les altes temperatures afavoreixen que els fongs proliferin. La font de contaminaci\u00f3 pot provenir d\u2019un altre \u00e9sser hum\u00e0, d\u2019un vector animal o per contacte amb la terra.<\/p>\n<h2 style=\"text-align: justify;\"><span style=\"color: #75c9d3;\"><strong>Tipus de fongs<\/strong><\/span><\/h2>\n<p style=\"text-align: justify;\">Segons el fong causant la micosis cut\u00e0nia, existeixen diferents tipus d\u2019infecci\u00f3:<\/p>\n<ul style=\"text-align: justify;\">\n<li><em>Candidiasis:<\/em> aquest tipus d\u2019infecci\u00f3 \u00e9s provocada pel fong <em>Candida <\/em>i afecta pell, ungles i membranes mucoses. La calor, la humitat o el sistema immunitari deprimit s\u00f3n els factors que majorit\u00e0riament la desencadenen. En la majoria dels casos, \u00e9s el fong causant de la dermatitis del bolquer. S\u2019ha de fer especial atenci\u00f3 durant l\u2019embar\u00e0s, en persones obeses, diab\u00e8tiques o en persones amb edat avan\u00e7ada.<\/li>\n<\/ul>\n<ul style=\"text-align: justify;\">\n<li><em>Dermatofitosis (tinya):<\/em> \u00e9s una de les infeccions per fongs m\u00e9s molesta, desagradable i contagiosa. Les parts del cos que es veuen m\u00e9s afectades s\u00f3n: els peus (peu d\u2019atleta), tronc, ungles, cara, cuir pil\u00f3s i zona genital. Es transmet per contacte directe i \u00e9s molt resistent. El cal\u00e7at tancat, poca higiene i ferides a la pell son els possibles factors que desencadenen aquesta infecci\u00f3. Es caracteritza per presentar les conegudes m\u00e0cules, taques que provoquen una despigmentaci\u00f3 de la pell.<\/li>\n<\/ul>\n<ul style=\"text-align: justify;\">\n<li><em>Pitiriasi versicolor:<\/em> \u00e9s una infecci\u00f3 cr\u00f2nica i normalment asimptom\u00e0tica provocada pel fong anomenat Afecta principalment durant la pubertat. Cl\u00ednicament es manifesta en forma de m\u00e0cules (taques) arrodonides de coloraci\u00f3 blanca, marronosa i\/o rosada. No es contagiosa ni molesta, tot i que alguns pacients tenen picor.<\/li>\n<\/ul>\n<h2 style=\"text-align: justify;\"><span style=\"color: #75c9d3;\"><strong>Tractament del fongs a la pell a Barcelona<\/strong><\/span><\/h2>\n<p style=\"text-align: justify;\">En aquests casos s\u2019utilitzen antif\u00fangics. El f\u00e0rmac variar\u00e0 segons la zona afectada i tipus d\u2019infecci\u00f3.<\/p>\n","protected":false},"excerpt":{"rendered":"<p>[vc_row][vc_column width=&#8221;4\/4&#8243;][layerslider_vc id=&#8221;37&#8243;][vc_row_inner][vc_column_inner][vc_column_text] [\/vc_column_text][vc_column_text] Qu\u00e8 s\u00f3n els fongs a la pell? La micosis cut\u00e0nia es una infecci\u00f3 provocada pels fongs que viuen sobre la part m\u00e9s superficial de la pell, ungles i\/o cabell. Les zones del cos m\u00e9s afectades per aquest microorganisme s\u00f3n les zones m\u00e9s humides com s\u00f3n les zones intimes, cuir cabellut, dits [&hellip;]<\/p>\n","protected":false},"author":5,"featured_media":0,"parent":1136,"menu_order":8,"comment_status":"closed","ping_status":"closed","template":"","meta":{"footnotes":""},"class_list":["post-1439","page","type-page","status-publish","hentry"],"yoast_head":"<!-- This site is optimized with the Yoast SEO plugin v19.12 - https:\/\/yoast.com\/wordpress\/plugins\/seo\/ -->\n<title>Fongs - Micosis cut\u00e0nia | Dr. Lopez Gil | Clinica Teknon Barcelona<\/title>\n<meta name=\"description\" content=\"Els fongs o La micosi cut\u00e0nia \u00e9s una infecci\u00f3 provocada per fongs que viuen sobre la part m\u00e9s superficial de la pell, ungles i \/ o cabell.\" \/>\n<meta name=\"robots\" content=\"index, follow, max-snippet:-1, max-image-preview:large, max-video-preview:-1\" \/>\n<link rel=\"canonical\" href=\"https:\/\/www.lopezgil.com\/ca\/dermatologia-clinica\/micosis-cutania-fongs\/\" \/>\n<meta property=\"og:locale\" content=\"ca_ES\" \/>\n<meta property=\"og:type\" content=\"article\" \/>\n<meta property=\"og:title\" content=\"Fongs - Micosis cut\u00e0nia | Dr. Lopez Gil | Clinica Teknon Barcelona\" \/>\n<meta property=\"og:description\" content=\"Els fongs o La micosi cut\u00e0nia \u00e9s una infecci\u00f3 provocada per fongs que viuen sobre la part m\u00e9s superficial de la pell, ungles i \/ o cabell.\" \/>\n<meta property=\"og:url\" content=\"https:\/\/www.lopezgil.com\/ca\/dermatologia-clinica\/micosis-cutania-fongs\/\" \/>\n<meta property=\"og:site_name\" content=\"Dr. Lopez Gil\" \/>\n<meta property=\"article:modified_time\" content=\"2019-12-06T00:56:36+00:00\" \/>\n<meta name=\"twitter:card\" content=\"summary_large_image\" \/>\n<meta name=\"twitter:label1\" content=\"Est. reading time\" \/>\n\t<meta name=\"twitter:data1\" content=\"2 minutes\" \/>\n<script type=\"application\/ld+json\" class=\"yoast-schema-graph\">{\"@context\":\"https:\/\/schema.org\",\"@graph\":[{\"@type\":\"WebPage\",\"@id\":\"https:\/\/www.lopezgil.com\/ca\/dermatologia-clinica\/micosis-cutania-fongs\/\",\"url\":\"https:\/\/www.lopezgil.com\/ca\/dermatologia-clinica\/micosis-cutania-fongs\/\",\"name\":\"Fongs - Micosis cut\u00e0nia | Dr. Lopez Gil | Clinica Teknon Barcelona\",\"isPartOf\":{\"@id\":\"https:\/\/www.lopezgil.com\/ca\/#website\"},\"datePublished\":\"2017-02-02T09:19:36+00:00\",\"dateModified\":\"2019-12-06T00:56:36+00:00\",\"description\":\"Els fongs o La micosi cut\u00e0nia \u00e9s una infecci\u00f3 provocada per fongs que viuen sobre la part m\u00e9s superficial de la pell, ungles i \/ o cabell.\",\"breadcrumb\":{\"@id\":\"https:\/\/www.lopezgil.com\/ca\/dermatologia-clinica\/micosis-cutania-fongs\/#breadcrumb\"},\"inLanguage\":\"ca\",\"potentialAction\":[{\"@type\":\"ReadAction\",\"target\":[\"https:\/\/www.lopezgil.com\/ca\/dermatologia-clinica\/micosis-cutania-fongs\/\"]}]},{\"@type\":\"BreadcrumbList\",\"@id\":\"https:\/\/www.lopezgil.com\/ca\/dermatologia-clinica\/micosis-cutania-fongs\/#breadcrumb\",\"itemListElement\":[{\"@type\":\"ListItem\",\"position\":1,\"name\":\"Portada\",\"item\":\"https:\/\/www.lopezgil.com\/ca\/\"},{\"@type\":\"ListItem\",\"position\":2,\"name\":\"Dermatologia cl\u00ednica\",\"item\":\"https:\/\/www.lopezgil.com\/ca\/dermatologia-clinica\/\"},{\"@type\":\"ListItem\",\"position\":3,\"name\":\"Fongs &#8211; Micosis cut\u00e0nia\"}]},{\"@type\":\"WebSite\",\"@id\":\"https:\/\/www.lopezgil.com\/ca\/#website\",\"url\":\"https:\/\/www.lopezgil.com\/ca\/\",\"name\":\"Dr. Lopez Gil\",\"description\":\"Dermat\u00f3logo Barcelona\",\"potentialAction\":[{\"@type\":\"SearchAction\",\"target\":{\"@type\":\"EntryPoint\",\"urlTemplate\":\"https:\/\/www.lopezgil.com\/ca\/?s={search_term_string}\"},\"query-input\":\"required name=search_term_string\"}],\"inLanguage\":\"ca\"}]}<\/script>\n<!-- \/ Yoast SEO plugin. -->","yoast_head_json":{"title":"Fongs - Micosis cut\u00e0nia | Dr. Lopez Gil | Clinica Teknon Barcelona","description":"Els fongs o La micosi cut\u00e0nia \u00e9s una infecci\u00f3 provocada per fongs que viuen sobre la part m\u00e9s superficial de la pell, ungles i \/ o cabell.","robots":{"index":"index","follow":"follow","max-snippet":"max-snippet:-1","max-image-preview":"max-image-preview:large","max-video-preview":"max-video-preview:-1"},"canonical":"https:\/\/www.lopezgil.com\/ca\/dermatologia-clinica\/micosis-cutania-fongs\/","og_locale":"ca_ES","og_type":"article","og_title":"Fongs - Micosis cut\u00e0nia | Dr. Lopez Gil | Clinica Teknon Barcelona","og_description":"Els fongs o La micosi cut\u00e0nia \u00e9s una infecci\u00f3 provocada per fongs que viuen sobre la part m\u00e9s superficial de la pell, ungles i \/ o cabell.","og_url":"https:\/\/www.lopezgil.com\/ca\/dermatologia-clinica\/micosis-cutania-fongs\/","og_site_name":"Dr. Lopez Gil","article_modified_time":"2019-12-06T00:56:36+00:00","twitter_card":"summary_large_image","twitter_misc":{"Est. reading time":"2 minutes"},"schema":{"@context":"https:\/\/schema.org","@graph":[{"@type":"WebPage","@id":"https:\/\/www.lopezgil.com\/ca\/dermatologia-clinica\/micosis-cutania-fongs\/","url":"https:\/\/www.lopezgil.com\/ca\/dermatologia-clinica\/micosis-cutania-fongs\/","name":"Fongs - Micosis cut\u00e0nia | Dr. Lopez Gil | Clinica Teknon Barcelona","isPartOf":{"@id":"https:\/\/www.lopezgil.com\/ca\/#website"},"datePublished":"2017-02-02T09:19:36+00:00","dateModified":"2019-12-06T00:56:36+00:00","description":"Els fongs o La micosi cut\u00e0nia \u00e9s una infecci\u00f3 provocada per fongs que viuen sobre la part m\u00e9s superficial de la pell, ungles i \/ o cabell.","breadcrumb":{"@id":"https:\/\/www.lopezgil.com\/ca\/dermatologia-clinica\/micosis-cutania-fongs\/#breadcrumb"},"inLanguage":"ca","potentialAction":[{"@type":"ReadAction","target":["https:\/\/www.lopezgil.com\/ca\/dermatologia-clinica\/micosis-cutania-fongs\/"]}]},{"@type":"BreadcrumbList","@id":"https:\/\/www.lopezgil.com\/ca\/dermatologia-clinica\/micosis-cutania-fongs\/#breadcrumb","itemListElement":[{"@type":"ListItem","position":1,"name":"Portada","item":"https:\/\/www.lopezgil.com\/ca\/"},{"@type":"ListItem","position":2,"name":"Dermatologia cl\u00ednica","item":"https:\/\/www.lopezgil.com\/ca\/dermatologia-clinica\/"},{"@type":"ListItem","position":3,"name":"Fongs &#8211; Micosis cut\u00e0nia"}]},{"@type":"WebSite","@id":"https:\/\/www.lopezgil.com\/ca\/#website","url":"https:\/\/www.lopezgil.com\/ca\/","name":"Dr. Lopez Gil","description":"Dermat\u00f3logo Barcelona","potentialAction":[{"@type":"SearchAction","target":{"@type":"EntryPoint","urlTemplate":"https:\/\/www.lopezgil.com\/ca\/?s={search_term_string}"},"query-input":"required name=search_term_string"}],"inLanguage":"ca"}]}},"_links":{"self":[{"href":"https:\/\/www.lopezgil.com\/ca\/wp-json\/wp\/v2\/pages\/1439","targetHints":{"allow":["GET"]}}],"collection":[{"href":"https:\/\/www.lopezgil.com\/ca\/wp-json\/wp\/v2\/pages"}],"about":[{"href":"https:\/\/www.lopezgil.com\/ca\/wp-json\/wp\/v2\/types\/page"}],"author":[{"embeddable":true,"href":"https:\/\/www.lopezgil.com\/ca\/wp-json\/wp\/v2\/users\/5"}],"replies":[{"embeddable":true,"href":"https:\/\/www.lopezgil.com\/ca\/wp-json\/wp\/v2\/comments?post=1439"}],"version-history":[{"count":4,"href":"https:\/\/www.lopezgil.com\/ca\/wp-json\/wp\/v2\/pages\/1439\/revisions"}],"predecessor-version":[{"id":4853,"href":"https:\/\/www.lopezgil.com\/ca\/wp-json\/wp\/v2\/pages\/1439\/revisions\/4853"}],"up":[{"embeddable":true,"href":"https:\/\/www.lopezgil.com\/ca\/wp-json\/wp\/v2\/pages\/1136"}],"wp:attachment":[{"href":"https:\/\/www.lopezgil.com\/ca\/wp-json\/wp\/v2\/media?parent=1439"}],"curies":[{"name":"wp","href":"https:\/\/api.w.org\/{rel}","templated":true}]}}

Fongs &#8211; Micosis cutània

<div id="fb-root"></div>
<p style="text-align: justify;">[vc_row][vc_column width=&#8221;4/4&#8243;][layerslider_vc id=&#8221;37&#8243;][vc_row_inner][vc_column_inner][vc_column_text]
<p style="text-align: justify;">[/vc_column_text][vc_column_text]
<h2 style="text-align: justify;"><span style="color: #75c9d3;"><strong><strong><strong>Què són els fongs a la pell?</strong></strong></strong></span></h2>
<p style="text-align: justify;">La micosis cutània es una infecció provocada pels fongs que viuen sobre la part més superficial de la pell, ungles i/o cabell. Les zones del cos més afectades per aquest microorganisme són les zones més humides com són les zones intimes, cuir cabellut, dits dels peus, aixelles o ungles, encara que pot afectar a qualsevol zona del cos.</p>
<h2 style="text-align: justify;"><span style="color: #75c9d3;"><strong>A qui afecta?</strong></span></h2>
<p style="text-align: justify;">Pot afectar tant als adults com als nens.</p>
<h2 style="text-align: justify;"><span style="color: #75c9d3;"><strong>Simptomatologia</strong></span></h2>
<p style="text-align: justify;">La simptomatologia més freqüent en aquests casos son taques blanques o vermelles, descamació i prurit lleu.</p>
<h2 style="text-align: justify;"><span style="color: #75c9d3;"><strong>Causes</strong></span></h2>
<p style="text-align: justify;">La humitat i les altes temperatures afavoreixen que els fongs proliferin. La font de contaminació pot provenir d’un altre ésser humà, d’un vector animal o per contacte amb la terra.</p>
<h2 style="text-align: justify;"><span style="color: #75c9d3;"><strong>Tipus de fongs</strong></span></h2>
<p style="text-align: justify;">Segons el fong causant la micosis cutània, existeixen diferents tipus d’infecció:</p>
<ul style="text-align: justify;">
<li><em>Candidiasis:</em> aquest tipus d’infecció és provocada pel fong <em>Candida </em>i afecta pell, ungles i membranes mucoses. La calor, la humitat o el sistema immunitari deprimit són els factors que majoritàriament la desencadenen. En la majoria dels casos, és el fong causant de la dermatitis del bolquer. S’ha de fer especial atenció durant l’embaràs, en persones obeses, diabètiques o en persones amb edat avançada.</li>
</ul>
<ul style="text-align: justify;">
<li><em>Dermatofitosis (tinya):</em> és una de les infeccions per fongs més molesta, desagradable i contagiosa. Les parts del cos que es veuen més afectades són: els peus (peu d’atleta), tronc, ungles, cara, cuir pilós i zona genital. Es transmet per contacte directe i és molt resistent. El calçat tancat, poca higiene i ferides a la pell son els possibles factors que desencadenen aquesta infecció. Es caracteritza per presentar les conegudes màcules, taques que provoquen una despigmentació de la pell.</li>
</ul>
<ul style="text-align: justify;">
<li><em>Pitiriasi versicolor:</em> és una infecció crònica i normalment asimptomàtica provocada pel fong anomenat Afecta principalment durant la pubertat. Clínicament es manifesta en forma de màcules (taques) arrodonides de coloració blanca, marronosa i/o rosada. No es contagiosa ni molesta, tot i que alguns pacients tenen picor.</li>
</ul>
<h2 style="text-align: justify;"><span style="color: #75c9d3;"><strong>Tractament del fongs a la pell a Barcelona</strong></span></h2>
<p style="text-align: justify;">En aquests casos s’utilitzen antifúngics. El fàrmac variarà segons la zona afectada i tipus d’infecció.</p>

<p>[vc_row][vc_column width=&#8221;4/4&#8243;][layerslider_vc id=&#8221;37&#8243;][vc_row_inner][vc_column_inner][vc_column_text] [/vc_column_text][vc_column_text] Què són els fongs a la pell? La micosis cutània es una infecció provocada pels fongs que viuen sobre la part més superficial de la pell, ungles i/o cabell. Les zones del cos més afectades per aquest microorganisme són les zones més humides com són les zones intimes, cuir cabellut, dits [&hellip;]</p>

<!-- This site is optimized with the Yoast SEO plugin v19.12 - https://yoast.com/wordpress/plugins/seo/ -->
<title>Fongs - Micosis cutània | Dr. Lopez Gil | Clinica Teknon Barcelona</title>
<meta name="description" content="Els fongs o La micosi cutània és una infecció provocada per fongs que viuen sobre la part més superficial de la pell, ungles i / o cabell." />
<meta name="robots" content="index, follow, max-snippet:-1, max-image-preview:large, max-video-preview:-1" />
<link rel="canonical" href="https://www.lopezgil.com/ca/dermatologia-clinica/micosis-cutania-fongs/" />
<meta property="og:locale" content="ca_ES" />
<meta property="og:type" content="article" />
<meta property="og:title" content="Fongs - Micosis cutània | Dr. Lopez Gil | Clinica Teknon Barcelona" />
<meta property="og:description" content="Els fongs o La micosi cutània és una infecció provocada per fongs que viuen sobre la part més superficial de la pell, ungles i / o cabell." />
<meta property="og:url" content="https://www.lopezgil.com/ca/dermatologia-clinica/micosis-cutania-fongs/" />
<meta property="og:site_name" content="Dr. Lopez Gil" />
<meta property="article:modified_time" content="2019-12-06T00:56:36+00:00" />
<meta name="twitter:card" content="summary_large_image" />
<meta name="twitter:label1" content="Est. reading time" />
	<meta name="twitter:data1" content="2 minutes" />
<script type="application/ld+json" class="yoast-schema-graph">{"@context":"https://schema.org","@graph":[{"@type":"WebPage","@id":"https://www.lopezgil.com/ca/dermatologia-clinica/micosis-cutania-fongs/","url":"https://www.lopezgil.com/ca/dermatologia-clinica/micosis-cutania-fongs/","name":"Fongs - Micosis cutània | Dr. Lopez Gil | Clinica Teknon Barcelona","isPartOf":{"@id":"https://www.lopezgil.com/ca/#website"},"datePublished":"2017-02-02T09:19:36+00:00","dateModified":"2019-12-06T00:56:36+00:00","description":"Els fongs o La micosi cutània és una infecció provocada per fongs que viuen sobre la part més superficial de la pell, ungles i / o cabell.","breadcrumb":{"@id":"https://www.lopezgil.com/ca/dermatologia-clinica/micosis-cutania-fongs/#breadcrumb"},"inLanguage":"ca","potentialAction":[{"@type":"ReadAction","target":["https://www.lopezgil.com/ca/dermatologia-clinica/micosis-cutania-fongs/"]}]},{"@type":"BreadcrumbList","@id":"https://www.lopezgil.com/ca/dermatologia-clinica/micosis-cutania-fongs/#breadcrumb","itemListElement":[{"@type":"ListItem","position":1,"name":"Portada","item":"https://www.lopezgil.com/ca/"},{"@type":"ListItem","position":2,"name":"Dermatologia clínica","item":"https://www.lopezgil.com/ca/dermatologia-clinica/"},{"@type":"ListItem","position":3,"name":"Fongs &#8211; Micosis cutània"}]},{"@type":"WebSite","@id":"https://www.lopezgil.com/ca/#website","url":"https://www.lopezgil.com/ca/","name":"Dr. Lopez Gil","description":"Dermatólogo Barcelona","potentialAction":[{"@type":"SearchAction","target":{"@type":"EntryPoint","urlTemplate":"https://www.lopezgil.com/ca/?s={search_term_string}"},"query-input":"required name=search_term_string"}],"inLanguage":"ca"}]}</script>
<!-- / Yoast SEO plugin. -->

Fongs - Micosis cutània | Dr. Lopez Gil | Clinica Teknon Barcelona

Els fongs o La micosi cutània és una infecció provocada per fongs que viuen sobre la part més superficial de la pell, ungles i / o cabell.

Dermatologia clínica

Dermatólogo Barcelona
